127.0.0.1 - - [23/Oct/2017:23:32:55 -0700] "GET /fetch/referrer/resources/simple-onfetch.js HTTP/1.1" 200 70
::1 - - [23/Oct/2017:23:32:55 -0700] "GET /serviceworker/resources/fetch-access-control.php?ACAOrigin=http://127.0.0.1:8000 HTTP/1.1" 200 596
::1 - - [23/Oct/2017:23:32:55 -0700] "GET /serviceworker/resources/redirect.php?Redirect=https%3A%2F%2Flocalhost%3A8443%2Fserviceworker%2Fresources%2Ffetch-access-control.php%3FACAOrigin%3D*&mode=cors&credentials=same-origin&method=GET&ACAOrigin=http://127.0.0.1:8000 HTTP/1.1" 302 -
127.0.0.1 - - [23/Oct/2017:23:32:55 -0700] "GET /fetch/referrer/resources/empty-referrer-origin.html HTTP/1.1" 200 86
::1 - - [23/Oct/2017:23:32:55 -0700] "GET /serviceworker/resources/fetch-access-control.php?ACAOrigin=* HTTP/1.1" 200 574
::1 - - [23/Oct/2017:23:32:55 -0700] "GET /serviceworker/resources/redirect.php?Redirect=https%3A%2F%2Flocalhost%3A8443%2Fserviceworker%2Fresources%2Ffetch-access-control.php%3FACAOrigin%3Dhttp%3A%2F%2F127.0.0.1%3A8000&mode=cors&credentials=same-origin&method=GET&ACAOrigin=http://127.0.0.1:8000 HTTP/1.1" 302 -
::1 - - [23/Oct/2017:23:32:55 -0700] "GET /serviceworker/resources/fetch-access-control.php?ACAOrigin=http://127.0.0.1:8000 HTTP/1.1" 200 596
127.0.0.1 - - [23/Oct/2017:23:32:55 -0700] "GET /fetch/resources/referrer.php HTTP/1.1" 200 40
::1 - - [23/Oct/2017:23:32:55 -0700] "POST /serviceworker/resources/redirect.php?Redirect=https%3A%2F%2Flocalhost%3A8443%2Fserviceworker%2Fresources%2Ffetch-access-control.php%3FACAOrigin%3D*&mode=cors&credentials=same-origin&method=POST&ACAOrigin=*&Status=301 HTTP/1.1" 301 -
127.0.0.1 - - [23/Oct/2017:23:32:55 -0700] "GET /fetch/resources/referrer.php HTTP/1.1" 200 28
::1 - - [23/Oct/2017:23:32:55 -0700] "GET /serviceworker/resources/fetch-access-control.php?ACAOrigin=* HTTP/1.1" 200 574
127.0.0.1 - - [23/Oct/2017:23:32:55 -0700] "GET /fetch/resources/referrer.php HTTP/1.1" 200 94
::1 - - [23/Oct/2017:23:32:55 -0700] "POST /serviceworker/resources/redirect.php?Redirect=https%3A%2F%2Flocalhost%3A8443%2Fserviceworker%2Fresources%2Ffetch-access-control.php%3FACAOrigin%3D*&mode=cors&credentials=same-origin&method=POST&ACAOrigin=*&Status=302 HTTP/1.1" 302 -
::1 - - [23/Oct/2017:23:32:55 -0700] "GET /serviceworker/resources/fetch-access-control.php?ACAOrigin=* HTTP/1.1" 200 574
127.0.0.1 - - [23/Oct/2017:23:32:55 -0700] "GET /fetch/resources/referrer.php HTTP/1.1" 200 40
127.0.0.1 - - [23/Oct/2017:23:32:55 -0700] "GET /fetch/resources/referrer.php HTTP/1.1" 200 94
::1 - - [23/Oct/2017:23:32:55 -0700] "POST /serviceworker/resources/redirect.php?Redirect=https%3A%2F%2Flocalhost%3A8443%2Fserviceworker%2Fresources%2Ffetch-access-control.php%3FACAOrigin%3D*&mode=cors&credentials=same-origin&method=POST&ACAOrigin=*&Status=303 HTTP/1.1" 303 -
::1 - - [23/Oct/2017:23:32:55 -0700] "GET /serviceworker/resources/fetch-access-control.php?ACAOrigin=* HTTP/1.1" 200 574
127.0.0.1 - - [23/Oct/2017:23:32:55 -0700] "GET /fetch/resources/referrer.php HTTP/1.1" 200 94
::1 - - [23/Oct/2017:23:32:55 -0700] "POST /serviceworker/resources/redirect.php?Redirect=https%3A%2F%2Flocalhost%3A8443%2Fserviceworker%2Fresources%2Ffetch-access-control.php%3FACAOrigin%3D*&mode=cors&credentials=same-origin&method=POST&ACAOrigin=*&Status=307 HTTP/1.1" 307 -
::1 - - [23/Oct/2017:23:32:55 -0700] "GET /fetch/resources/referrer.php HTTP/1.1" 200 40
::1 - - [23/Oct/2017:23:32:55 -0700] "POST /serviceworker/resources/fetch-access-control.php?ACAOrigin=* HTTP/1.1" 200 596
::1 - - [23/Oct/2017:23:32:55 -0700] "GET /fetch/resources/referrer.php HTTP/1.1" 200 28
::1 - - [23/Oct/2017:23:32:55 -0700] "GET /serviceworker/resources/redirect.php?Redirect=https%3A%2F%2Flocalhost%3A8443%2Fserviceworker%2Fresources%2Ffetch-access-control.php%3FACAOrigin%3D*%26ACEHeaders%3DX-ServiceWorker-ServerHeader&mode=cors&credentials=same-origin&method=GET&ACAOrigin=* HTTP/1.1" 302 -
::1 - - [23/Oct/2017:23:32:55 -0700] "GET /fetch/resources/referrer.php HTTP/1.1" 200 94
::1 - - [23/Oct/2017:23:32:55 -0700] "GET /serviceworker/resources/fetch-access-control.php?ACAOrigin=*&ACEHeaders=X-ServiceWorker-ServerHeader HTTP/1.1" 200 618
::1 - - [23/Oct/2017:23:32:55 -0700] "GET /fetch/resources/referrer.php HTTP/1.1" 200 40
::1 - - [23/Oct/2017:23:32:55 -0700] "OPTIONS /serviceworker/resources/redirect.php?Redirect=https%3A%2F%2Flocalhost%3A8443%2Fserviceworker%2Fresources%2Ffetch-access-control.php%3FACAOrigin%3D*%26ACAMethods%3DPUT&mode=cors&credentials=same-origin&method=PUT&ACAOrigin=*&ACAMethods=PUT HTTP/1.1" 200 -
::1 - - [23/Oct/2017:23:32:55 -0700] "GET /fetch/resources/referrer.php HTTP/1.1" 200 40
::1 - - [23/Oct/2017:23:32:55 -0700] "PUT /serviceworker/resources/redirect.php?Redirect=https%3A%2F%2Flocalhost%3A8443%2Fserviceworker%2Fresources%2Ffetch-access-control.php%3FACAOrigin%3D*%26ACAMethods%3DPUT&mode=cors&credentials=same-origin&method=PUT&ACAOrigin=*&ACAMethods=PUT HTTP/1.1" 302 -
::1 - - [23/Oct/2017:23:32:55 -0700] "OPTIONS /serviceworker/resources/fetch-access-control.php?ACAOrigin=*&ACAMethods=PUT HTTP/1.1" 200 635
::1 - - [23/Oct/2017:23:32:55 -0700] "GET /fetch/resources/referrer.php HTTP/1.1" 200 94
::1 - - [23/Oct/2017:23:32:55 -0700] "PUT /serviceworker/resources/fetch-access-control.php?ACAOrigin=*&ACAMethods=PUT HTTP/1.1" 200 614
127.0.0.1 - - [23/Oct/2017:23:32:55 -0700] "GET /fetch/resources/referrer.php HTTP/1.1" 200 28
::1 - - [23/Oct/2017:23:32:55 -0700] "OPTIONS /serviceworker/resources/redirect.php?Redirect=https%3A%2F%2Flocalhost%3A8443%2Fserviceworker%2Fresources%2Ffetch-access-control.php%3FACAOrigin%3Dhttp%3A%2F%2F127.0.0.1%3A8000%26ACAHeaders%3Dx-serviceworker-test&mode=cors&credentials=same-origin&method=GET&headers=CUSTOM&ACAOrigin=http://127.0.0.1:8000&ACAHeaders=x-serviceworker-test HTTP/1.1" 200 -
::1 - - [23/Oct/2017:23:32:55 -0700] "GET /serviceworker/resources/redirect.php?Redirect=https%3A%2F%2Flocalhost%3A8443%2Fserviceworker%2Fresources%2Ffetch-access-control.php%3FACAOrigin%3Dhttp%3A%2F%2F127.0.0.1%3A8000%26ACAHeaders%3Dx-serviceworker-test&mode=cors&credentials=same-origin&method=GET&headers=CUSTOM&ACAOrigin=http://127.0.0.1:8000&ACAHeaders=x-serviceworker-test HTTP/1.1" 302 -
127.0.0.1 - - [23/Oct/2017:23:32:55 -0700] "GET /fetch/resources/referrer.php HTTP/1.1" 200 28
::1 - - [23/Oct/2017:23:32:55 -0700] "OPTIONS /serviceworker/resources/fetch-access-control.php?ACAOrigin=http://127.0.0.1:8000&ACAHeaders=x-serviceworker-test HTTP/1.1" 200 730
127.0.0.1 - - [23/Oct/2017:23:32:55 -0700] "GET /fetch/resources/referrer.php HTTP/1.1" 200 28
::1 - - [23/Oct/2017:23:32:55 -0700] "GET /serviceworker/resources/fetch-access-control.php?ACAOrigin=http://127.0.0.1:8000&ACAHeaders=x-serviceworker-test HTTP/1.1" 200 662
127.0.0.1 - - [23/Oct/2017:23:32:55 -0700] "GET /fetch/resources/referrer.php HTTP/1.1" 200 28
127.0.0.1 - - [23/Oct/2017:23:32:55 -0700] "GET /fetch/resources/referrer.php HTTP/1.1" 200 28
127.0.0.1 - - [23/Oct/2017:23:32:55 -0700] "GET /fetch/resources/referrer.php HTTP/1.1" 200 28
::1 - - [23/Oct/2017:23:32:55 -0700] "GET /fetch/resources/referrer.php HTTP/1.1" 200 28
::1 - - [23/Oct/2017:23:32:55 -0700] "GET /fetch/resources/referrer.php HTTP/1.1" 200 28
::1 - - [23/Oct/2017:23:32:55 -0700] "GET /fetch/resources/referrer.php HTTP/1.1" 200 28
127.0.0.1 - - [23/Oct/2017:23:32:55 -0700] "GET /fetch/serviceworker-proxied/thorough/cors-preflight-base-https-other-https.html HTTP/1.1" 200 1137
::1 - - [23/Oct/2017:23:32:55 -0700] "GET /fetch/resources/referrer.php HTTP/1.1" 200 28
::1 - - [23/Oct/2017:23:32:55 -0700] "GET /fetch/resources/referrer.php HTTP/1.1" 200 28
::1 - - [23/Oct/2017:23:32:55 -0700] "GET /fetch/resources/referrer.php HTTP/1.1" 200 28
127.0.0.1 - - [23/Oct/2017:23:32:55 -0700] "GET /fetch/script-tests/thorough/cors-preflight.js?-base-https-other-https HTTP/1.1" 200 6598
127.0.0.1 - - [23/Oct/2017:23:32:55 -0700] "GET /fetch/resources/referrer.php HTTP/1.1" 200 40
127.0.0.1 - - [23/Oct/2017:23:32:55 -0700] "GET /fetch/resources/referrer.php HTTP/1.1" 200 28
127.0.0.1 - - [23/Oct/2017:23:32:55 -0700] "GET /fetch/resources/referrer.php HTTP/1.1" 200 43
127.0.0.1 - - [23/Oct/2017:23:32:55 -0700] "GET /fetch/resources/referrer.php HTTP/1.1" 200 40
127.0.0.1 - - [23/Oct/2017:23:32:55 -0700] "GET /fetch/resources/referrer.php HTTP/1.1" 200 43
127.0.0.1 - - [23/Oct/2017:23:32:55 -0700] "GET /fetch/resources/referrer.php HTTP/1.1" 200 43
127.0.0.1 - - [23/Oct/2017:23:32:55 -0700] "GET /serviceworker/resources/fetch-access-control.php?Auth HTTP/1.1" 401 23
::1 - - [23/Oct/2017:23:32:55 -0700] "GET /fetch/resources/referrer.php HTTP/1.1" 200 40
127.0.0.1 - username1 [23/Oct/2017:23:32:55 -0700] "GET /serviceworker/resources/fetch-access-control.php?Auth HTTP/1.1" 200 618
::1 - - [23/Oct/2017:23:32:55 -0700] "GET /fetch/resources/referrer.php HTTP/1.1" 200 28
::1 - - [23/Oct/2017:23:32:55 -0700] "GET /fetch/resources/referrer.php HTTP/1.1" 200 43
::1 - - [23/Oct/2017:23:32:55 -0700] "GET /fetch/resources/referrer.php HTTP/1.1" 200 40
::1 - - [23/Oct/2017:23:32:55 -0700] "GET /serviceworker/resources/fetch-access-control.php?Auth HTTP/1.1" 401 23
::1 - username2 [23/Oct/2017:23:32:55 -0700] "GET /serviceworker/resources/fetch-access-control.php?Auth HTTP/1.1" 200 618
::1 - - [23/Oct/2017:23:32:55 -0700] "GET /fetch/resources/referrer.php HTTP/1.1" 200 40
127.0.0.1 - - [23/Oct/2017:23:32:55 -0700] "GET /serviceworker/resources/fetch-access-control-login.html HTTP/1.1" 200 494
::1 - - [23/Oct/2017:23:32:55 -0700] "GET /fetch/resources/referrer.php HTTP/1.1" 200 43
127.0.0.1 - - [23/Oct/2017:23:32:55 -0700] "GET /serviceworker/resources/fetch-access-control.php?Auth HTTP/1.1" 401 23
127.0.0.1 - username1s [23/Oct/2017:23:32:55 -0700] "GET /serviceworker/resources/fetch-access-control.php?Auth HTTP/1.1" 200 621
::1 - - [23/Oct/2017:23:32:55 -0700] "GET /serviceworker/resources/fetch-access-control-login.html HTTP/1.1" 200 494
::1 - - [23/Oct/2017:23:32:55 -0700] "GET /serviceworker/resources/fetch-access-control.php?Auth HTTP/1.1" 401 23
127.0.0.1 - - [23/Oct/2017:23:32:55 -0700] "GET /fetch/serviceworker/filtered-response.html HTTP/1.1" 200 509
::1 - username2s [23/Oct/2017:23:32:55 -0700] "GET /serviceworker/resources/fetch-access-control.php?Auth HTTP/1.1" 200 621
127.0.0.1 - - [23/Oct/2017:23:32:55 -0700] "GET /fetch/serviceworker-proxied/thorough/cors-preflight-base-https-other-https.html HTTP/1.1" 200 1137
127.0.0.1 - - [23/Oct/2017:23:32:55 -0700] "GET /fetch/resources/init.js HTTP/1.1" 200 1783
127.0.0.1 - - [23/Oct/2017:23:32:55 -0700] "GET /resources/get-host-info.js?pipe=sub HTTP/1.1" 200 1096
127.0.0.1 - - [23/Oct/2017:23:32:55 -0700] "GET /resources/testharnessreport.js HTTP/1.1" 200 13138
127.0.0.1 - - [23/Oct/2017:23:32:55 -0700] "GET /serviceworker/resources/test-helpers.js HTTP/1.1" 200 7459
127.0.0.1 - - [23/Oct/2017:23:32:55 -0700] "GET /resources/testharness.js HTTP/1.1" 200 104622
127.0.0.1 - - [23/Oct/2017:23:32:55 -0700] "GET /fetch/resources/fetch-test-options.js HTTP/1.1" 200 452
127.0.0.1 - - [23/Oct/2017:23:32:55 -0700] "GET /fetch/resources/fetch-test-helpers.js HTTP/1.1" 200 8701
127.0.0.1 - - [23/Oct/2017:23:32:55 -0700] "GET /fetch/resources/thorough-util.js HTTP/1.1" 200 16716
127.0.0.1 - - [23/Oct/2017:23:32:55 -0700] "GET /fetch/script-tests/thorough/cors-preflight.js?-base-https-other-https HTTP/1.1" 200 6598
127.0.0.1 - - [23/Oct/2017:23:32:55 -0700] "GET /fetch/resources/init.js HTTP/1.1" 200 1783
127.0.0.1 - - [23/Oct/2017:23:32:55 -0700] "GET /fetch/script-tests/filtered-response.js? HTTP/1.1" 200 4662
127.0.0.1 - - [23/Oct/2017:23:32:55 -0700] "GET /fetch/resources/fetch-test-helpers.js HTTP/1.1" 200 8701
127.0.0.1 - - [23/Oct/2017:23:32:55 -0700] "GET /resources/testharness.js HTTP/1.1" 200 104622
127.0.0.1 - - [23/Oct/2017:23:32:55 -0700] "GET /fetch/resources/thorough-worker.js?-base-https-other-https HTTP/1.1" 200 1070
127.0.0.1 - - [23/Oct/2017:23:32:55 -0700] "GET /serviceworker/resources/test-helpers.js HTTP/1.1" 200 7459
127.0.0.1 - - [23/Oct/2017:23:32:55 -0700] "GET /fetch/resources/fetch-test-options.js HTTP/1.1" 200 452
127.0.0.1 - - [23/Oct/2017:23:32:55 -0700] "GET /fetch/resources/fetch-test-options.js HTTP/1.1" 200 452
127.0.0.1 - - [23/Oct/2017:23:32:55 -0700] "GET /fetch/resources/thorough-util.js HTTP/1.1" 200 16716
127.0.0.1 - - [23/Oct/2017:23:32:55 -0700] "GET /fetch/resources/filtered-response.php HTTP/1.1" 200 8
127.0.0.1 - - [23/Oct/2017:23:32:55 -0700] "GET /fetch/resources/filtered-response.php HTTP/1.1" 200 8
::1 - - [23/Oct/2017:23:32:55 -0700] "GET /fetch/resources/filtered-response.php HTTP/1.1" 200 8
127.0.0.1 - - [23/Oct/2017:23:32:55 -0700] "GET /fetch/resources/thorough-iframe.html?-base-https-other-https HTTP/1.1" 200 551
::1 - - [23/Oct/2017:23:32:55 -0700] "GET /fetch/resources/filtered-response.php?ACEHeaders=x-teSt HTTP/1.1" 200 8
::1 - - [23/Oct/2017:23:32:55 -0700] "GET /fetch/resources/filtered-response.php?ACEHeaders=x-teSt,x-teSt2 HTTP/1.1" 200 8
::1 - - [23/Oct/2017:23:32:55 -0700] "GET /fetch/resources/filtered-response.php?ACEHeaders=x-teSt%20x-teSt2 HTTP/1.1" 200 8
::1 - - [23/Oct/2017:23:32:55 -0700] "GET /fetch/resources/filtered-response.php?ACEHeaders=sEt-cOokie HTTP/1.1" 200 8
127.0.0.1 - - [23/Oct/2017:23:32:55 -0700] "GET /fetch/resources/fetch-test-options.js HTTP/1.1" 200 452
::1 - - [23/Oct/2017:23:32:55 -0700] "GET /fetch/resources/filtered-response.php?ACEHeaders=acCess-coNtrol-exPose-heAders HTTP/1.1" 200 8
127.0.0.1 - - [23/Oct/2017:23:32:55 -0700] "GET /fetch/resources/thorough-util.js HTTP/1.1" 200 16716
::1 - - [23/Oct/2017:23:32:55 -0700] "OPTIONS /serviceworker/resources/fetch-access-control.php?mode=cors&credentials=same-origin&method=GET&headers=CUSTOM HTTP/1.1" 200 745
::1 - - [23/Oct/2017:23:32:55 -0700] "OPTIONS /serviceworker/resources/fetch-access-control.php?mode=cors&credentials=same-origin&method=GET&headers=CUSTOM&ACAOrigin=* HTTP/1.1" 200 761
127.0.0.1 - - [23/Oct/2017:23:32:55 -0700] "GET /fetch/serviceworker/cache-override-base-https-other-https.html HTTP/1.1" 200 526
::1 - - [23/Oct/2017:23:32:55 -0700] "OPTIONS /serviceworker/resources/fetch-access-control.php?mode=cors&credentials=same-origin&method=GET&headers=CUSTOM&ACAOrigin=https://127.0.0.1:8443 HTTP/1.1" 200 784
::1 - - [23/Oct/2017:23:32:55 -0700] "OPTIONS /serviceworker/resources/fetch-access-control.php?mode=cors&credentials=same-origin&method=GET&headers=CUSTOM&ACAOrigin=*&ACAHeaders=x-serviceworker-test HTTP/1.1" 200 797
::1 - - [23/Oct/2017:23:32:55 -0700] "GET /serviceworker/resources/fetch-access-control.php?mode=cors&credentials=same-origin&method=GET&headers=CUSTOM&ACAOrigin=*&ACAHeaders=x-serviceworker-test HTTP/1.1" 200 729
::1 - - [23/Oct/2017:23:32:55 -0700] "OPTIONS /serviceworker/resources/fetch-access-control.php?mode=cors&credentials=same-origin&method=GET&headers=CUSTOM&ACAOrigin=https://127.0.0.1:8443&ACAHeaders=x-serviceworker-test HTTP/1.1" 200 820
::1 - - [23/Oct/2017:23:32:55 -0700] "GET /serviceworker/resources/fetch-access-control.php?mode=cors&credentials=same-origin&method=GET&headers=CUSTOM&ACAOrigin=https://127.0.0.1:8443&ACAHeaders=x-serviceworker-test HTTP/1.1" 200 752
::1 - - [23/Oct/2017:23:32:56 -0700] "OPTIONS /serviceworker/resources/fetch-access-control.php?mode=cors&credentials=same-origin&method=GET&headers=CUSTOM&ACAOrigin=*&ACAHeaders=x-serviceworker-test&ACEHeaders=Content-Length,%20X-ServiceWorker-ServerHeader HTTP/1.1" 200 857
::1 - - [23/Oct/2017:23:32:56 -0700] "GET /serviceworker/resources/fetch-access-control.php?mode=cors&credentials=same-origin&method=GET&headers=CUSTOM&ACAOrigin=*&ACAHeaders=x-serviceworker-test&ACEHeaders=Content-Length,%20X-ServiceWorker-ServerHeader HTTP/1.1" 200 789
::1 - - [23/Oct/2017:23:32:56 -0700] "OPTIONS /serviceworker/resources/fetch-access-control.php?mode=cors&credentials=same-origin&method=GET&headers=CUSTOM&ACAOrigin=https://127.0.0.1:8443&ACAHeaders=x-serviceworker-test&ACEHeaders=Content-Length,%20X-ServiceWorker-ServerHeader HTTP/1.1" 200 880
::1 - - [23/Oct/2017:23:32:56 -0700] "GET /serviceworker/resources/fetch-access-control.php?mode=cors&credentials=same-origin&method=GET&headers=CUSTOM&ACAOrigin=https://127.0.0.1:8443&ACAHeaders=x-serviceworker-test&ACEHeaders=Content-Length,%20X-ServiceWorker-ServerHeader HTTP/1.1" 200 812
::1 - - [23/Oct/2017:23:32:56 -0700] "OPTIONS /serviceworker/resources/fetch-access-control.php?mode=cors&credentials=same-origin&method=GET&headers=CUSTOM&ACAOrigin=*&PACAOrigin=*&PACAHeaders=x-serviceworker-test&PreflightTest=200 HTTP/1.1" 200 837
::1 - - [23/Oct/2017:23:32:56 -0700] "GET /serviceworker/resources/fetch-access-control.php?mode=cors&credentials=same-origin&method=GET&headers=CUSTOM&ACAOrigin=*&PACAOrigin=*&PACAHeaders=x-serviceworker-test&PreflightTest=200 HTTP/1.1" 200 769
::1 - - [23/Oct/2017:23:32:56 -0700] "OPTIONS /serviceworker/resources/fetch-access-control.php?mode=cors&credentials=same-origin&method=GET&headers=CUSTOM&ACAOrigin=*&PACAOrigin=*&ACAHeaders=x-serviceworker-test&PreflightTest=200 HTTP/1.1" 200 836
::1 - - [23/Oct/2017:23:32:56 -0700] "OPTIONS /serviceworker/resources/fetch-access-control.php?mode=cors&credentials=same-origin&method=GET&headers=CUSTOM&ACAOrigin=*&PACAHeaders=x-serviceworker-test&PreflightTest=200 HTTP/1.1" 200 820
::1 - - [23/Oct/2017:23:32:56 -0700] "OPTIONS /serviceworker/resources/fetch-access-control.php?mode=cors&credentials=same-origin&method=GET&headers=CUSTOM&PACAOrigin=*&PACAHeaders=x-serviceworker-test&PreflightTest=200 HTTP/1.1" 200 821
::1 - - [23/Oct/2017:23:32:56 -0700] "GET /serviceworker/resources/fetch-access-control.php?mode=cors&credentials=same-origin&method=GET&headers=CUSTOM&PACAOrigin=*&PACAHeaders=x-serviceworker-test&PreflightTest=200 HTTP/1.1" 200 753
::1 - - [23/Oct/2017:23:32:56 -0700] "OPTIONS /serviceworker/resources/fetch-access-control.php?mode=cors&credentials=same-origin&method=GET&headers=CUSTOM&ACAOrigin=*&PACAOrigin=*&PACAHeaders=x-serviceworker-test&PACEHeaders=Content-Length,%20X-ServiceWorker-ServerHeader&PreflightTest=200 HTTP/1.1" 200 898
::1 - - [23/Oct/2017:23:32:56 -0700] "GET /serviceworker/resources/fetch-access-control.php?mode=cors&credentials=same-origin&method=GET&headers=CUSTOM&ACAOrigin=*&PACAOrigin=*&PACAHeaders=x-serviceworker-test&PACEHeaders=Content-Length,%20X-ServiceWorker-ServerHeader&PreflightTest=200 HTTP/1.1" 200 830
::1 - - [23/Oct/2017:23:32:56 -0700] "OPTIONS /serviceworker/resources/fetch-access-control.php?mode=cors&credentials=same-origin&method=GET&headers=CUSTOM&ACAOrigin=*&PACAOrigin=*&PACAHeaders=x-serviceworker-test&PreflightTest=201 HTTP/1.1" 201 837
::1 - - [23/Oct/2017:23:32:56 -0700] "GET /serviceworker/resources/fetch-access-control.php?mode=cors&credentials=same-origin&method=GET&headers=CUSTOM&ACAOrigin=*&PACAOrigin=*&PACAHeaders=x-serviceworker-test&PreflightTest=201 HTTP/1.1" 200 769
::1 - - [23/Oct/2017:23:32:56 -0700] "OPTIONS /serviceworker/resources/fetch-access-control.php?mode=cors&credentials=same-origin&method=GET&headers=CUSTOM&ACAOrigin=*&PACAOrigin=*&PACAHeaders=x-serviceworker-test&PreflightTest=301 HTTP/1.1" 301 837
127.0.0.1 - - [23/Oct/2017:23:32:56 -0700] "GET /fetch/serviceworker/cache-override-base-https-other-https.html HTTP/1.1" 200 526
::1 - - [23/Oct/2017:23:32:56 -0700] "OPTIONS /serviceworker/resources/fetch-access-control.php?mode=cors&credentials=same-origin&method=GET&headers=CUSTOM&ACAOrigin=*&PACAOrigin=*&PACAHeaders=x-serviceworker-test&PreflightTest=401 HTTP/1.1" 401 837
::1 - - [23/Oct/2017:23:32:56 -0700] "OPTIONS /serviceworker/resources/fetch-access-control.php?mode=cors&credentials=same-origin&method=GET&headers=CUSTOM&ACAOrigin=*&PACAOrigin=*&PACAHeaders=x-serviceworker-test&PreflightTest=500 HTTP/1.1" 500 837
127.0.0.1 - - [23/Oct/2017:23:32:56 -0700] "GET /serviceworker/resources/test-helpers.js HTTP/1.1" 200 7459
127.0.0.1 - - [23/Oct/2017:23:32:56 -0700] "GET /resources/testharnessreport.js HTTP/1.1" 200 13138
127.0.0.1 - - [23/Oct/2017:23:32:56 -0700] "GET /resources/testharness.js HTTP/1.1" 200 104622
127.0.0.1 - - [23/Oct/2017:23:32:56 -0700] "GET /fetch/resources/init.js HTTP/1.1" 200 1783
::1 - - [23/Oct/2017:23:32:56 -0700] "OPTIONS /serviceworker/resources/fetch-access-control.php?mode=cors&credentials=same-origin&method=GET&headers=CUSTOM2&ACAOrigin=*&PACAOrigin=*&PACAHeaders=x-servicEworker-u,x-servicEworker-ua,x-servicewOrker-test,x-sErviceworker-s,x-sErviceworker-v&PreflightTest=200 HTTP/1.1" 200 984
127.0.0.1 - - [23/Oct/2017:23:32:56 -0700] "GET /fetch/script-tests/cache-override.js?-base-https-other-https HTTP/1.1" 200 6391
::1 - - [23/Oct/2017:23:32:56 -0700] "GET /serviceworker/resources/fetch-access-control.php?mode=cors&credentials=same-origin&method=GET&headers=CUSTOM2&ACAOrigin=*&PACAOrigin=*&PACAHeaders=x-servicEworker-u,x-servicEworker-ua,x-servicewOrker-test,x-sErviceworker-s,x-sErviceworker-v&PreflightTest=200 HTTP/1.1" 200 964
127.0.0.1 - - [23/Oct/2017:23:32:56 -0700] "GET /fetch/resources/fetch-test-helpers.js HTTP/1.1" 200 8701
::1 - - [23/Oct/2017:23:32:56 -0700] "OPTIONS /serviceworker/resources/fetch-access-control.php?mode=cors&credentials=same-origin&method=GET&headers=CUSTOM2&ACAOrigin=*&PACAOrigin=*&PACAHeaders=x-servicewOrker-test&PreflightTest=200 HTTP/1.1" 200 911
::1 - - [23/Oct/2017:23:32:56 -0700] "OPTIONS /serviceworker/resources/fetch-access-control.php?mode=cors&credentials=same-origin&method=GET&headers=CUSTOM&ACAOrigin=*&PACAOrigin=*&PACAHeaders=x-serviceworker-test&PACRMethod=GET&PACRHeaders=x-serviceworker-test&PreflightTest=200 HTTP/1.1" 200 893
127.0.0.1 - - [23/Oct/2017:23:32:56 -0700] "GET /resources/testharness.js HTTP/1.1" 200 104622
::1 - - [23/Oct/2017:23:32:56 -0700] "GET /serviceworker/resources/fetch-access-control.php?mode=cors&credentials=same-origin&method=GET&headers=CUSTOM&ACAOrigin=*&PACAOrigin=*&PACAHeaders=x-serviceworker-test&PACRMethod=GET&PACRHeaders=x-serviceworker-test&PreflightTest=200 HTTP/1.1" 200 825
::1 - - [23/Oct/2017:23:32:56 -0700] "OPTIONS /serviceworker/resources/fetch-access-control.php?mode=cors&credentials=same-origin&method=GET&headers=CUSTOM2&ACAOrigin=*&PACAOrigin=*&PACAHeaders=x-servicEworker-u,x-servicEworker-ua,x-servicewOrker-test,x-sErviceworker-s,x-sErviceworker-v&PACRMethod=GET&PACRHeaders=x-serviceworker-s,x-serviceworker-test,x-serviceworker-u,x-serviceworker-ua,x-serviceworker-v&PreflightTest=200 HTTP/1.1" 200 1113
127.0.0.1 - - [23/Oct/2017:23:32:56 -0700] "GET /serviceworker/resources/test-helpers.js HTTP/1.1" 200 7459
::1 - - [23/Oct/2017:23:32:56 -0700] "GET /serviceworker/resources/fetch-access-control.php?mode=cors&credentials=same-origin&method=GET&headers=CUSTOM2&ACAOrigin=*&PACAOrigin=*&PACAHeaders=x-servicEworker-u,x-servicEworker-ua,x-servicewOrker-test,x-sErviceworker-s,x-sErviceworker-v&PACRMethod=GET&PACRHeaders=x-serviceworker-s,x-serviceworker-test,x-serviceworker-u,x-serviceworker-ua,x-serviceworker-v&PreflightTest=200 HTTP/1.1" 200 1093
127.0.0.1 - - [23/Oct/2017:23:32:56 -0700] "GET /fetch/resources/fetch-test-options.js HTTP/1.1" 200 452
::1 - - [23/Oct/2017:23:32:56 -0700] "OPTIONS /serviceworker/resources/fetch-access-control.php?mode=cors&credentials=same-origin&method=POST&headers=CUSTOM HTTP/1.1" 200 747
::1 - - [23/Oct/2017:23:32:56 -0700] "OPTIONS /serviceworker/resources/fetch-access-control.php?mode=cors&credentials=same-origin&method=POST&headers=CUSTOM&ACAOrigin=* HTTP/1.1" 200 763
::1 - - [23/Oct/2017:23:32:56 -0700] "OPTIONS /serviceworker/resources/fetch-access-control.php?mode=cors&credentials=same-origin&method=POST&headers=CUSTOM&ACAOrigin=https://127.0.0.1:8443 HTTP/1.1" 200 786
::1 - - [23/Oct/2017:23:32:56 -0700] "OPTIONS /serviceworker/resources/fetch-access-control.php?mode=cors&credentials=same-origin&method=POST&headers=CUSTOM&ACAOrigin=*&ACAHeaders=x-serviceworker-test HTTP/1.1" 200 799
127.0.0.1 - - [23/Oct/2017:23:32:56 -0700] "GET /fetch/resources/doctype.html HTTP/1.1" 200 16
::1 - - [23/Oct/2017:23:32:56 -0700] "POST /serviceworker/resources/fetch-access-control.php?mode=cors&credentials=same-origin&method=POST&headers=CUSTOM&ACAOrigin=*&ACAHeaders=x-serviceworker-test HTTP/1.1" 200 752
127.0.0.1 - - [23/Oct/2017:23:32:56 -0700] "GET /fetch/resources/doctype.html HTTP/1.1" 200 16
127.0.0.1 - - [23/Oct/2017:23:32:56 -0700] "GET /fetch/resources/doctype.html HTTP/1.1" 304 -
::1 - - [23/Oct/2017:23:32:56 -0700] "OPTIONS /serviceworker/resources/fetch-access-control.php?mode=cors&credentials=same-origin&method=POST&headers=CUSTOM&ACAOrigin=https://127.0.0.1:8443&ACAHeaders=x-serviceworker-test HTTP/1.1" 200 822
127.0.0.1 - - [23/Oct/2017:23:32:56 -0700] "GET /fetch/resources/doctype.html HTTP/1.1" 200 16
::1 - - [23/Oct/2017:23:32:56 -0700] "POST /serviceworker/resources/fetch-access-control.php?mode=cors&credentials=same-origin&method=POST&headers=CUSTOM&ACAOrigin=https://127.0.0.1:8443&ACAHeaders=x-serviceworker-test HTTP/1.1" 200 775
127.0.0.1 - - [23/Oct/2017:23:32:56 -0700] "GET /fetch/resources/doctype.html HTTP/1.1" 200 16
127.0.0.1 - - [23/Oct/2017:23:32:56 -0700] "GET /fetch/resources/doctype.html HTTP/1.1" 412 -
127.0.0.1 - - [23/Oct/2017:23:32:56 -0700] "GET /fetch/resources/doctype.html HTTP/1.1" 200 16
127.0.0.1 - - [23/Oct/2017:23:32:56 -0700] "GET /fetch/resources/doctype.html HTTP/1.1" 304 -
::1 - - [23/Oct/2017:23:32:56 -0700] "OPTIONS /serviceworker/resources/fetch-access-control.php?mode=cors&credentials=same-origin&method=POST&headers=CUSTOM&ACAOrigin=*&ACAHeaders=x-serviceworker-test&ACEHeaders=Content-Length,%20X-ServiceWorker-ServerHeader HTTP/1.1" 200 859
127.0.0.1 - - [23/Oct/2017:23:32:56 -0700] "GET /fetch/resources/doctype.html HTTP/1.1" 200 16
::1 - - [23/Oct/2017:23:32:56 -0700] "POST /serviceworker/resources/fetch-access-control.php?mode=cors&credentials=same-origin&method=POST&headers=CUSTOM&ACAOrigin=*&ACAHeaders=x-serviceworker-test&ACEHeaders=Content-Length,%20X-ServiceWorker-ServerHeader HTTP/1.1" 200 812
127.0.0.1 - - [23/Oct/2017:23:32:56 -0700] "GET /fetch/resources/doctype.html HTTP/1.1" 206 6
127.0.0.1 - - [23/Oct/2017:23:32:56 -0700] "GET /fetch/resources/doctype.html HTTP/1.1" 200 16
127.0.0.1 - - [23/Oct/2017:23:32:56 -0700] "GET /fetch/resources/fetch-status.php?status=304 HTTP/1.1" 304 -
::1 - - [23/Oct/2017:23:32:56 -0700] "OPTIONS /serviceworker/resources/fetch-access-control.php?mode=cors&credentials=same-origin&method=POST&headers=CUSTOM&ACAOrigin=https://127.0.0.1:8443&ACAHeaders=x-serviceworker-test&ACEHeaders=Content-Length,%20X-ServiceWorker-ServerHeader HTTP/1.1" 200 882
::1 - - [23/Oct/2017:23:32:56 -0700] "POST /serviceworker/resources/fetch-access-control.php?mode=cors&credentials=same-origin&method=POST&headers=CUSTOM&ACAOrigin=https://127.0.0.1:8443&ACAHeaders=x-serviceworker-test&ACEHeaders=Content-Length,%20X-ServiceWorker-ServerHeader HTTP/1.1" 200 835
::1 - - [23/Oct/2017:23:32:56 -0700] "OPTIONS /serviceworker/resources/fetch-access-control.php?mode=cors&credentials=same-origin&method=POST&headers=CUSTOM&ACAOrigin=*&PACAOrigin=*&PACAHeaders=x-serviceworker-test&PreflightTest=200 HTTP/1.1" 200 839
::1 - - [23/Oct/2017:23:32:56 -0700] "POST /serviceworker/resources/fetch-access-control.php?mode=cors&credentials=same-origin&method=POST&headers=CUSTOM&ACAOrigin=*&PACAOrigin=*&PACAHeaders=x-serviceworker-test&PreflightTest=200 HTTP/1.1" 200 792
::1 - - [23/Oct/2017:23:32:56 -0700] "OPTIONS /serviceworker/resources/fetch-access-control.php?mode=cors&credentials=same-origin&method=POST&headers=CUSTOM&ACAOrigin=*&PACAOrigin=*&ACAHeaders=x-serviceworker-test&PreflightTest=200 HTTP/1.1" 200 838
::1 - - [23/Oct/2017:23:32:56 -0700] "OPTIONS /serviceworker/resources/fetch-access-control.php?mode=cors&credentials=same-origin&method=POST&headers=CUSTOM&ACAOrigin=*&PACAHeaders=x-serviceworker-test&PreflightTest=200 HTTP/1.1" 200 822
127.0.0.1 - - [23/Oct/2017:23:32:56 -0700] "GET /fetch/serviceworker/request-base-https-other-https.html HTTP/1.1" 200 512
::1 - - [23/Oct/2017:23:32:56 -0700] "OPTIONS /serviceworker/resources/fetch-access-control.php?mode=cors&credentials=same-origin&method=POST&headers=CUSTOM&PACAOrigin=*&PACAHeaders=x-serviceworker-test&PreflightTest=200 HTTP/1.1" 200 823
::1 - - [23/Oct/2017:23:32:56 -0700] "POST /serviceworker/resources/fetch-access-control.php?mode=cors&credentials=same-origin&method=POST&headers=CUSTOM&PACAOrigin=*&PACAHeaders=x-serviceworker-test&PreflightTest=200 HTTP/1.1" 200 776
::1 - - [23/Oct/2017:23:32:56 -0700] "OPTIONS /serviceworker/resources/fetch-access-control.php?mode=cors&credentials=same-origin&method=POST&headers=CUSTOM&ACAOrigin=*&PACAOrigin=*&PACAHeaders=x-serviceworker-test&PACEHeaders=Content-Length,%20X-ServiceWorker-ServerHeader&PreflightTest=200 HTTP/1.1" 200 900
::1 - - [23/Oct/2017:23:32:56 -0700] "POST /serviceworker/resources/fetch-access-control.php?mode=cors&credentials=same-origin&method=POST&headers=CUSTOM&ACAOrigin=*&PACAOrigin=*&PACAHeaders=x-serviceworker-test&PACEHeaders=Content-Length,%20X-ServiceWorker-ServerHeader&PreflightTest=200 HTTP/1.1" 200 853
::1 - - [23/Oct/2017:23:32:56 -0700] "OPTIONS /serviceworker/resources/fetch-access-control.php?mode=cors&credentials=same-origin&method=POST&headers=CUSTOM&ACAOrigin=*&PACAOrigin=*&PACAHeaders=x-serviceworker-test&PreflightTest=201 HTTP/1.1" 201 839
::1 - - [23/Oct/2017:23:32:56 -0700] "POST /serviceworker/resources/fetch-access-control.php?mode=cors&credentials=same-origin&method=POST&headers=CUSTOM&ACAOrigin=*&PACAOrigin=*&PACAHeaders=x-serviceworker-test&PreflightTest=201 HTTP/1.1" 200 792
127.0.0.1 - - [23/Oct/2017:23:32:56 -0700] "GET /fetch/serviceworker/request-base-https-other-https.html HTTP/1.1" 200 512
::1 - - [23/Oct/2017:23:32:56 -0700] "OPTIONS /serviceworker/resources/fetch-access-control.php?mode=cors&credentials=same-origin&method=POST&headers=CUSTOM&ACAOrigin=*&PACAOrigin=*&PACAHeaders=x-serviceworker-test&PreflightTest=301 HTTP/1.1" 301 839
127.0.0.1 - - [23/Oct/2017:23:32:56 -0700] "GET /fetch/resources/init.js HTTP/1.1" 200 1783
127.0.0.1 - - [23/Oct/2017:23:32:56 -0700] "GET /serviceworker/resources/test-helpers.js HTTP/1.1" 200 7459
127.0.0.1 - - [23/Oct/2017:23:32:56 -0700] "GET /resources/testharnessreport.js HTTP/1.1" 200 13138
::1 - - [23/Oct/2017:23:32:56 -0700] "OPTIONS /serviceworker/resources/fetch-access-control.php?mode=cors&credentials=same-origin&method=POST&headers=CUSTOM&ACAOrigin=*&PACAOrigin=*&PACAHeaders=x-serviceworker-test&PreflightTest=401 HTTP/1.1" 401 839
127.0.0.1 - - [23/Oct/2017:23:32:56 -0700] "GET /resources/testharness.js HTTP/1.1" 200 104622
::1 - - [23/Oct/2017:23:32:56 -0700] "OPTIONS /serviceworker/resources/fetch-access-control.php?mode=cors&credentials=same-origin&method=POST&headers=CUSTOM&ACAOrigin=*&PACAOrigin=*&PACAHeaders=x-serviceworker-test&PreflightTest=500 HTTP/1.1" 500 839
127.0.0.1 - - [23/Oct/2017:23:32:56 -0700] "GET /fetch/script-tests/request.js?-base-https-other-https HTTP/1.1" 200 38507
::1 - - [23/Oct/2017:23:32:56 -0700] "OPTIONS /serviceworker/resources/fetch-access-control.php?mode=cors&credentials=same-origin&method=POST&headers=CUSTOM2&ACAOrigin=*&PACAOrigin=*&PACAHeaders=x-servicEworker-u,x-servicEworker-ua,x-servicewOrker-test,x-sErviceworker-s,x-sErviceworker-v&PreflightTest=200 HTTP/1.1" 200 986
::1 - - [23/Oct/2017:23:32:56 -0700] "POST /serviceworker/resources/fetch-access-control.php?mode=cors&credentials=same-origin&method=POST&headers=CUSTOM2&ACAOrigin=*&PACAOrigin=*&PACAHeaders=x-servicEworker-u,x-servicEworker-ua,x-servicewOrker-test,x-sErviceworker-s,x-sErviceworker-v&PreflightTest=200 HTTP/1.1" 200 987
127.0.0.1 - - [23/Oct/2017:23:32:56 -0700] "GET /fetch/resources/fetch-test-helpers.js HTTP/1.1" 200 8701
::1 - - [23/Oct/2017:23:32:56 -0700] "OPTIONS /serviceworker/resources/fetch-access-control.php?mode=cors&credentials=same-origin&method=POST&headers=CUSTOM2&ACAOrigin=*&PACAOrigin=*&PACAHeaders=x-servicewOrker-test&PreflightTest=200 HTTP/1.1" 200 913
127.0.0.1 - - [23/Oct/2017:23:32:56 -0700] "GET /resources/testharness.js HTTP/1.1" 200 104622
::1 - - [23/Oct/2017:23:32:56 -0700] "OPTIONS /serviceworker/resources/fetch-access-control.php?mode=cors&credentials=same-origin&method=POST&headers=CUSTOM&ACAOrigin=*&PACAOrigin=*&PACAHeaders=x-serviceworker-test&PACRMethod=POST&PACRHeaders=x-serviceworker-test&PreflightTest=200 HTTP/1.1" 200 896
::1 - - [23/Oct/2017:23:32:56 -0700] "POST /serviceworker/resources/fetch-access-control.php?mode=cors&credentials=same-origin&method=POST&headers=CUSTOM&ACAOrigin=*&PACAOrigin=*&PACAHeaders=x-serviceworker-test&PACRMethod=POST&PACRHeaders=x-serviceworker-test&PreflightTest=200 HTTP/1.1" 200 849
127.0.0.1 - - [23/Oct/2017:23:32:56 -0700] "GET /serviceworker/resources/test-helpers.js HTTP/1.1" 200 7459
::1 - - [23/Oct/2017:23:32:56 -0700] "OPTIONS /serviceworker/resources/fetch-access-control.php?mode=cors&credentials=same-origin&method=POST&headers=CUSTOM2&ACAOrigin=*&PACAOrigin=*&PACAHeaders=x-servicEworker-u,x-servicEworker-ua,x-servicewOrker-test,x-sErviceworker-s,x-sErviceworker-v&PACRMethod=POST&PACRHeaders=x-serviceworker-s,x-serviceworker-test,x-serviceworker-u,x-serviceworker-ua,x-serviceworker-v&PreflightTest=200 HTTP/1.1" 200 1116
::1 - - [23/Oct/2017:23:32:56 -0700] "POST /serviceworker/resources/fetch-access-control.php?mode=cors&credentials=same-origin&method=POST&headers=CUSTOM2&ACAOrigin=*&PACAOrigin=*&PACAHeaders=x-servicEworker-u,x-servicEworker-ua,x-servicewOrker-test,x-sErviceworker-s,x-sErviceworker-v&PACRMethod=POST&PACRHeaders=x-serviceworker-s,x-serviceworker-test,x-serviceworker-u,x-serviceworker-ua,x-serviceworker-v&PreflightTest=200 HTTP/1.1" 200 1117
127.0.0.1 - - [23/Oct/2017:23:32:56 -0700] "GET /fetch/resources/fetch-test-options.js HTTP/1.1" 200 452
127.0.0.1 - - [23/Oct/2017:23:32:56 -0700] "GET /fetch/serviceworker-proxied/thorough/cors.html HTTP/1.1" 200 1104
127.0.0.1 - - [23/Oct/2017:23:32:56 -0700] "GET /fetch/script-tests/thorough/cors.js? HTTP/1.1" 200 4566
127.0.0.1 - - [23/Oct/2017:23:32:56 -0700] "GET /serviceworker/resources/fetch-access-control.php?Auth HTTP/1.1" 401 23
127.0.0.1 - username1 [23/Oct/2017:23:32:56 -0700] "GET /serviceworker/resources/fetch-access-control.php?Auth HTTP/1.1" 200 618
::1 - - [23/Oct/2017:23:32:56 -0700] "GET /serviceworker/resources/fetch-access-control.php?Auth HTTP/1.1" 401 23
::1 - username2 [23/Oct/2017:23:32:56 -0700] "GET /serviceworker/resources/fetch-access-control.php?Auth HTTP/1.1" 200 618
127.0.0.1 - - [23/Oct/2017:23:32:56 -0700] "GET /serviceworker/resources/fetch-access-control-login.html HTTP/1.1" 200 494
127.0.0.1 - - [23/Oct/2017:23:32:56 -0700] "GET /serviceworker/resources/fetch-access-control.php?Auth HTTP/1.1" 401 23
127.0.0.1 - username1s [23/Oct/2017:23:32:56 -0700] "GET /serviceworker/resources/fetch-access-control.php?Auth HTTP/1.1" 200 621
::1 - - [23/Oct/2017:23:32:56 -0700] "GET /serviceworker/resources/fetch-access-control-login.html HTTP/1.1" 200 494
::1 - - [23/Oct/2017:23:32:56 -0700] "GET /serviceworker/resources/fetch-access-control.php?Auth HTTP/1.1" 401 23
::1 - username2s [23/Oct/2017:23:32:56 -0700] "GET /serviceworker/resources/fetch-access-control.php?Auth HTTP/1.1" 200 621
127.0.0.1 - - [23/Oct/2017:23:32:56 -0700] "GET /fetch/resources/thorough-worker.js? HTTP/1.1" 200 1070
127.0.0.1 - - [23/Oct/2017:23:32:56 -0700] "GET /fetch/serviceworker/body-mixin.html HTTP/1.1" 200 495
127.0.0.1 - - [23/Oct/2017:23:32:56 -0700] "GET /fetch/resources/fetch-test-options.js HTTP/1.1" 200 452
127.0.0.1 - - [23/Oct/2017:23:32:56 -0700] "GET /fetch/resources/thorough-util.js HTTP/1.1" 200 16716
127.0.0.1 - - [23/Oct/2017:23:32:56 -0700] "GET /fetch/script-tests/body-mixin.js? HTTP/1.1" 200 10526
127.0.0.1 - - [23/Oct/2017:23:32:56 -0700] "GET /fetch/resources/fetch-test-helpers.js HTTP/1.1" 200 8701
127.0.0.1 - - [23/Oct/2017:23:32:56 -0700] "GET /resources/testharness.js HTTP/1.1" 200 104622
127.0.0.1 - - [23/Oct/2017:23:32:56 -0700] "GET /serviceworker/resources/test-helpers.js HTTP/1.1" 200 7459
127.0.0.1 - - [23/Oct/2017:23:32:56 -0700] "GET /fetch/resources/fetch-test-options.js HTTP/1.1" 200 452
127.0.0.1 - - [23/Oct/2017:23:32:56 -0700] "GET /streams/resources/rs-utils.js HTTP/1.1" 200 3915
::1 - - [23/Oct/2017:23:32:56 -0700] "GET /serviceworker/resources/fetch-access-control.php?mode=cors&credentials=same-origin&method=GET HTTP/1.1" 200 603
::1 - - [23/Oct/2017:23:32:56 -0700] "GET /serviceworker/resources/fetch-access-control.php?mode=cors&credentials=same-origin&method=GET&ACAOrigin=* HTTP/1.1" 200 619
::1 - - [23/Oct/2017:23:32:56 -0700] "GET /serviceworker/resources/fetch-access-control.php?mode=cors&credentials=same-origin&method=GET&ACAOrigin=http://127.0.0.1:8000 HTTP/1.1" 200 641
::1 - - [23/Oct/2017:23:32:56 -0700] "GET /serviceworker/resources/fetch-access-control.php?mode=cors&credentials=same-origin&method=GET&ACAOrigin=http://127.0.0.1:8000,http://www.example.com HTTP/1.1" 200 666
::1 - - [23/Oct/2017:23:32:56 -0700] "GET /serviceworker/resources/fetch-access-control.php?mode=cors&credentials=same-origin&method=GET&ACAOrigin=http://www.example.com HTTP/1.1" 200 642
::1 - - [23/Oct/2017:23:32:56 -0700] "GET /serviceworker/resources/fetch-access-control.php?mode=cors&credentials=same-origin&method=GET&ACAOrigin=*&ACEHeaders=X-ServiceWorker-ServerHeader HTTP/1.1" 200 663
::1 - - [23/Oct/2017:23:32:56 -0700] "GET /serviceworker/resources/fetch-access-control.php?mode=cors&credentials=same-origin&method=GET&ACAOrigin=http://127.0.0.1:8000&ACEHeaders=X-ServiceWorker-ServerHeader HTTP/1.1" 200 685
::1 - - [23/Oct/2017:23:32:56 -0700] "GET /serviceworker/resources/fetch-access-control.php?mode=cors&credentials=same-origin&method=GET&ACAOrigin=*&ACEHeaders=Content-Length,%20X-ServiceWorker-ServerHeader HTTP/1.1" 200 679
::1 - - [23/Oct/2017:23:32:56 -0700] "GET /serviceworker/resources/fetch-access-control.php?mode=cors&credentials=same-origin&method=GET&ACAOrigin=http://127.0.0.1:8000&ACEHeaders=Content-Length,%20X-ServiceWorker-ServerHeader HTTP/1.1" 200 701
::1 - - [23/Oct/2017:23:32:56 -0700] "POST /serviceworker/resources/fetch-access-control.php?mode=cors&credentials=same-origin&method=POST HTTP/1.1" 200 626
::1 - - [23/Oct/2017:23:32:56 -0700] "POST /serviceworker/resources/fetch-access-control.php?mode=cors&credentials=same-origin&method=POST&ACAOrigin=* HTTP/1.1" 200 642
::1 - - [23/Oct/2017:23:32:56 -0700] "POST /serviceworker/resources/fetch-access-control.php?mode=cors&credentials=same-origin&method=POST&ACAOrigin=http://127.0.0.1:8000 HTTP/1.1" 200 664
::1 - - [23/Oct/2017:23:32:56 -0700] "POST /serviceworker/resources/fetch-access-control.php?mode=cors&credentials=same-origin&method=POST&ACAOrigin=http://127.0.0.1:8000,http://www.example.com HTTP/1.1" 200 689
::1 - - [23/Oct/2017:23:32:56 -0700] "POST /serviceworker/resources/fetch-access-control.php?mode=cors&credentials=same-origin&method=POST&ACAOrigin=http://www.example.com HTTP/1.1" 200 665
::1 - - [23/Oct/2017:23:32:56 -0700] "POST /serviceworker/resources/fetch-access-control.php?mode=cors&credentials=same-origin&method=POST&ACAOrigin=*&ACEHeaders=X-ServiceWorker-ServerHeader HTTP/1.1" 200 686
::1 - - [23/Oct/2017:23:32:56 -0700] "POST /serviceworker/resources/fetch-access-control.php?mode=cors&credentials=same-origin&method=POST&ACAOrigin=http://127.0.0.1:8000&ACEHeaders=X-ServiceWorker-ServerHeader HTTP/1.1" 200 708
::1 - - [23/Oct/2017:23:32:56 -0700] "POST /serviceworker/resources/fetch-access-control.php?mode=cors&credentials=same-origin&method=POST&ACAOrigin=*&ACEHeaders=Content-Length,%20X-ServiceWorker-ServerHeader HTTP/1.1" 200 702
::1 - - [23/Oct/2017:23:32:56 -0700] "POST /serviceworker/resources/fetch-access-control.php?mode=cors&credentials=same-origin&method=POST&ACAOrigin=http://127.0.0.1:8000&ACEHeaders=Content-Length,%20X-ServiceWorker-ServerHeader HTTP/1.1" 200 724
127.0.0.1 - - [23/Oct/2017:23:32:56 -0700] "GET /fetch/resources/progressive.php HTTP/1.1" 200 695
127.0.0.1 - - [23/Oct/2017:23:32:56 -0700] "GET /fetch/serviceworker-proxied/thorough/cookie-nocors.html HTTP/1.1" 200 1113
127.0.0.1 - - [23/Oct/2017:23:32:56 -0700] "GET /fetch/resources/simple.json HTTP/1.1" 200 21
127.0.0.1 - - [23/Oct/2017:23:32:56 -0700] "GET /fetch/resources/non-ascii.txt HTTP/1.1" 200 15
127.0.0.1 - - [23/Oct/2017:23:32:56 -0700] "GET /fetch/script-tests/thorough/cookie-nocors.js? HTTP/1.1" 200 3277
127.0.0.1 - - [23/Oct/2017:23:32:56 -0700] "GET /fetch/resources/bom-utf-8.php HTTP/1.1" 200 18
127.0.0.1 - - [23/Oct/2017:23:32:56 -0700] "GET /fetch/resources/bom-utf-16le.php HTTP/1.1" 200 12
127.0.0.1 - - [23/Oct/2017:23:32:56 -0700] "GET /fetch/resources/bom-utf-16be.php HTTP/1.1" 200 12
127.0.0.1 - - [23/Oct/2017:23:32:56 -0700] "GET /serviceworker/resources/fetch-access-control.php?Auth HTTP/1.1" 401 23
127.0.0.1 - username1 [23/Oct/2017:23:32:56 -0700] "GET /serviceworker/resources/fetch-access-control.php?Auth HTTP/1.1" 200 618
::1 - - [23/Oct/2017:23:32:56 -0700] "GET /serviceworker/resources/fetch-access-control.php?Auth HTTP/1.1" 401 23
::1 - username2 [23/Oct/2017:23:32:56 -0700] "GET /serviceworker/resources/fetch-access-control.php?Auth HTTP/1.1" 200 618
127.0.0.1 - - [23/Oct/2017:23:32:56 -0700] "GET /serviceworker/resources/fetch-access-control-login.html HTTP/1.1" 200 494
127.0.0.1 - - [23/Oct/2017:23:32:56 -0700] "GET /serviceworker/resources/fetch-access-control.php?Auth HTTP/1.1" 401 23
127.0.0.1 - username1s [23/Oct/2017:23:32:56 -0700] "GET /serviceworker/resources/fetch-access-control.php?Auth HTTP/1.1" 200 621
::1 - - [23/Oct/2017:23:32:56 -0700] "GET /serviceworker/resources/fetch-access-control-login.html HTTP/1.1" 200 494
::1 - - [23/Oct/2017:23:32:56 -0700] "GET /serviceworker/resources/fetch-access-control.php?Auth HTTP/1.1" 401 23
::1 - username2s [23/Oct/2017:23:32:56 -0700] "GET /serviceworker/resources/fetch-access-control.php?Auth HTTP/1.1" 200 621
127.0.0.1 - - [23/Oct/2017:23:32:56 -0700] "GET /fetch/resources/thorough-worker.js? HTTP/1.1" 200 1070
127.0.0.1 - - [23/Oct/2017:23:32:56 -0700] "GET /fetch/resources/fetch-test-options.js HTTP/1.1" 200 452
127.0.0.1 - - [23/Oct/2017:23:32:56 -0700] "GET /fetch/resources/thorough-util.js HTTP/1.1" 200 16716
127.0.0.1 - username1 [23/Oct/2017:23:32:56 -0700] "GET /serviceworker/resources/fetch-access-control.php?mode=no-cors&credentials=same-origin&SetCookie=cookieA HTTP/1.1" 200 655
127.0.0.1 - username1 [23/Oct/2017:23:32:56 -0700] "GET /serviceworker/resources/fetch-access-control.php?mode=no-cors&credentials=include&SetCookie=cookieB HTTP/1.1" 200 651
127.0.0.1 - username1 [23/Oct/2017:23:32:56 -0700] "GET /serviceworker/resources/fetch-access-control.php?mode=no-cors&credentials=same-origin HTTP/1.1" 200 633
127.0.0.1 - - [23/Oct/2017:23:32:56 -0700] "GET /serviceworker/resources/fetch-access-control.php?mode=no-cors&credentials=omit&SetCookie=cookieC HTTP/1.1" 200 571
127.0.0.1 - username1 [23/Oct/2017:23:32:56 -0700] "GET /serviceworker/resources/fetch-access-control.php?mode=no-cors&credentials=same-origin&SetCookie2=cookieC HTTP/1.1" 200 656
127.0.0.1 - username1 [23/Oct/2017:23:32:56 -0700] "GET /serviceworker/resources/fetch-access-control.php?mode=no-cors&credentials=same-origin&SetCookie=cookie1 HTTP/1.1" 200 655
::1 - - [23/Oct/2017:23:32:56 -0700] "GET /serviceworker/resources/fetch-access-control.php?mode=no-cors&credentials=omit&SetCookie=cookieC HTTP/1.1" 200 571
::1 - username2 [23/Oct/2017:23:32:56 -0700] "POST /serviceworker/resources/fetch-access-control.php?mode=cors&credentials=include&method=POST&ACAOrigin=http://127.0.0.1:8000&ACACredentials=true&label=otherCheck1 HTTP/1.1" 200 783
::1 - username2 [23/Oct/2017:23:32:56 -0700] "GET /serviceworker/resources/fetch-access-control.php?mode=no-cors&credentials=include&SetCookie=cookieC HTTP/1.1" 200 651
::1 - username2 [23/Oct/2017:23:32:56 -0700] "POST /serviceworker/resources/fetch-access-control.php?mode=cors&credentials=include&method=POST&ACAOrigin=http://127.0.0.1:8000&ACACredentials=true&label=otherCheck2 HTTP/1.1" 200 783
::1 - username2 [23/Oct/2017:23:32:56 -0700] "GET /serviceworker/resources/fetch-access-control.php?mode=no-cors&credentials=same-origin&SetCookie=cookieA HTTP/1.1" 200 655
::1 - username2 [23/Oct/2017:23:32:56 -0700] "POST /serviceworker/resources/fetch-access-control.php?mode=cors&credentials=include&method=POST&ACAOrigin=http://127.0.0.1:8000&ACACredentials=true&label=otherCheck3 HTTP/1.1" 200 783
127.0.0.1 - - [23/Oct/2017:23:32:56 -0700] "GET /fetch/serviceworker-proxied/thorough/scheme-blob.html HTTP/1.1" 200 1111
127.0.0.1 - - [23/Oct/2017:23:32:56 -0700] "GET /fetch/script-tests/thorough/scheme-blob.js? HTTP/1.1" 200 1312
127.0.0.1 - - [23/Oct/2017:23:32:56 -0700] "GET /serviceworker/resources/fetch-access-control.php?Auth HTTP/1.1" 401 23
127.0.0.1 - username1 [23/Oct/2017:23:32:56 -0700] "GET /serviceworker/resources/fetch-access-control.php?Auth HTTP/1.1" 200 618
::1 - - [23/Oct/2017:23:32:56 -0700] "GET /serviceworker/resources/fetch-access-control.php?Auth HTTP/1.1" 401 23
::1 - username2 [23/Oct/2017:23:32:56 -0700] "GET /serviceworker/resources/fetch-access-control.php?Auth HTTP/1.1" 200 618
127.0.0.1 - - [23/Oct/2017:23:32:56 -0700] "GET /serviceworker/resources/fetch-access-control-login.html HTTP/1.1" 200 494
127.0.0.1 - - [23/Oct/2017:23:32:56 -0700] "GET /serviceworker/resources/fetch-access-control.php?Auth HTTP/1.1" 401 23
127.0.0.1 - username1s [23/Oct/2017:23:32:56 -0700] "GET /serviceworker/resources/fetch-access-control.php?Auth HTTP/1.1" 200 621
::1 - - [23/Oct/2017:23:32:56 -0700] "GET /serviceworker/resources/fetch-access-control-login.html HTTP/1.1" 200 494
::1 - - [23/Oct/2017:23:32:56 -0700] "GET /serviceworker/resources/fetch-access-control.php?Auth HTTP/1.1" 401 23
::1 - username2s [23/Oct/2017:23:32:56 -0700] "GET /serviceworker/resources/fetch-access-control.php?Auth HTTP/1.1" 200 621
127.0.0.1 - - [23/Oct/2017:23:32:56 -0700] "GET /fetch/resources/thorough-worker.js? HTTP/1.1" 200 1070
127.0.0.1 - - [23/Oct/2017:23:32:56 -0700] "GET /fetch/resources/fetch-test-options.js HTTP/1.1" 200 452
127.0.0.1 - - [23/Oct/2017:23:32:56 -0700] "GET /fetch/resources/thorough-util.js HTTP/1.1" 200 16716
127.0.0.1 - - [23/Oct/2017:23:32:57 -0700] "GET /fetch/serviceworker-proxied/thorough/auth-other-https.html HTTP/1.1" 200 1116
127.0.0.1 - - [23/Oct/2017:23:32:57 -0700] "GET /fetch/script-tests/thorough/auth.js?-other-https HTTP/1.1" 200 6242
127.0.0.1 - - [23/Oct/2017:23:32:57 -0700] "GET /serviceworker/resources/fetch-access-control.php?Auth HTTP/1.1" 401 23
127.0.0.1 - username1 [23/Oct/2017:23:32:57 -0700] "GET /serviceworker/resources/fetch-access-control.php?Auth HTTP/1.1" 200 618
::1 - - [23/Oct/2017:23:32:57 -0700] "GET /serviceworker/resources/fetch-access-control.php?Auth HTTP/1.1" 401 23
::1 - username2 [23/Oct/2017:23:32:57 -0700] "GET /serviceworker/resources/fetch-access-control.php?Auth HTTP/1.1" 200 618
127.0.0.1 - - [23/Oct/2017:23:32:57 -0700] "GET /serviceworker/resources/fetch-access-control-login.html HTTP/1.1" 200 494
127.0.0.1 - - [23/Oct/2017:23:32:57 -0700] "GET /serviceworker/resources/fetch-access-control.php?Auth HTTP/1.1" 401 23
127.0.0.1 - username1s [23/Oct/2017:23:32:57 -0700] "GET /serviceworker/resources/fetch-access-control.php?Auth HTTP/1.1" 200 621
::1 - - [23/Oct/2017:23:32:57 -0700] "GET /serviceworker/resources/fetch-access-control-login.html HTTP/1.1" 200 494
::1 - - [23/Oct/2017:23:32:57 -0700] "GET /serviceworker/resources/fetch-access-control.php?Auth HTTP/1.1" 401 23
::1 - username2s [23/Oct/2017:23:32:57 -0700] "GET /serviceworker/resources/fetch-access-control.php?Auth HTTP/1.1" 200 621
127.0.0.1 - - [23/Oct/2017:23:32:57 -0700] "GET /fetch/resources/thorough-worker.js?-other-https HTTP/1.1" 200 1070
127.0.0.1 - - [23/Oct/2017:23:32:57 -0700] "GET /fetch/resources/fetch-test-options.js HTTP/1.1" 200 452
127.0.0.1 - - [23/Oct/2017:23:32:57 -0700] "GET /fetch/resources/thorough-util.js HTTP/1.1" 200 16716
127.0.0.1 - - [23/Oct/2017:23:32:57 -0700] "GET /serviceworker/resources/fetch-access-control.php?Auth&mode=same-origin&credentials=omit HTTP/1.1" 401 23
127.0.0.1 - username1 [23/Oct/2017:23:32:57 -0700] "GET /serviceworker/resources/fetch-access-control.php?Auth&mode=same-origin&credentials=include HTTP/1.1" 200 655
127.0.0.1 - username1 [23/Oct/2017:23:32:57 -0700] "GET /serviceworker/resources/fetch-access-control.php?Auth&mode=same-origin&credentials=same-origin HTTP/1.1" 200 659
127.0.0.1 - - [23/Oct/2017:23:32:57 -0700] "GET /serviceworker/resources/fetch-access-control.php?Auth&mode=cors&credentials=omit HTTP/1.1" 401 23
127.0.0.1 - username1 [23/Oct/2017:23:32:57 -0700] "GET /serviceworker/resources/fetch-access-control.php?Auth&mode=cors&credentials=include HTTP/1.1" 200 648
127.0.0.1 - username1 [23/Oct/2017:23:32:57 -0700] "GET /serviceworker/resources/fetch-access-control.php?Auth&mode=cors&credentials=same-origin HTTP/1.1" 200 652
::1 - - [23/Oct/2017:23:32:57 -0700] "GET /serviceworker/resources/fetch-access-control.php?Auth&mode=cors&credentials=omit HTTP/1.1" 401 23
::1 - username2s [23/Oct/2017:23:32:57 -0700] "GET /serviceworker/resources/fetch-access-control.php?Auth&mode=cors&credentials=include HTTP/1.1" 200 685
::1 - - [23/Oct/2017:23:32:57 -0700] "GET /serviceworker/resources/fetch-access-control.php?Auth&mode=cors&credentials=same-origin HTTP/1.1" 401 23
::1 - - [23/Oct/2017:23:32:57 -0700] "GET /serviceworker/resources/fetch-access-control.php?Auth&mode=cors&credentials=omit&ACAOrigin=* HTTP/1.1" 401 23
::1 - - [23/Oct/2017:23:32:57 -0700] "GET /serviceworker/resources/fetch-access-control.php?Auth&mode=cors&credentials=omit&ACAOrigin=http://127.0.0.1:8000 HTTP/1.1" 401 23
::1 - - [23/Oct/2017:23:32:57 -0700] "GET /serviceworker/resources/fetch-access-control.php?Auth&mode=cors&credentials=omit&ACAOrigin=http://www.example.com HTTP/1.1" 401 23
