::1 - username2s [23/Oct/2017:23:32:53 -0700] "GET /serviceworker/resources/redirect.php?Redirect=https%3A%2F%2Flocalhost%3A8443%2Fserviceworker%2Fresources%2Ffetch-access-control.php%3F&mode=no-cors&method=GET HTTP/1.1" 302 -
::1 - username2s [23/Oct/2017:23:32:53 -0700] "GET /serviceworker/resources/fetch-access-control.php? HTTP/1.1" 200 615
127.0.0.1 - - [23/Oct/2017:23:32:53 -0700] "GET /fetch/serviceworker-proxied/thorough/access-control-base-https-other-https.html HTTP/1.1" 200 1137
127.0.0.1 - - [23/Oct/2017:23:32:53 -0700] "GET /fetch/script-tests/thorough/access-control.js?-base-https-other-https HTTP/1.1" 200 2254
127.0.0.1 - - [23/Oct/2017:23:32:53 -0700] "GET /serviceworker/resources/fetch-access-control.php?Auth HTTP/1.1" 401 23
127.0.0.1 - username1 [23/Oct/2017:23:32:53 -0700] "GET /serviceworker/resources/fetch-access-control.php?Auth HTTP/1.1" 200 618
::1 - - [23/Oct/2017:23:32:53 -0700] "GET /serviceworker/resources/fetch-access-control.php?Auth HTTP/1.1" 401 23
::1 - username2 [23/Oct/2017:23:32:53 -0700] "GET /serviceworker/resources/fetch-access-control.php?Auth HTTP/1.1" 200 618
127.0.0.1 - - [23/Oct/2017:23:32:53 -0700] "GET /serviceworker/resources/fetch-access-control-login.html HTTP/1.1" 200 494
127.0.0.1 - - [23/Oct/2017:23:32:53 -0700] "GET /serviceworker/resources/fetch-access-control.php?Auth HTTP/1.1" 401 23
127.0.0.1 - username1s [23/Oct/2017:23:32:53 -0700] "GET /serviceworker/resources/fetch-access-control.php?Auth HTTP/1.1" 200 621
::1 - - [23/Oct/2017:23:32:53 -0700] "GET /serviceworker/resources/fetch-access-control-login.html HTTP/1.1" 200 494
::1 - - [23/Oct/2017:23:32:53 -0700] "GET /serviceworker/resources/fetch-access-control.php?Auth HTTP/1.1" 401 23
::1 - username2s [23/Oct/2017:23:32:53 -0700] "GET /serviceworker/resources/fetch-access-control.php?Auth HTTP/1.1" 200 621
127.0.0.1 - - [23/Oct/2017:23:32:53 -0700] "GET /fetch/serviceworker-proxied/thorough/access-control-base-https-other-https.html HTTP/1.1" 200 1137
127.0.0.1 - - [23/Oct/2017:23:32:53 -0700] "GET /resources/get-host-info.js?pipe=sub HTTP/1.1" 200 1096
127.0.0.1 - - [23/Oct/2017:23:32:53 -0700] "GET /resources/testharnessreport.js HTTP/1.1" 200 13138
127.0.0.1 - - [23/Oct/2017:23:32:53 -0700] "GET /fetch/resources/fetch-test-options.js HTTP/1.1" 200 452
127.0.0.1 - - [23/Oct/2017:23:32:53 -0700] "GET /serviceworker/resources/test-helpers.js HTTP/1.1" 200 7459
127.0.0.1 - - [23/Oct/2017:23:32:53 -0700] "GET /resources/testharness.js HTTP/1.1" 200 104622
127.0.0.1 - - [23/Oct/2017:23:32:53 -0700] "GET /fetch/resources/fetch-test-helpers.js HTTP/1.1" 200 8701
127.0.0.1 - - [23/Oct/2017:23:32:53 -0700] "GET /fetch/script-tests/thorough/access-control.js?-base-https-other-https HTTP/1.1" 200 2254
127.0.0.1 - - [23/Oct/2017:23:32:53 -0700] "GET /fetch/resources/thorough-util.js HTTP/1.1" 200 16716
127.0.0.1 - - [23/Oct/2017:23:32:53 -0700] "GET /fetch/resources/init.js HTTP/1.1" 200 1783
127.0.0.1 - - [23/Oct/2017:23:32:53 -0700] "GET /fetch/resources/thorough-worker.js?-base-https-other-https HTTP/1.1" 200 1070
127.0.0.1 - - [23/Oct/2017:23:32:53 -0700] "GET /fetch/resources/fetch-test-options.js HTTP/1.1" 200 452
127.0.0.1 - - [23/Oct/2017:23:32:53 -0700] "GET /fetch/resources/thorough-util.js HTTP/1.1" 200 16716
127.0.0.1 - - [23/Oct/2017:23:32:53 -0700] "GET /fetch/resources/thorough-iframe.html?-base-https-other-https HTTP/1.1" 200 551
127.0.0.1 - - [23/Oct/2017:23:32:53 -0700] "GET /fetch/resources/fetch-test-options.js HTTP/1.1" 200 452
127.0.0.1 - - [23/Oct/2017:23:32:53 -0700] "GET /fetch/resources/thorough-util.js HTTP/1.1" 200 16716
127.0.0.1 - username1s [23/Oct/2017:23:32:53 -0700] "GET /serviceworker/resources/fetch-access-control.php?mode=same-origin&method=GET HTTP/1.1" 200 650
127.0.0.1 - username1s [23/Oct/2017:23:32:53 -0700] "GET /serviceworker/resources/fetch-access-control.php?mode=same-origin&method=GET&headers={} HTTP/1.1" 200 665
127.0.0.1 - username1s [23/Oct/2017:23:32:53 -0700] "GET /serviceworker/resources/fetch-access-control.php?mode=same-origin&method=GET&headers=CUSTOM HTTP/1.1" 200 699
127.0.0.1 - username1s [23/Oct/2017:23:32:53 -0700] "POST /serviceworker/resources/fetch-access-control.php?mode=same-origin&method=POST&headers=CUSTOM HTTP/1.1" 200 758
127.0.0.1 - username1s [23/Oct/2017:23:32:53 -0700] "PUT /serviceworker/resources/fetch-access-control.php?mode=same-origin&method=PUT&headers=CUSTOM HTTP/1.1" 200 756
127.0.0.1 - username1s [23/Oct/2017:23:32:53 -0700] "XXX /serviceworker/resources/fetch-access-control.php?mode=same-origin&method=XXX&headers=CUSTOM HTTP/1.1" 200 735
127.0.0.1 - username1s [23/Oct/2017:23:32:53 -0700] "GET /serviceworker/resources/fetch-access-control.php?mode=cors&method=GET HTTP/1.1" 200 643
127.0.0.1 - username1s [23/Oct/2017:23:32:53 -0700] "GET /serviceworker/resources/fetch-access-control.php?mode=cors&method=GET&headers={} HTTP/1.1" 200 658
127.0.0.1 - username1s [23/Oct/2017:23:32:53 -0700] "GET /serviceworker/resources/fetch-access-control.php?mode=cors&method=GET&headers=CUSTOM HTTP/1.1" 200 692
127.0.0.1 - username1s [23/Oct/2017:23:32:53 -0700] "POST /serviceworker/resources/fetch-access-control.php?mode=cors&method=POST&headers=CUSTOM HTTP/1.1" 200 751
127.0.0.1 - username1s [23/Oct/2017:23:32:53 -0700] "PUT /serviceworker/resources/fetch-access-control.php?mode=cors&method=PUT&headers=CUSTOM HTTP/1.1" 200 749
127.0.0.1 - username1s [23/Oct/2017:23:32:53 -0700] "XXX /serviceworker/resources/fetch-access-control.php?mode=cors&method=XXX&headers=CUSTOM HTTP/1.1" 200 728
127.0.0.1 - - [23/Oct/2017:23:32:53 -0700] "GET /fetch/serviceworker-proxied/thorough/cors-base-https-other-https.html HTTP/1.1" 200 1127
127.0.0.1 - - [23/Oct/2017:23:32:53 -0700] "GET /fetch/script-tests/thorough/cors.js?-base-https-other-https HTTP/1.1" 200 4566
127.0.0.1 - - [23/Oct/2017:23:32:53 -0700] "GET /serviceworker/resources/fetch-access-control.php?Auth HTTP/1.1" 401 23
127.0.0.1 - username1 [23/Oct/2017:23:32:53 -0700] "GET /serviceworker/resources/fetch-access-control.php?Auth HTTP/1.1" 200 618
::1 - - [23/Oct/2017:23:32:53 -0700] "GET /serviceworker/resources/fetch-access-control.php?Auth HTTP/1.1" 401 23
::1 - username2 [23/Oct/2017:23:32:53 -0700] "GET /serviceworker/resources/fetch-access-control.php?Auth HTTP/1.1" 200 618
127.0.0.1 - - [23/Oct/2017:23:32:53 -0700] "GET /serviceworker/resources/fetch-access-control-login.html HTTP/1.1" 200 494
127.0.0.1 - - [23/Oct/2017:23:32:53 -0700] "GET /serviceworker/resources/fetch-access-control.php?Auth HTTP/1.1" 401 23
127.0.0.1 - username1s [23/Oct/2017:23:32:53 -0700] "GET /serviceworker/resources/fetch-access-control.php?Auth HTTP/1.1" 200 621
::1 - - [23/Oct/2017:23:32:53 -0700] "GET /serviceworker/resources/fetch-access-control-login.html HTTP/1.1" 200 494
::1 - - [23/Oct/2017:23:32:53 -0700] "GET /serviceworker/resources/fetch-access-control.php?Auth HTTP/1.1" 401 23
::1 - username2s [23/Oct/2017:23:32:53 -0700] "GET /serviceworker/resources/fetch-access-control.php?Auth HTTP/1.1" 200 621
127.0.0.1 - - [23/Oct/2017:23:32:53 -0700] "GET /fetch/serviceworker-proxied/thorough/cors-base-https-other-https.html HTTP/1.1" 200 1127
127.0.0.1 - - [23/Oct/2017:23:32:53 -0700] "GET /resources/testharnessreport.js HTTP/1.1" 200 13138
127.0.0.1 - - [23/Oct/2017:23:32:53 -0700] "GET /resources/get-host-info.js?pipe=sub HTTP/1.1" 200 1096
127.0.0.1 - - [23/Oct/2017:23:32:53 -0700] "GET /fetch/resources/fetch-test-options.js HTTP/1.1" 200 452
127.0.0.1 - - [23/Oct/2017:23:32:53 -0700] "GET /serviceworker/resources/test-helpers.js HTTP/1.1" 200 7459
127.0.0.1 - - [23/Oct/2017:23:32:53 -0700] "GET /resources/testharness.js HTTP/1.1" 200 104622
127.0.0.1 - - [23/Oct/2017:23:32:53 -0700] "GET /fetch/resources/fetch-test-helpers.js HTTP/1.1" 200 8701
127.0.0.1 - - [23/Oct/2017:23:32:53 -0700] "GET /fetch/resources/thorough-util.js HTTP/1.1" 200 16716
127.0.0.1 - - [23/Oct/2017:23:32:53 -0700] "GET /fetch/resources/init.js HTTP/1.1" 200 1783
127.0.0.1 - - [23/Oct/2017:23:32:53 -0700] "GET /fetch/script-tests/thorough/cors.js?-base-https-other-https HTTP/1.1" 200 4566
127.0.0.1 - - [23/Oct/2017:23:32:53 -0700] "GET /fetch/resources/thorough-worker.js?-base-https-other-https HTTP/1.1" 200 1070
127.0.0.1 - - [23/Oct/2017:23:32:53 -0700] "GET /fetch/resources/fetch-test-options.js HTTP/1.1" 200 452
127.0.0.1 - - [23/Oct/2017:23:32:53 -0700] "GET /fetch/resources/thorough-util.js HTTP/1.1" 200 16716
127.0.0.1 - - [23/Oct/2017:23:32:53 -0700] "GET /fetch/resources/thorough-iframe.html?-base-https-other-https HTTP/1.1" 200 551
127.0.0.1 - - [23/Oct/2017:23:32:53 -0700] "GET /fetch/resources/fetch-test-options.js HTTP/1.1" 200 452
127.0.0.1 - - [23/Oct/2017:23:32:53 -0700] "GET /fetch/resources/thorough-util.js HTTP/1.1" 200 16716
::1 - - [23/Oct/2017:23:32:53 -0700] "GET /serviceworker/resources/fetch-access-control.php?mode=cors&credentials=same-origin&method=GET HTTP/1.1" 200 628
::1 - - [23/Oct/2017:23:32:53 -0700] "GET /serviceworker/resources/fetch-access-control.php?mode=cors&credentials=same-origin&method=GET&ACAOrigin=* HTTP/1.1" 200 644
::1 - - [23/Oct/2017:23:32:53 -0700] "GET /serviceworker/resources/fetch-access-control.php?mode=cors&credentials=same-origin&method=GET&ACAOrigin=https://127.0.0.1:8443 HTTP/1.1" 200 667
::1 - - [23/Oct/2017:23:32:53 -0700] "GET /serviceworker/resources/fetch-access-control.php?mode=cors&credentials=same-origin&method=GET&ACAOrigin=https://127.0.0.1:8443,http://www.example.com HTTP/1.1" 200 692
::1 - - [23/Oct/2017:23:32:53 -0700] "GET /serviceworker/resources/fetch-access-control.php?mode=cors&credentials=same-origin&method=GET&ACAOrigin=http://www.example.com HTTP/1.1" 200 667
::1 - - [23/Oct/2017:23:32:53 -0700] "GET /serviceworker/resources/fetch-access-control.php?mode=cors&credentials=same-origin&method=GET&ACAOrigin=*&ACEHeaders=X-ServiceWorker-ServerHeader HTTP/1.1" 200 688
::1 - - [23/Oct/2017:23:32:53 -0700] "GET /serviceworker/resources/fetch-access-control.php?mode=cors&credentials=same-origin&method=GET&ACAOrigin=https://127.0.0.1:8443&ACEHeaders=X-ServiceWorker-ServerHeader HTTP/1.1" 200 711
::1 - - [23/Oct/2017:23:32:53 -0700] "GET /serviceworker/resources/fetch-access-control.php?mode=cors&credentials=same-origin&method=GET&ACAOrigin=*&ACEHeaders=Content-Length,%20X-ServiceWorker-ServerHeader HTTP/1.1" 200 704
::1 - - [23/Oct/2017:23:32:53 -0700] "GET /serviceworker/resources/fetch-access-control.php?mode=cors&credentials=same-origin&method=GET&ACAOrigin=https://127.0.0.1:8443&ACEHeaders=Content-Length,%20X-ServiceWorker-ServerHeader HTTP/1.1" 200 727
::1 - - [23/Oct/2017:23:32:53 -0700] "POST /serviceworker/resources/fetch-access-control.php?mode=cors&credentials=same-origin&method=POST HTTP/1.1" 200 651
::1 - - [23/Oct/2017:23:32:53 -0700] "POST /serviceworker/resources/fetch-access-control.php?mode=cors&credentials=same-origin&method=POST&ACAOrigin=* HTTP/1.1" 200 667
::1 - - [23/Oct/2017:23:32:53 -0700] "POST /serviceworker/resources/fetch-access-control.php?mode=cors&credentials=same-origin&method=POST&ACAOrigin=https://127.0.0.1:8443 HTTP/1.1" 200 690
::1 - - [23/Oct/2017:23:32:53 -0700] "POST /serviceworker/resources/fetch-access-control.php?mode=cors&credentials=same-origin&method=POST&ACAOrigin=https://127.0.0.1:8443,http://www.example.com HTTP/1.1" 200 715
::1 - - [23/Oct/2017:23:32:53 -0700] "POST /serviceworker/resources/fetch-access-control.php?mode=cors&credentials=same-origin&method=POST&ACAOrigin=http://www.example.com HTTP/1.1" 200 690
::1 - - [23/Oct/2017:23:32:53 -0700] "POST /serviceworker/resources/fetch-access-control.php?mode=cors&credentials=same-origin&method=POST&ACAOrigin=*&ACEHeaders=X-ServiceWorker-ServerHeader HTTP/1.1" 200 711
::1 - - [23/Oct/2017:23:32:53 -0700] "POST /serviceworker/resources/fetch-access-control.php?mode=cors&credentials=same-origin&method=POST&ACAOrigin=https://127.0.0.1:8443&ACEHeaders=X-ServiceWorker-ServerHeader HTTP/1.1" 200 734
::1 - - [23/Oct/2017:23:32:53 -0700] "POST /serviceworker/resources/fetch-access-control.php?mode=cors&credentials=same-origin&method=POST&ACAOrigin=*&ACEHeaders=Content-Length,%20X-ServiceWorker-ServerHeader HTTP/1.1" 200 727
::1 - - [23/Oct/2017:23:32:53 -0700] "POST /serviceworker/resources/fetch-access-control.php?mode=cors&credentials=same-origin&method=POST&ACAOrigin=https://127.0.0.1:8443&ACEHeaders=Content-Length,%20X-ServiceWorker-ServerHeader HTTP/1.1" 200 750
127.0.0.1 - - [23/Oct/2017:23:32:53 -0700] "GET /fetch/serviceworker-proxied/thorough/auth-nocors-base-https-other-https.html HTTP/1.1" 200 1134
127.0.0.1 - - [23/Oct/2017:23:32:53 -0700] "GET /fetch/script-tests/thorough/auth-nocors.js?-base-https-other-https HTTP/1.1" 200 2293
127.0.0.1 - - [23/Oct/2017:23:32:53 -0700] "GET /serviceworker/resources/fetch-access-control.php?Auth HTTP/1.1" 401 23
127.0.0.1 - username1 [23/Oct/2017:23:32:53 -0700] "GET /serviceworker/resources/fetch-access-control.php?Auth HTTP/1.1" 200 618
::1 - - [23/Oct/2017:23:32:53 -0700] "GET /serviceworker/resources/fetch-access-control.php?Auth HTTP/1.1" 401 23
::1 - username2 [23/Oct/2017:23:32:53 -0700] "GET /serviceworker/resources/fetch-access-control.php?Auth HTTP/1.1" 200 618
127.0.0.1 - - [23/Oct/2017:23:32:53 -0700] "GET /serviceworker/resources/fetch-access-control-login.html HTTP/1.1" 200 494
127.0.0.1 - - [23/Oct/2017:23:32:53 -0700] "GET /serviceworker/resources/fetch-access-control.php?Auth HTTP/1.1" 401 23
127.0.0.1 - username1s [23/Oct/2017:23:32:53 -0700] "GET /serviceworker/resources/fetch-access-control.php?Auth HTTP/1.1" 200 621
::1 - - [23/Oct/2017:23:32:53 -0700] "GET /serviceworker/resources/fetch-access-control-login.html HTTP/1.1" 200 494
::1 - - [23/Oct/2017:23:32:53 -0700] "GET /serviceworker/resources/fetch-access-control.php?Auth HTTP/1.1" 401 23
::1 - username2s [23/Oct/2017:23:32:53 -0700] "GET /serviceworker/resources/fetch-access-control.php?Auth HTTP/1.1" 200 621
127.0.0.1 - - [23/Oct/2017:23:32:53 -0700] "GET /fetch/serviceworker-proxied/thorough/auth-nocors-base-https-other-https.html HTTP/1.1" 200 1134
127.0.0.1 - - [23/Oct/2017:23:32:53 -0700] "GET /resources/testharnessreport.js HTTP/1.1" 200 13138
127.0.0.1 - - [23/Oct/2017:23:32:53 -0700] "GET /resources/get-host-info.js?pipe=sub HTTP/1.1" 200 1096
127.0.0.1 - - [23/Oct/2017:23:32:53 -0700] "GET /serviceworker/resources/test-helpers.js HTTP/1.1" 200 7459
127.0.0.1 - - [23/Oct/2017:23:32:53 -0700] "GET /resources/testharness.js HTTP/1.1" 200 104622
127.0.0.1 - - [23/Oct/2017:23:32:53 -0700] "GET /fetch/resources/fetch-test-helpers.js HTTP/1.1" 200 8701
127.0.0.1 - - [23/Oct/2017:23:32:53 -0700] "GET /fetch/resources/fetch-test-options.js HTTP/1.1" 200 452
127.0.0.1 - - [23/Oct/2017:23:32:53 -0700] "GET /fetch/resources/thorough-util.js HTTP/1.1" 200 16716
127.0.0.1 - - [23/Oct/2017:23:32:53 -0700] "GET /fetch/script-tests/thorough/auth-nocors.js?-base-https-other-https HTTP/1.1" 200 2293
127.0.0.1 - - [23/Oct/2017:23:32:53 -0700] "GET /fetch/resources/init.js HTTP/1.1" 200 1783
127.0.0.1 - - [23/Oct/2017:23:32:54 -0700] "GET /fetch/resources/thorough-worker.js?-base-https-other-https HTTP/1.1" 200 1070
127.0.0.1 - - [23/Oct/2017:23:32:54 -0700] "GET /fetch/resources/fetch-test-options.js HTTP/1.1" 200 452
127.0.0.1 - - [23/Oct/2017:23:32:54 -0700] "GET /fetch/resources/thorough-util.js HTTP/1.1" 200 16716
127.0.0.1 - - [23/Oct/2017:23:32:54 -0700] "GET /fetch/resources/thorough-iframe.html?-base-https-other-https HTTP/1.1" 200 551
127.0.0.1 - - [23/Oct/2017:23:32:54 -0700] "GET /fetch/resources/fetch-test-options.js HTTP/1.1" 200 452
127.0.0.1 - - [23/Oct/2017:23:32:54 -0700] "GET /fetch/resources/thorough-util.js HTTP/1.1" 200 16716
127.0.0.1 - username1s [23/Oct/2017:23:32:54 -0700] "GET /serviceworker/resources/fetch-access-control.php?Auth HTTP/1.1" 200 626
127.0.0.1 - - [23/Oct/2017:23:32:54 -0700] "GET /serviceworker/resources/fetch-access-control.php?Auth&credentials=omit HTTP/1.1" 401 23
127.0.0.1 - username1s [23/Oct/2017:23:32:54 -0700] "GET /serviceworker/resources/fetch-access-control.php?Auth&credentials=include HTTP/1.1" 200 648
127.0.0.1 - username1s [23/Oct/2017:23:32:54 -0700] "GET /serviceworker/resources/fetch-access-control.php?Auth&credentials=same-origin HTTP/1.1" 200 652
127.0.0.1 - - [23/Oct/2017:23:32:54 -0700] "GET /serviceworker/resources/fetch-access-control.php?Auth&mode=no-cors&credentials=omit HTTP/1.1" 401 23
127.0.0.1 - username1s [23/Oct/2017:23:32:54 -0700] "GET /serviceworker/resources/fetch-access-control.php?Auth&mode=no-cors&credentials=include HTTP/1.1" 200 665
127.0.0.1 - username1s [23/Oct/2017:23:32:54 -0700] "GET /serviceworker/resources/fetch-access-control.php?Auth&mode=no-cors&credentials=same-origin HTTP/1.1" 200 669
::1 - username2s [23/Oct/2017:23:32:54 -0700] "GET /serviceworker/resources/fetch-access-control.php?Auth HTTP/1.1" 200 626
::1 - - [23/Oct/2017:23:32:54 -0700] "GET /serviceworker/resources/fetch-access-control.php?Auth&credentials=omit HTTP/1.1" 401 23
::1 - username2s [23/Oct/2017:23:32:54 -0700] "GET /serviceworker/resources/fetch-access-control.php?Auth&credentials=include HTTP/1.1" 200 648
::1 - username2s [23/Oct/2017:23:32:54 -0700] "GET /serviceworker/resources/fetch-access-control.php?Auth&credentials=same-origin HTTP/1.1" 200 652
::1 - - [23/Oct/2017:23:32:54 -0700] "GET /serviceworker/resources/fetch-access-control.php?Auth&mode=no-cors&credentials=omit HTTP/1.1" 401 23
::1 - username2s [23/Oct/2017:23:32:54 -0700] "GET /serviceworker/resources/fetch-access-control.php?Auth&mode=no-cors&credentials=include HTTP/1.1" 200 665
::1 - username2s [23/Oct/2017:23:32:54 -0700] "GET /serviceworker/resources/fetch-access-control.php?Auth&mode=no-cors&credentials=same-origin HTTP/1.1" 200 669
127.0.0.1 - - [23/Oct/2017:23:32:54 -0700] "GET /fetch/serviceworker-proxied/thorough/redirect-credentials-base-https-other-https.html HTTP/1.1" 200 1143
127.0.0.1 - - [23/Oct/2017:23:32:54 -0700] "GET /fetch/script-tests/thorough/redirect-credentials.js?-base-https-other-https HTTP/1.1" 200 4492
127.0.0.1 - - [23/Oct/2017:23:32:54 -0700] "GET /serviceworker/resources/fetch-access-control.php?Auth HTTP/1.1" 401 23
127.0.0.1 - username1 [23/Oct/2017:23:32:54 -0700] "GET /serviceworker/resources/fetch-access-control.php?Auth HTTP/1.1" 200 618
::1 - - [23/Oct/2017:23:32:54 -0700] "GET /serviceworker/resources/fetch-access-control.php?Auth HTTP/1.1" 401 23
::1 - username2 [23/Oct/2017:23:32:54 -0700] "GET /serviceworker/resources/fetch-access-control.php?Auth HTTP/1.1" 200 618
127.0.0.1 - - [23/Oct/2017:23:32:54 -0700] "GET /serviceworker/resources/fetch-access-control-login.html HTTP/1.1" 200 494
127.0.0.1 - - [23/Oct/2017:23:32:54 -0700] "GET /serviceworker/resources/fetch-access-control.php?Auth HTTP/1.1" 401 23
127.0.0.1 - username1s [23/Oct/2017:23:32:54 -0700] "GET /serviceworker/resources/fetch-access-control.php?Auth HTTP/1.1" 200 621
::1 - - [23/Oct/2017:23:32:54 -0700] "GET /serviceworker/resources/fetch-access-control-login.html HTTP/1.1" 200 494
127.0.0.1 - - [23/Oct/2017:23:32:52 -0700] "GET /fetch/resources/slow-failure.cgi HTTP/1.1" 200 10
::1 - - [23/Oct/2017:23:32:54 -0700] "GET /fetch/resources/doctype.html HTTP/1.1" 200 16
::1 - - [23/Oct/2017:23:32:54 -0700] "GET /fetch/resources/redirect-loop.php?Count=100&ACAOrigin=* HTTP/1.1" 302 -
::1 - - [23/Oct/2017:23:32:54 -0700] "GET /fetch/resources/redirect-loop.php?Redirect=&ACAOrigin=*&Count=99 HTTP/1.1" 302 -
::1 - - [23/Oct/2017:23:32:54 -0700] "GET /serviceworker/resources/fetch-access-control.php?Auth HTTP/1.1" 401 23
::1 - - [23/Oct/2017:23:32:54 -0700] "GET /fetch/resources/redirect-loop.php?Redirect=&ACAOrigin=*&Count=98 HTTP/1.1" 302 -
::1 - - [23/Oct/2017:23:32:54 -0700] "GET /fetch/resources/redirect-loop.php?Redirect=&ACAOrigin=*&Count=97 HTTP/1.1" 302 -
::1 - - [23/Oct/2017:23:32:54 -0700] "GET /fetch/resources/redirect-loop.php?Redirect=&ACAOrigin=*&Count=96 HTTP/1.1" 302 -
::1 - - [23/Oct/2017:23:32:54 -0700] "GET /fetch/resources/redirect-loop.php?Redirect=&ACAOrigin=*&Count=95 HTTP/1.1" 302 -
::1 - - [23/Oct/2017:23:32:54 -0700] "GET /fetch/resources/redirect-loop.php?Redirect=&ACAOrigin=*&Count=94 HTTP/1.1" 302 -
::1 - - [23/Oct/2017:23:32:54 -0700] "GET /fetch/resources/redirect-loop.php?Redirect=&ACAOrigin=*&Count=93 HTTP/1.1" 302 -
::1 - - [23/Oct/2017:23:32:54 -0700] "GET /fetch/resources/redirect-loop.php?Redirect=&ACAOrigin=*&Count=92 HTTP/1.1" 302 -
::1 - - [23/Oct/2017:23:32:54 -0700] "GET /fetch/resources/redirect-loop.php?Redirect=&ACAOrigin=*&Count=91 HTTP/1.1" 302 -
::1 - - [23/Oct/2017:23:32:54 -0700] "GET /fetch/resources/redirect-loop.php?Redirect=&ACAOrigin=*&Count=90 HTTP/1.1" 302 -
::1 - username2s [23/Oct/2017:23:32:54 -0700] "GET /serviceworker/resources/fetch-access-control.php?Auth HTTP/1.1" 200 621
::1 - - [23/Oct/2017:23:32:54 -0700] "GET /fetch/resources/redirect-loop.php?Redirect=&ACAOrigin=*&Count=89 HTTP/1.1" 302 -
127.0.0.1 - - [23/Oct/2017:23:32:54 -0700] "GET /fetch/serviceworker-proxied/thorough/redirect-credentials-base-https-other-https.html HTTP/1.1" 200 1143
::1 - - [23/Oct/2017:23:32:54 -0700] "GET /fetch/resources/redirect-loop.php?Redirect=&ACAOrigin=*&Count=88 HTTP/1.1" 302 -
::1 - - [23/Oct/2017:23:32:54 -0700] "GET /fetch/resources/redirect-loop.php?Redirect=&ACAOrigin=*&Count=87 HTTP/1.1" 302 -
::1 - - [23/Oct/2017:23:32:54 -0700] "GET /fetch/resources/redirect-loop.php?Redirect=&ACAOrigin=*&Count=86 HTTP/1.1" 302 -
::1 - - [23/Oct/2017:23:32:54 -0700] "GET /fetch/resources/redirect-loop.php?Redirect=&ACAOrigin=*&Count=85 HTTP/1.1" 302 -
::1 - - [23/Oct/2017:23:32:54 -0700] "GET /fetch/resources/redirect-loop.php?Redirect=&ACAOrigin=*&Count=84 HTTP/1.1" 302 -
127.0.0.1 - - [23/Oct/2017:23:32:54 -0700] "GET /resources/get-host-info.js?pipe=sub HTTP/1.1" 200 1096
127.0.0.1 - - [23/Oct/2017:23:32:54 -0700] "GET /resources/testharnessreport.js HTTP/1.1" 200 13138
::1 - - [23/Oct/2017:23:32:54 -0700] "GET /fetch/resources/redirect-loop.php?Redirect=&ACAOrigin=*&Count=83 HTTP/1.1" 302 -
127.0.0.1 - - [23/Oct/2017:23:32:54 -0700] "GET /serviceworker/resources/test-helpers.js HTTP/1.1" 200 7459
127.0.0.1 - - [23/Oct/2017:23:32:54 -0700] "GET /resources/testharness.js HTTP/1.1" 200 104622
::1 - - [23/Oct/2017:23:32:54 -0700] "GET /fetch/resources/redirect-loop.php?Redirect=&ACAOrigin=*&Count=82 HTTP/1.1" 302 -
127.0.0.1 - - [23/Oct/2017:23:32:54 -0700] "GET /fetch/resources/fetch-test-options.js HTTP/1.1" 200 452
::1 - - [23/Oct/2017:23:32:54 -0700] "GET /fetch/resources/redirect-loop.php?Redirect=&ACAOrigin=*&Count=81 HTTP/1.1" 302 -
127.0.0.1 - - [23/Oct/2017:23:32:54 -0700] "GET /fetch/resources/fetch-test-helpers.js HTTP/1.1" 200 8701
127.0.0.1 - - [23/Oct/2017:23:32:54 -0700] "GET /fetch/resources/thorough-util.js HTTP/1.1" 200 16716
127.0.0.1 - - [23/Oct/2017:23:32:54 -0700] "GET /fetch/script-tests/thorough/redirect-credentials.js?-base-https-other-https HTTP/1.1" 200 4492
::1 - - [23/Oct/2017:23:32:54 -0700] "GET /fetch/resources/redirect-loop.php?Redirect=&ACAOrigin=*&Count=80 HTTP/1.1" 302 -
127.0.0.1 - - [23/Oct/2017:23:32:54 -0700] "GET /fetch/resources/init.js HTTP/1.1" 200 1783
127.0.0.1 - - [23/Oct/2017:23:32:54 -0700] "GET /fetch/resources/thorough-worker.js?-base-https-other-https HTTP/1.1" 200 1070
127.0.0.1 - - [23/Oct/2017:23:32:54 -0700] "GET /fetch/chromium/mime-sniffing.html HTTP/1.1" 200 387
127.0.0.1 - - [23/Oct/2017:23:32:54 -0700] "GET /fetch/resources/fetch-test-options.js HTTP/1.1" 200 452
127.0.0.1 - - [23/Oct/2017:23:32:54 -0700] "GET /fetch/resources/thorough-util.js HTTP/1.1" 200 16716
127.0.0.1 - - [23/Oct/2017:23:32:54 -0700] "GET /fetch/resources/thorough-iframe.html?-base-https-other-https HTTP/1.1" 200 551
127.0.0.1 - - [23/Oct/2017:23:32:54 -0700] "GET /fetch/chromium/resources/mime-sniffing.php HTTP/1.1" 200 53
127.0.0.1 - - [23/Oct/2017:23:32:54 -0700] "GET /fetch/resources/fetch-test-options.js HTTP/1.1" 200 452
127.0.0.1 - - [23/Oct/2017:23:32:54 -0700] "GET /fetch/resources/thorough-util.js HTTP/1.1" 200 16716
127.0.0.1 - - [23/Oct/2017:23:32:54 -0700] "GET /fetch/chromium/close-worker-while-requesting.html HTTP/1.1" 200 553
127.0.0.1 - - [23/Oct/2017:23:32:54 -0700] "GET /serviceworker/resources/redirect.php?Redirect=https%3A%2F%2F127.0.0.1%3A8443%2Fserviceworker%2Fresources%2Ffetch-access-control.php%3F&mode=cors&credentials=omit&method=GET HTTP/1.1" 302 -
127.0.0.1 - - [23/Oct/2017:23:32:54 -0700] "GET /serviceworker/resources/fetch-access-control.php? HTTP/1.1" 200 536
127.0.0.1 - - [23/Oct/2017:23:32:54 -0700] "GET /fetch/chromium/resources/close-worker-while-requesting.js HTTP/1.1" 200 193
127.0.0.1 - username1s [23/Oct/2017:23:32:54 -0700] "GET /serviceworker/resources/redirect.php?Redirect=https%3A%2F%2F127.0.0.1%3A8443%2Fserviceworker%2Fresources%2Ffetch-access-control.php%3F&mode=cors&credentials=include&method=GET HTTP/1.1" 302 -
127.0.0.1 - username1s [23/Oct/2017:23:32:54 -0700] "GET /serviceworker/resources/fetch-access-control.php? HTTP/1.1" 200 615
127.0.0.1 - - [23/Oct/2017:23:32:54 -0700] "GET /fetch/slow-failure.cgi?id=1 HTTP/1.1" 404 279
127.0.0.1 - username1s [23/Oct/2017:23:32:54 -0700] "GET /serviceworker/resources/redirect.php?Redirect=https%3A%2F%2F127.0.0.1%3A8443%2Fserviceworker%2Fresources%2Ffetch-access-control.php%3F&mode=cors&credentials=same-origin&method=GET HTTP/1.1" 302 -
127.0.0.1 - username1s [23/Oct/2017:23:32:54 -0700] "GET /serviceworker/resources/fetch-access-control.php? HTTP/1.1" 200 615
127.0.0.1 - - [23/Oct/2017:23:32:54 -0700] "GET /serviceworker/resources/redirect.php?Redirect=https%3A%2F%2Flocalhost%3A8443%2Fserviceworker%2Fresources%2Ffetch-access-control.php%3F&mode=cors&credentials=omit&method=GET HTTP/1.1" 302 -
127.0.0.1 - - [23/Oct/2017:23:32:54 -0700] "GET /fetch/chromium/data-saver.html HTTP/1.1" 200 4758
::1 - - [23/Oct/2017:23:32:54 -0700] "GET /serviceworker/resources/fetch-access-control.php? HTTP/1.1" 200 572
127.0.0.1 - username1s [23/Oct/2017:23:32:54 -0700] "GET /serviceworker/resources/redirect.php?Redirect=https%3A%2F%2Flocalhost%3A8443%2Fserviceworker%2Fresources%2Ffetch-access-control.php%3F&mode=cors&credentials=include&method=GET HTTP/1.1" 302 -
::1 - username2s [23/Oct/2017:23:32:54 -0700] "GET /serviceworker/resources/fetch-access-control.php? HTTP/1.1" 200 651
127.0.0.1 - username1s [23/Oct/2017:23:32:54 -0700] "GET /serviceworker/resources/redirect.php?Redirect=https%3A%2F%2Flocalhost%3A8443%2Fserviceworker%2Fresources%2Ffetch-access-control.php%3F&mode=cors&credentials=same-origin&method=GET HTTP/1.1" 302 -
127.0.0.1 - - [23/Oct/2017:23:32:54 -0700] "POST /fetch/chromium/resources/check-save-data-header.php HTTP/1.1" 200 12
::1 - - [23/Oct/2017:23:32:54 -0700] "GET /serviceworker/resources/fetch-access-control.php? HTTP/1.1" 200 572
127.0.0.1 - - [23/Oct/2017:23:32:54 -0700] "GET /fetch/chromium/resources/check-save-data-header.php HTTP/1.1" 200 12
127.0.0.1 - - [23/Oct/2017:23:32:54 -0700] "PUT /fetch/chromium/resources/check-save-data-header.php HTTP/1.1" 200 12
127.0.0.1 - - [23/Oct/2017:23:32:54 -0700] "GET /serviceworker/resources/redirect.php?Redirect=https%3A%2F%2Flocalhost%3A8443%2Fserviceworker%2Fresources%2Ffetch-access-control.php%3F%26ACAOrigin%3Dhttps%3A%2F%2F127.0.0.1%3A8443&mode=cors&credentials=omit&method=GET HTTP/1.1" 302 -
127.0.0.1 - - [23/Oct/2017:23:32:54 -0700] "POST /fetch/chromium/resources/check-save-data-header.php HTTP/1.1" 200 13
127.0.0.1 - - [23/Oct/2017:23:32:54 -0700] "GET /fetch/chromium/resources/check-save-data-header.php HTTP/1.1" 200 13
127.0.0.1 - - [23/Oct/2017:23:32:54 -0700] "PUT /fetch/chromium/resources/check-save-data-header.php HTTP/1.1" 200 13
::1 - - [23/Oct/2017:23:32:54 -0700] "GET /serviceworker/resources/fetch-access-control.php?&ACAOrigin=https://127.0.0.1:8443 HTTP/1.1" 200 610
127.0.0.1 - - [23/Oct/2017:23:32:54 -0700] "GET /fetch/chromium/resources/data-saver-worker.php?dedicated-disabled HTTP/1.1" 200 790
127.0.0.1 - - [23/Oct/2017:23:32:54 -0700] "GET /serviceworker/resources/redirect.php?Redirect=https%3A%2F%2Flocalhost%3A8443%2Fserviceworker%2Fresources%2Ffetch-access-control.php%3F%26ACAOrigin%3Dhttps%3A%2F%2F127.0.0.1%3A8443%26ACACredentials%3Dtrue&mode=cors&credentials=omit&method=GET HTTP/1.1" 302 -
::1 - - [23/Oct/2017:23:32:54 -0700] "GET /serviceworker/resources/fetch-access-control.php?&ACAOrigin=https://127.0.0.1:8443&ACACredentials=true HTTP/1.1" 200 634
127.0.0.1 - - [23/Oct/2017:23:32:54 -0700] "POST /fetch/chromium/resources/check-save-data-header.php HTTP/1.1" 200 12
127.0.0.1 - - [23/Oct/2017:23:32:54 -0700] "PUT /fetch/chromium/resources/check-save-data-header.php HTTP/1.1" 200 12
127.0.0.1 - - [23/Oct/2017:23:32:54 -0700] "GET /fetch/chromium/resources/check-save-data-header.php HTTP/1.1" 200 12
127.0.0.1 - username1s [23/Oct/2017:23:32:54 -0700] "GET /serviceworker/resources/redirect.php?Redirect=https%3A%2F%2Flocalhost%3A8443%2Fserviceworker%2Fresources%2Ffetch-access-control.php%3F%26ACAOrigin%3Dhttps%3A%2F%2F127.0.0.1%3A8443&mode=cors&credentials=include&method=GET HTTP/1.1" 302 -
::1 - username2s [23/Oct/2017:23:32:54 -0700] "GET /serviceworker/resources/fetch-access-control.php?&ACAOrigin=https://127.0.0.1:8443 HTTP/1.1" 200 689
127.0.0.1 - - [23/Oct/2017:23:32:54 -0700] "GET /fetch/chromium/resources/data-saver-worker.php?dedicated-enabled HTTP/1.1" 200 791
127.0.0.1 - username1s [23/Oct/2017:23:32:54 -0700] "GET /serviceworker/resources/redirect.php?Redirect=https%3A%2F%2Flocalhost%3A8443%2Fserviceworker%2Fresources%2Ffetch-access-control.php%3F%26ACAOrigin%3Dhttps%3A%2F%2F127.0.0.1%3A8443%26ACACredentials%3Dtrue&mode=cors&credentials=include&method=GET HTTP/1.1" 302 -
::1 - username2s [23/Oct/2017:23:32:54 -0700] "GET /serviceworker/resources/fetch-access-control.php?&ACAOrigin=https://127.0.0.1:8443&ACACredentials=true HTTP/1.1" 200 713
127.0.0.1 - - [23/Oct/2017:23:32:54 -0700] "POST /fetch/chromium/resources/check-save-data-header.php HTTP/1.1" 200 13
127.0.0.1 - - [23/Oct/2017:23:32:54 -0700] "PUT /fetch/chromium/resources/check-save-data-header.php HTTP/1.1" 200 13
127.0.0.1 - - [23/Oct/2017:23:32:54 -0700] "GET /fetch/chromium/resources/check-save-data-header.php HTTP/1.1" 200 13
127.0.0.1 - username1s [23/Oct/2017:23:32:54 -0700] "GET /serviceworker/resources/redirect.php?Redirect=https%3A%2F%2Flocalhost%3A8443%2Fserviceworker%2Fresources%2Ffetch-access-control.php%3F%26ACAOrigin%3Dhttps%3A%2F%2F127.0.0.1%3A8443&mode=cors&credentials=same-origin&method=GET HTTP/1.1" 302 -
::1 - - [23/Oct/2017:23:32:54 -0700] "GET /serviceworker/resources/fetch-access-control.php?&ACAOrigin=https://127.0.0.1:8443 HTTP/1.1" 200 610
127.0.0.1 - - [23/Oct/2017:23:32:54 -0700] "GET /fetch/chromium/resources/data-saver-worker.php?shared-disabled HTTP/1.1" 200 790
127.0.0.1 - username1s [23/Oct/2017:23:32:54 -0700] "GET /serviceworker/resources/redirect.php?Redirect=https%3A%2F%2Flocalhost%3A8443%2Fserviceworker%2Fresources%2Ffetch-access-control.php%3F%26ACAOrigin%3Dhttps%3A%2F%2F127.0.0.1%3A8443%26ACACredentials%3Dtrue&mode=cors&credentials=same-origin&method=GET HTTP/1.1" 302 -
::1 - - [23/Oct/2017:23:32:54 -0700] "GET /serviceworker/resources/fetch-access-control.php?&ACAOrigin=https://127.0.0.1:8443&ACACredentials=true HTTP/1.1" 200 634
127.0.0.1 - - [23/Oct/2017:23:32:54 -0700] "PUT /fetch/chromium/resources/check-save-data-header.php HTTP/1.1" 200 12
127.0.0.1 - - [23/Oct/2017:23:32:54 -0700] "POST /fetch/chromium/resources/check-save-data-header.php HTTP/1.1" 200 12
127.0.0.1 - - [23/Oct/2017:23:32:54 -0700] "GET /fetch/chromium/resources/check-save-data-header.php HTTP/1.1" 200 12
::1 - - [23/Oct/2017:23:32:54 -0700] "GET /serviceworker/resources/redirect.php?Redirect=https%3A%2F%2F127.0.0.1%3A8443%2Fserviceworker%2Fresources%2Ffetch-access-control.php%3FACAOrigin%3D*&mode=cors&credentials=omit&method=GET&ACAOrigin=* HTTP/1.1" 302 -
127.0.0.1 - - [23/Oct/2017:23:32:54 -0700] "GET /serviceworker/resources/fetch-access-control.php?ACAOrigin=* HTTP/1.1" 200 567
127.0.0.1 - - [23/Oct/2017:23:32:54 -0700] "GET /fetch/chromium/resources/data-saver-worker.php?shared-enabled HTTP/1.1" 200 791
::1 - username2s [23/Oct/2017:23:32:54 -0700] "GET /serviceworker/resources/redirect.php?Redirect=https%3A%2F%2F127.0.0.1%3A8443%2Fserviceworker%2Fresources%2Ffetch-access-control.php%3FACAOrigin%3D*&mode=cors&credentials=include&method=GET&ACAOrigin=* HTTP/1.1" 302 -
::1 - - [23/Oct/2017:23:32:54 -0700] "GET /serviceworker/resources/redirect.php?Redirect=https%3A%2F%2F127.0.0.1%3A8443%2Fserviceworker%2Fresources%2Ffetch-access-control.php%3FACAOrigin%3D*&mode=cors&credentials=same-origin&method=GET&ACAOrigin=* HTTP/1.1" 302 -
127.0.0.1 - - [23/Oct/2017:23:32:54 -0700] "GET /serviceworker/resources/fetch-access-control.php?ACAOrigin=* HTTP/1.1" 200 567
127.0.0.1 - - [23/Oct/2017:23:32:54 -0700] "POST /fetch/chromium/resources/check-save-data-header.php HTTP/1.1" 200 13
127.0.0.1 - - [23/Oct/2017:23:32:54 -0700] "PUT /fetch/chromium/resources/check-save-data-header.php HTTP/1.1" 200 13
127.0.0.1 - - [23/Oct/2017:23:32:54 -0700] "GET /fetch/chromium/resources/check-save-data-header.php HTTP/1.1" 200 13
::1 - - [23/Oct/2017:23:32:54 -0700] "GET /serviceworker/resources/redirect.php?Redirect=https%3A%2F%2F127.0.0.1%3A8443%2Fserviceworker%2Fresources%2Ffetch-access-control.php%3FACAOrigin%3Dnull%26ACACredentials%3Dtrue&mode=cors&credentials=omit&method=GET&ACAOrigin=https://127.0.0.1:8443&ACACredentials=true HTTP/1.1" 302 -
127.0.0.1 - - [23/Oct/2017:23:32:54 -0700] "GET /serviceworker/resources/fetch-access-control.php?ACAOrigin=null&ACACredentials=true HTTP/1.1" 200 594
::1 - username2s [23/Oct/2017:23:32:54 -0700] "GET /serviceworker/resources/redirect.php?Redirect=https%3A%2F%2F127.0.0.1%3A8443%2Fserviceworker%2Fresources%2Ffetch-access-control.php%3FACAOrigin%3Dnull%26ACACredentials%3Dtrue&mode=cors&credentials=include&method=GET&ACAOrigin=https://127.0.0.1:8443&ACACredentials=true HTTP/1.1" 302 -
127.0.0.1 - username1s [23/Oct/2017:23:32:54 -0700] "GET /serviceworker/resources/fetch-access-control.php?ACAOrigin=null&ACACredentials=true HTTP/1.1" 200 673
::1 - - [23/Oct/2017:23:32:54 -0700] "GET /serviceworker/resources/redirect.php?Redirect=https%3A%2F%2F127.0.0.1%3A8443%2Fserviceworker%2Fresources%2Ffetch-access-control.php%3FACAOrigin%3Dnull%26ACACredentials%3Dtrue&mode=cors&credentials=same-origin&method=GET&ACAOrigin=https://127.0.0.1:8443&ACACredentials=true HTTP/1.1" 302 -
127.0.0.1 - - [23/Oct/2017:23:32:54 -0700] "GET /serviceworker/resources/fetch-access-control.php?ACAOrigin=null&ACACredentials=true HTTP/1.1" 200 594
127.0.0.1 - - [23/Oct/2017:23:32:54 -0700] "GET /fetch/chromium/discarded-window.html HTTP/1.1" 200 877
127.0.0.1 - - [23/Oct/2017:23:32:54 -0700] "GET /fetch/serviceworker-proxied/thorough/redirect-base-https-other-https.html HTTP/1.1" 200 1131
127.0.0.1 - - [23/Oct/2017:23:32:54 -0700] "GET /fetch/script-tests/thorough/redirect.js?-base-https-other-https HTTP/1.1" 200 18457
127.0.0.1 - - [23/Oct/2017:23:32:54 -0700] "GET /fetch/referrer/no-referrer-document.html HTTP/1.1" 200 3005
127.0.0.1 - - [23/Oct/2017:23:32:54 -0700] "GET /serviceworker/resources/test-helpers.js HTTP/1.1" 200 7459
127.0.0.1 - - [23/Oct/2017:23:32:54 -0700] "GET /fetch/resources/fetch-test-options.js HTTP/1.1" 200 452
127.0.0.1 - - [23/Oct/2017:23:32:54 -0700] "GET /fetch/resources/referrer.php HTTP/1.1" 200 28
127.0.0.1 - - [23/Oct/2017:23:32:54 -0700] "GET /serviceworker/resources/fetch-access-control.php?Auth HTTP/1.1" 401 23
127.0.0.1 - username1 [23/Oct/2017:23:32:54 -0700] "GET /serviceworker/resources/fetch-access-control.php?Auth HTTP/1.1" 200 618
127.0.0.1 - - [23/Oct/2017:23:32:54 -0700] "GET /fetch/resources/referrer.php HTTP/1.1" 200 28
127.0.0.1 - - [23/Oct/2017:23:32:54 -0700] "GET /fetch/resources/referrer.php HTTP/1.1" 200 82
127.0.0.1 - - [23/Oct/2017:23:32:54 -0700] "GET /fetch/resources/referrer.php HTTP/1.1" 200 40
127.0.0.1 - - [23/Oct/2017:23:32:54 -0700] "GET /fetch/resources/referrer.php HTTP/1.1" 200 82
127.0.0.1 - - [23/Oct/2017:23:32:54 -0700] "GET /fetch/resources/referrer.php HTTP/1.1" 200 82
::1 - - [23/Oct/2017:23:32:54 -0700] "GET /fetch/resources/referrer.php HTTP/1.1" 200 28
::1 - - [23/Oct/2017:23:32:54 -0700] "GET /fetch/resources/referrer.php HTTP/1.1" 200 28
::1 - - [23/Oct/2017:23:32:54 -0700] "GET /serviceworker/resources/fetch-access-control.php?Auth HTTP/1.1" 401 23
::1 - - [23/Oct/2017:23:32:54 -0700] "GET /fetch/resources/referrer.php HTTP/1.1" 200 82
::1 - username2 [23/Oct/2017:23:32:54 -0700] "GET /serviceworker/resources/fetch-access-control.php?Auth HTTP/1.1" 200 618
::1 - - [23/Oct/2017:23:32:54 -0700] "GET /fetch/resources/referrer.php HTTP/1.1" 200 40
::1 - - [23/Oct/2017:23:32:54 -0700] "GET /fetch/resources/referrer.php HTTP/1.1" 200 40
127.0.0.1 - - [23/Oct/2017:23:32:54 -0700] "GET /serviceworker/resources/fetch-access-control-login.html HTTP/1.1" 200 494
::1 - - [23/Oct/2017:23:32:54 -0700] "GET /fetch/resources/referrer.php HTTP/1.1" 200 82
127.0.0.1 - - [23/Oct/2017:23:32:54 -0700] "GET /fetch/resources/referrer.php HTTP/1.1" 200 28
127.0.0.1 - - [23/Oct/2017:23:32:54 -0700] "GET /fetch/resources/referrer.php HTTP/1.1" 200 28
127.0.0.1 - - [23/Oct/2017:23:32:54 -0700] "GET /serviceworker/resources/fetch-access-control.php?Auth HTTP/1.1" 401 23
127.0.0.1 - - [23/Oct/2017:23:32:54 -0700] "GET /fetch/resources/referrer.php HTTP/1.1" 200 28
127.0.0.1 - username1s [23/Oct/2017:23:32:54 -0700] "GET /serviceworker/resources/fetch-access-control.php?Auth HTTP/1.1" 200 621
127.0.0.1 - - [23/Oct/2017:23:32:54 -0700] "GET /fetch/resources/referrer.php HTTP/1.1" 200 28
127.0.0.1 - - [23/Oct/2017:23:32:54 -0700] "GET /fetch/resources/referrer.php HTTP/1.1" 200 28
::1 - - [23/Oct/2017:23:32:54 -0700] "GET /serviceworker/resources/fetch-access-control-login.html HTTP/1.1" 200 494
127.0.0.1 - - [23/Oct/2017:23:32:54 -0700] "GET /fetch/resources/referrer.php HTTP/1.1" 200 28
::1 - - [23/Oct/2017:23:32:54 -0700] "GET /fetch/resources/referrer.php HTTP/1.1" 200 28
::1 - - [23/Oct/2017:23:32:54 -0700] "GET /fetch/resources/referrer.php HTTP/1.1" 200 28
::1 - - [23/Oct/2017:23:32:54 -0700] "GET /fetch/resources/referrer.php HTTP/1.1" 200 28
::1 - - [23/Oct/2017:23:32:54 -0700] "GET /serviceworker/resources/fetch-access-control.php?Auth HTTP/1.1" 401 23
::1 - - [23/Oct/2017:23:32:54 -0700] "GET /fetch/resources/referrer.php HTTP/1.1" 200 28
::1 - - [23/Oct/2017:23:32:54 -0700] "GET /fetch/resources/referrer.php HTTP/1.1" 200 28
::1 - - [23/Oct/2017:23:32:54 -0700] "GET /fetch/resources/referrer.php HTTP/1.1" 200 28
127.0.0.1 - - [23/Oct/2017:23:32:54 -0700] "GET /fetch/resources/referrer.php HTTP/1.1" 200 28
127.0.0.1 - - [23/Oct/2017:23:32:54 -0700] "GET /fetch/resources/referrer.php HTTP/1.1" 200 28
127.0.0.1 - - [23/Oct/2017:23:32:54 -0700] "GET /fetch/resources/referrer.php HTTP/1.1" 200 43
127.0.0.1 - - [23/Oct/2017:23:32:54 -0700] "GET /fetch/resources/referrer.php HTTP/1.1" 200 40
::1 - username2s [23/Oct/2017:23:32:54 -0700] "GET /serviceworker/resources/fetch-access-control.php?Auth HTTP/1.1" 200 621
127.0.0.1 - - [23/Oct/2017:23:32:54 -0700] "GET /fetch/resources/referrer.php HTTP/1.1" 200 43
127.0.0.1 - - [23/Oct/2017:23:32:54 -0700] "GET /fetch/resources/referrer.php HTTP/1.1" 200 43
127.0.0.1 - - [23/Oct/2017:23:32:54 -0700] "GET /fetch/serviceworker-proxied/thorough/redirect-base-https-other-https.html HTTP/1.1" 200 1131
::1 - - [23/Oct/2017:23:32:54 -0700] "GET /fetch/resources/referrer.php HTTP/1.1" 200 28
::1 - - [23/Oct/2017:23:32:54 -0700] "GET /fetch/resources/referrer.php HTTP/1.1" 200 28
::1 - - [23/Oct/2017:23:32:54 -0700] "GET /fetch/resources/referrer.php HTTP/1.1" 200 43
::1 - - [23/Oct/2017:23:32:54 -0700] "GET /fetch/resources/referrer.php HTTP/1.1" 200 40
127.0.0.1 - - [23/Oct/2017:23:32:54 -0700] "GET /resources/get-host-info.js?pipe=sub HTTP/1.1" 200 1096
127.0.0.1 - - [23/Oct/2017:23:32:54 -0700] "GET /resources/testharnessreport.js HTTP/1.1" 200 13138
::1 - - [23/Oct/2017:23:32:54 -0700] "GET /fetch/resources/referrer.php HTTP/1.1" 200 40
127.0.0.1 - - [23/Oct/2017:23:32:54 -0700] "GET /serviceworker/resources/test-helpers.js HTTP/1.1" 200 7459
127.0.0.1 - - [23/Oct/2017:23:32:54 -0700] "GET /resources/testharness.js HTTP/1.1" 200 104622
::1 - - [23/Oct/2017:23:32:54 -0700] "GET /fetch/resources/referrer.php HTTP/1.1" 200 43
127.0.0.1 - - [23/Oct/2017:23:32:54 -0700] "GET /fetch/resources/fetch-test-options.js HTTP/1.1" 200 452
127.0.0.1 - - [23/Oct/2017:23:32:54 -0700] "GET /fetch/resources/fetch-test-helpers.js HTTP/1.1" 200 8701
127.0.0.1 - - [23/Oct/2017:23:32:54 -0700] "GET /fetch/resources/init.js HTTP/1.1" 200 1783
127.0.0.1 - - [23/Oct/2017:23:32:54 -0700] "GET /fetch/resources/thorough-util.js HTTP/1.1" 200 16716
127.0.0.1 - - [23/Oct/2017:23:32:54 -0700] "GET /fetch/script-tests/thorough/redirect.js?-base-https-other-https HTTP/1.1" 200 18457
127.0.0.1 - - [23/Oct/2017:23:32:54 -0700] "GET /fetch/resources/thorough-worker.js?-base-https-other-https HTTP/1.1" 200 1070
127.0.0.1 - - [23/Oct/2017:23:32:54 -0700] "GET /fetch/referrer/origin-when-cross-origin-document.html HTTP/1.1" 200 3040
127.0.0.1 - - [23/Oct/2017:23:32:54 -0700] "GET /fetch/resources/fetch-test-options.js HTTP/1.1" 200 452
127.0.0.1 - - [23/Oct/2017:23:32:54 -0700] "GET /fetch/resources/thorough-util.js HTTP/1.1" 200 16716
127.0.0.1 - - [23/Oct/2017:23:32:54 -0700] "GET /fetch/resources/thorough-iframe.html?-base-https-other-https HTTP/1.1" 200 551
127.0.0.1 - - [23/Oct/2017:23:32:54 -0700] "GET /fetch/resources/fetch-test-options.js HTTP/1.1" 200 452
127.0.0.1 - - [23/Oct/2017:23:32:54 -0700] "GET /fetch/resources/thorough-util.js HTTP/1.1" 200 16716
127.0.0.1 - - [23/Oct/2017:23:32:54 -0700] "GET /fetch/resources/referrer.php HTTP/1.1" 200 95
127.0.0.1 - username1s [23/Oct/2017:23:32:54 -0700] "GET /serviceworker/resources/redirect.php?Redirect=https%3A%2F%2F127.0.0.1%3A8443%2Fserviceworker%2Fresources%2Ffetch-access-control.php%3F&mode=same-origin&method=GET HTTP/1.1" 302 -
127.0.0.1 - - [23/Oct/2017:23:32:54 -0700] "GET /fetch/resources/referrer.php HTTP/1.1" 200 28
127.0.0.1 - username1s [23/Oct/2017:23:32:54 -0700] "GET /serviceworker/resources/fetch-access-control.php? HTTP/1.1" 200 615
127.0.0.1 - - [23/Oct/2017:23:32:54 -0700] "GET /fetch/resources/referrer.php HTTP/1.1" 200 95
127.0.0.1 - - [23/Oct/2017:23:32:54 -0700] "GET /fetch/resources/referrer.php HTTP/1.1" 200 40
127.0.0.1 - - [23/Oct/2017:23:32:54 -0700] "GET /fetch/resources/referrer.php HTTP/1.1" 200 95
127.0.0.1 - - [23/Oct/2017:23:32:54 -0700] "GET /fetch/resources/referrer.php HTTP/1.1" 200 95
::1 - - [23/Oct/2017:23:32:54 -0700] "GET /fetch/resources/referrer.php HTTP/1.1" 200 40
::1 - - [23/Oct/2017:23:32:54 -0700] "GET /fetch/resources/referrer.php HTTP/1.1" 200 28
127.0.0.1 - username1s [23/Oct/2017:23:32:54 -0700] "GET /serviceworker/resources/redirect.php?Redirect=noLocation&mode=same-origin&method=GET&NoRedirectTest=true HTTP/1.1" 302 35
::1 - - [23/Oct/2017:23:32:54 -0700] "GET /fetch/resources/referrer.php HTTP/1.1" 200 95
::1 - - [23/Oct/2017:23:32:54 -0700] "GET /fetch/resources/referrer.php HTTP/1.1" 200 40
127.0.0.1 - username1s [23/Oct/2017:23:32:54 -0700] "GET /serviceworker/resources/redirect.php?Redirect=http://&mode=same-origin&method=GET HTTP/1.1" 302 -
::1 - - [23/Oct/2017:23:32:54 -0700] "GET /fetch/resources/referrer.php HTTP/1.1" 200 40
::1 - - [23/Oct/2017:23:32:54 -0700] "GET /fetch/resources/referrer.php HTTP/1.1" 200 95
127.0.0.1 - username1s [23/Oct/2017:23:32:54 -0700] "GET /serviceworker/resources/redirect.php?Redirect=https%3A%2F%2F127.0.0.1%3A8443%2Fserviceworker%2Fresources%2Ffetch-access-control.php%3F&mode=same-origin&redirectmode=manual&method=GET HTTP/1.1" 302 -
127.0.0.1 - - [23/Oct/2017:23:32:54 -0700] "GET /fetch/resources/referrer.php HTTP/1.1" 200 28
127.0.0.1 - - [23/Oct/2017:23:32:54 -0700] "GET /fetch/resources/referrer.php HTTP/1.1" 200 28
127.0.0.1 - username1s [23/Oct/2017:23:32:54 -0700] "GET /serviceworker/resources/redirect.php?Redirect=noLocation&mode=same-origin&redirectmode=manual&method=GET&NoRedirectTest=true HTTP/1.1" 302 35
127.0.0.1 - - [23/Oct/2017:23:32:54 -0700] "GET /fetch/resources/referrer.php HTTP/1.1" 200 28
127.0.0.1 - username1s [23/Oct/2017:23:32:54 -0700] "GET /serviceworker/resources/redirect.php?Redirect=http://&mode=same-origin&redirectmode=manual&method=GET&NoRedirectTest=true HTTP/1.1" 302 35
127.0.0.1 - - [23/Oct/2017:23:32:54 -0700] "GET /fetch/resources/referrer.php HTTP/1.1" 200 28
127.0.0.1 - - [23/Oct/2017:23:32:54 -0700] "GET /fetch/resources/referrer.php HTTP/1.1" 200 28
127.0.0.1 - username1s [23/Oct/2017:23:32:54 -0700] "GET /serviceworker/resources/redirect.php?Redirect=https%3A%2F%2F127.0.0.1%3A8443%2Fserviceworker%2Fresources%2Ffetch-access-control.php%3F&mode=same-origin&method=GET&headers=CUSTOM HTTP/1.1" 302 -
127.0.0.1 - - [23/Oct/2017:23:32:54 -0700] "GET /fetch/resources/referrer.php HTTP/1.1" 200 28
127.0.0.1 - username1s [23/Oct/2017:23:32:54 -0700] "GET /serviceworker/resources/fetch-access-control.php? HTTP/1.1" 200 645
::1 - - [23/Oct/2017:23:32:54 -0700] "GET /fetch/resources/referrer.php HTTP/1.1" 200 28
::1 - - [23/Oct/2017:23:32:54 -0700] "GET /fetch/resources/referrer.php HTTP/1.1" 200 28
127.0.0.1 - username1s [23/Oct/2017:23:32:54 -0700] "POST /serviceworker/resources/redirect.php?Redirect=https%3A%2F%2F127.0.0.1%3A8443%2Fserviceworker%2Fresources%2Ffetch-access-control.php%3F&mode=same-origin&method=POST&Status=301 HTTP/1.1" 301 -
::1 - - [23/Oct/2017:23:32:54 -0700] "GET /fetch/resources/referrer.php HTTP/1.1" 200 28
127.0.0.1 - username1s [23/Oct/2017:23:32:54 -0700] "GET /serviceworker/resources/fetch-access-control.php? HTTP/1.1" 200 615
::1 - - [23/Oct/2017:23:32:54 -0700] "GET /fetch/resources/referrer.php HTTP/1.1" 200 28
::1 - - [23/Oct/2017:23:32:54 -0700] "GET /fetch/resources/referrer.php HTTP/1.1" 200 28
127.0.0.1 - username1s [23/Oct/2017:23:32:54 -0700] "POST /serviceworker/resources/redirect.php?Redirect=https%3A%2F%2F127.0.0.1%3A8443%2Fserviceworker%2Fresources%2Ffetch-access-control.php%3F&mode=same-origin&method=POST HTTP/1.1" 302 -
::1 - - [23/Oct/2017:23:32:54 -0700] "GET /fetch/resources/referrer.php HTTP/1.1" 200 28
127.0.0.1 - username1s [23/Oct/2017:23:32:54 -0700] "GET /serviceworker/resources/fetch-access-control.php? HTTP/1.1" 200 615
127.0.0.1 - - [23/Oct/2017:23:32:54 -0700] "GET /fetch/resources/referrer.php HTTP/1.1" 200 43
127.0.0.1 - username1s [23/Oct/2017:23:32:54 -0700] "POST /serviceworker/resources/redirect.php?Redirect=https%3A%2F%2F127.0.0.1%3A8443%2Fserviceworker%2Fresources%2Ffetch-access-control.php%3F&mode=same-origin&method=POST&Status=303 HTTP/1.1" 303 -
127.0.0.1 - - [23/Oct/2017:23:32:54 -0700] "GET /fetch/resources/referrer.php HTTP/1.1" 200 28
127.0.0.1 - username1s [23/Oct/2017:23:32:54 -0700] "GET /serviceworker/resources/fetch-access-control.php? HTTP/1.1" 200 615
127.0.0.1 - - [23/Oct/2017:23:32:54 -0700] "GET /fetch/resources/referrer.php HTTP/1.1" 200 43
127.0.0.1 - - [23/Oct/2017:23:32:54 -0700] "GET /fetch/resources/referrer.php HTTP/1.1" 200 40
127.0.0.1 - username1s [23/Oct/2017:23:32:54 -0700] "POST /serviceworker/resources/redirect.php?Redirect=https%3A%2F%2F127.0.0.1%3A8443%2Fserviceworker%2Fresources%2Ffetch-access-control.php%3F&mode=same-origin&method=POST&Status=307 HTTP/1.1" 307 -
127.0.0.1 - - [23/Oct/2017:23:32:54 -0700] "GET /fetch/resources/referrer.php HTTP/1.1" 200 43
127.0.0.1 - username1s [23/Oct/2017:23:32:54 -0700] "POST /serviceworker/resources/fetch-access-control.php? HTTP/1.1" 200 673
127.0.0.1 - - [23/Oct/2017:23:32:54 -0700] "GET /fetch/resources/referrer.php HTTP/1.1" 200 43
::1 - - [23/Oct/2017:23:32:54 -0700] "GET /fetch/resources/referrer.php HTTP/1.1" 200 40
127.0.0.1 - username1s [23/Oct/2017:23:32:54 -0700] "POST /serviceworker/resources/redirect.php?Redirect=https%3A%2F%2F127.0.0.1%3A8443%2Fserviceworker%2Fresources%2Ffetch-access-control.php%3F&mode=same-origin&credentials=same-origin&method=POST&Status=201&NoRedirectTest=true HTTP/1.1" 201 35
::1 - - [23/Oct/2017:23:32:54 -0700] "GET /fetch/resources/referrer.php HTTP/1.1" 200 28
::1 - - [23/Oct/2017:23:32:54 -0700] "GET /fetch/resources/referrer.php HTTP/1.1" 200 43
127.0.0.1 - username1s [23/Oct/2017:23:32:54 -0700] "PUT /serviceworker/resources/redirect.php?Redirect=https%3A%2F%2F127.0.0.1%3A8443%2Fserviceworker%2Fresources%2Ffetch-access-control.php%3F&mode=same-origin&credentials=same-origin&method=PUT HTTP/1.1" 302 -
::1 - - [23/Oct/2017:23:32:54 -0700] "GET /fetch/resources/referrer.php HTTP/1.1" 200 40
127.0.0.1 - username1s [23/Oct/2017:23:32:54 -0700] "PUT /serviceworker/resources/fetch-access-control.php? HTTP/1.1" 200 672
::1 - - [23/Oct/2017:23:32:54 -0700] "GET /fetch/resources/referrer.php HTTP/1.1" 200 40
::1 - - [23/Oct/2017:23:32:54 -0700] "GET /fetch/resources/referrer.php HTTP/1.1" 200 43
127.0.0.1 - username1s [23/Oct/2017:23:32:54 -0700] "GET /serviceworker/resources/redirect.php?Redirect=https%3A%2F%2F127.0.0.1%3A8443%2Fserviceworker%2Fresources%2Ffetch-access-control.php%3F&mode=cors&credentials=same-origin&method=GET&headers=CUSTOM HTTP/1.1" 302 -
127.0.0.1 - username1s [23/Oct/2017:23:32:54 -0700] "GET /serviceworker/resources/fetch-access-control.php? HTTP/1.1" 200 645
127.0.0.1 - username1s [23/Oct/2017:23:32:54 -0700] "GET /serviceworker/resources/redirect.php?Redirect=https%3A%2F%2Flocalhost%3A8443%2Fserviceworker%2Fresources%2Ffetch-access-control.php%3F&mode=same-origin&credentials=same-origin&method=GET HTTP/1.1" 302 -
127.0.0.1 - username1s [23/Oct/2017:23:32:54 -0700] "POST /serviceworker/resources/redirect.php?Redirect=https%3A%2F%2Flocalhost%3A8443%2Fserviceworker%2Fresources%2Ffetch-access-control.php%3F&mode=same-origin&credentials=same-origin&method=POST HTTP/1.1" 302 -
