::1 - - [23/Oct/2017:23:32:49 -0700] "OPTIONS /serviceworker/resources/fetch-access-control.php?mode=cors&credentials=same-origin&method=PUT&ACAOrigin=http://127.0.0.1:8000&ACAMethods=PUT HTTP/1.1" 200 702
::1 - - [23/Oct/2017:23:32:49 -0700] "PUT /serviceworker/resources/fetch-access-control.php?mode=cors&credentials=same-origin&method=PUT&ACAOrigin=http://127.0.0.1:8000&ACAMethods=PUT HTTP/1.1" 200 681
::1 - - [23/Oct/2017:23:32:49 -0700] "OPTIONS /serviceworker/resources/fetch-access-control.php?mode=cors&credentials=same-origin&method=PUT&ACAOrigin=http://127.0.0.1:8000&headers=CUSTOM&ACAMethods=PUT HTTP/1.1" 200 777
::1 - - [23/Oct/2017:23:32:49 -0700] "OPTIONS /serviceworker/resources/fetch-access-control.php?mode=cors&credentials=same-origin&method=PUT&ACAOrigin=http://127.0.0.1:8000&headers=CUSTOM&ACAMethods=PUT&ACAHeaders=x-serviceworker-test HTTP/1.1" 200 813
::1 - - [23/Oct/2017:23:32:49 -0700] "PUT /serviceworker/resources/fetch-access-control.php?mode=cors&credentials=same-origin&method=PUT&ACAOrigin=http://127.0.0.1:8000&headers=CUSTOM&ACAMethods=PUT&ACAHeaders=x-serviceworker-test HTTP/1.1" 200 766
::1 - - [23/Oct/2017:23:32:49 -0700] "OPTIONS /serviceworker/resources/fetch-access-control.php?mode=cors&credentials=same-origin&method=PUT&ACAOrigin=http://127.0.0.1:8000&headers=CUSTOM&ACAMethods=PUT&ACAHeaders=x-serviceworker-test&ACEHeaders=Content-Length,%20X-ServiceWorker-ServerHeader HTTP/1.1" 200 873
::1 - - [23/Oct/2017:23:32:49 -0700] "PUT /serviceworker/resources/fetch-access-control.php?mode=cors&credentials=same-origin&method=PUT&ACAOrigin=http://127.0.0.1:8000&headers=CUSTOM&ACAMethods=PUT&ACAHeaders=x-serviceworker-test&ACEHeaders=Content-Length,%20X-ServiceWorker-ServerHeader HTTP/1.1" 200 826
::1 - - [23/Oct/2017:23:32:49 -0700] "OPTIONS /serviceworker/resources/fetch-access-control.php?mode=cors&credentials=same-origin&method=PUT&ACAOrigin=http://127.0.0.1:8000&headers=CUSTOM&ACAMethods=PUT,%20XXX HTTP/1.1" 200 782
::1 - - [23/Oct/2017:23:32:49 -0700] "OPTIONS /serviceworker/resources/fetch-access-control.php?mode=cors&credentials=same-origin&method=PUT&ACAOrigin=http://127.0.0.1:8000&headers=CUSTOM&ACAMethods=PUT,%20XXX&ACAHeaders=x-serviceworker-test HTTP/1.1" 200 818
::1 - - [23/Oct/2017:23:32:49 -0700] "PUT /serviceworker/resources/fetch-access-control.php?mode=cors&credentials=same-origin&method=PUT&ACAOrigin=http://127.0.0.1:8000&headers=CUSTOM&ACAMethods=PUT,%20XXX&ACAHeaders=x-serviceworker-test HTTP/1.1" 200 771
::1 - - [23/Oct/2017:23:32:49 -0700] "OPTIONS /serviceworker/resources/fetch-access-control.php?mode=cors&credentials=same-origin&method=PUT&ACAOrigin=http://127.0.0.1:8000&headers=CUSTOM&ACAMethods=PUT,%20XXX&ACAHeaders=x-serviceworker-test&ACEHeaders=Content-Length,%20X-ServiceWorker-ServerHeader HTTP/1.1" 200 878
::1 - - [23/Oct/2017:23:32:49 -0700] "PUT /serviceworker/resources/fetch-access-control.php?mode=cors&credentials=same-origin&method=PUT&ACAOrigin=http://127.0.0.1:8000&headers=CUSTOM&ACAMethods=PUT,%20XXX&ACAHeaders=x-serviceworker-test&ACEHeaders=Content-Length,%20X-ServiceWorker-ServerHeader HTTP/1.1" 200 831
::1 - - [23/Oct/2017:23:32:49 -0700] "OPTIONS /serviceworker/resources/fetch-access-control.php?mode=cors&credentials=same-origin&method=PUT&ACAOrigin=*&PACAOrigin=*&PACAMethods=PUT&PreflightTest=200 HTTP/1.1" 200 720
::1 - - [23/Oct/2017:23:32:49 -0700] "PUT /serviceworker/resources/fetch-access-control.php?mode=cors&credentials=same-origin&method=PUT&ACAOrigin=*&PACAOrigin=*&PACAMethods=PUT&PreflightTest=200 HTTP/1.1" 200 699
::1 - - [23/Oct/2017:23:32:49 -0700] "OPTIONS /serviceworker/resources/fetch-access-control.php?mode=cors&credentials=same-origin&method=PUT&ACAOrigin=*&PACAOrigin=*&ACAMethods=PUT&PreflightTest=200 HTTP/1.1" 200 719
::1 - - [23/Oct/2017:23:32:49 -0700] "OPTIONS /serviceworker/resources/fetch-access-control.php?mode=cors&credentials=same-origin&method=PUT&headers=CUSTOM&ACAOrigin=*&PACAOrigin=*&PACAMethods=PUT&PACAHeaders=x-serviceworker-test&PreflightTest=200 HTTP/1.1" 200 832
::1 - - [23/Oct/2017:23:32:49 -0700] "PUT /serviceworker/resources/fetch-access-control.php?mode=cors&credentials=same-origin&method=PUT&headers=CUSTOM&ACAOrigin=*&PACAOrigin=*&PACAMethods=PUT&PACAHeaders=x-serviceworker-test&PreflightTest=200 HTTP/1.1" 200 785
::1 - - [23/Oct/2017:23:32:49 -0700] "OPTIONS /serviceworker/resources/fetch-access-control.php?mode=cors&credentials=same-origin&method=PUT&headers=CUSTOM&ACAOrigin=*&PACAOrigin=*&PACAMethods=PUT&ACAHeaders=x-serviceworker-test&PreflightTest=200 HTTP/1.1" 200 831
::1 - - [23/Oct/2017:23:32:49 -0700] "OPTIONS /serviceworker/resources/fetch-access-control.php?mode=cors&credentials=same-origin&method=PUT&ACAOrigin=*&PACAMethods=PUT&PreflightTest=200 HTTP/1.1" 200 703
::1 - - [23/Oct/2017:23:32:49 -0700] "OPTIONS /serviceworker/resources/fetch-access-control.php?mode=cors&credentials=same-origin&method=PUT&PACAOrigin=*&PACAMethods=PUT&PreflightTest=200 HTTP/1.1" 200 704
::1 - - [23/Oct/2017:23:32:49 -0700] "PUT /serviceworker/resources/fetch-access-control.php?mode=cors&credentials=same-origin&method=PUT&PACAOrigin=*&PACAMethods=PUT&PreflightTest=200 HTTP/1.1" 200 683
::1 - - [23/Oct/2017:23:32:49 -0700] "OPTIONS /serviceworker/resources/fetch-access-control.php?mode=cors&credentials=same-origin&method=PUT&ACAOrigin=*&PACAOrigin=*&PACAMethods=PUT&PACEHeaders=Content-Length,%20X-ServiceWorker-ServerHeader&PreflightTest=200 HTTP/1.1" 200 781
::1 - - [23/Oct/2017:23:32:49 -0700] "PUT /serviceworker/resources/fetch-access-control.php?mode=cors&credentials=same-origin&method=PUT&ACAOrigin=*&PACAOrigin=*&PACAMethods=PUT&PACEHeaders=Content-Length,%20X-ServiceWorker-ServerHeader&PreflightTest=200 HTTP/1.1" 200 760
::1 - - [23/Oct/2017:23:32:49 -0700] "OPTIONS /serviceworker/resources/fetch-access-control.php?mode=cors&credentials=same-origin&method=PUT&ACAOrigin=*&PACAOrigin=*&PACAMethods=PUT&PreflightTest=201 HTTP/1.1" 201 720
::1 - - [23/Oct/2017:23:32:49 -0700] "PUT /serviceworker/resources/fetch-access-control.php?mode=cors&credentials=same-origin&method=PUT&ACAOrigin=*&PACAOrigin=*&PACAMethods=PUT&PreflightTest=201 HTTP/1.1" 200 699
::1 - - [23/Oct/2017:23:32:49 -0700] "OPTIONS /serviceworker/resources/fetch-access-control.php?mode=cors&credentials=same-origin&method=PUT&ACAOrigin=*&PACAOrigin=*&PACAMethods=PUT&PreflightTest=301 HTTP/1.1" 301 720
::1 - - [23/Oct/2017:23:32:49 -0700] "OPTIONS /serviceworker/resources/fetch-access-control.php?mode=cors&credentials=same-origin&method=PUT&ACAOrigin=*&PACAOrigin=*&PACAMethods=PUT&PreflightTest=401 HTTP/1.1" 401 720
::1 - - [23/Oct/2017:23:32:49 -0700] "OPTIONS /serviceworker/resources/fetch-access-control.php?mode=cors&credentials=same-origin&method=PUT&ACAOrigin=*&PACAOrigin=*&PACAMethods=PUT&PreflightTest=500 HTTP/1.1" 500 720
::1 - - [23/Oct/2017:23:32:49 -0700] "OPTIONS /serviceworker/resources/fetch-access-control.php?mode=cors&credentials=same-origin&method=PUT&headers=CUSTOM2&ACAOrigin=*&PACAOrigin=*&PACAMethods=PUT&PACAHeaders=x-servicEworker-u,x-servicEworker-ua,x-servicewOrker-test,x-sErviceworker-s,x-sErviceworker-v&PreflightTest=200 HTTP/1.1" 200 979
::1 - - [23/Oct/2017:23:32:49 -0700] "PUT /serviceworker/resources/fetch-access-control.php?mode=cors&credentials=same-origin&method=PUT&headers=CUSTOM2&ACAOrigin=*&PACAOrigin=*&PACAMethods=PUT&PACAHeaders=x-servicEworker-u,x-servicEworker-ua,x-servicewOrker-test,x-sErviceworker-s,x-sErviceworker-v&PreflightTest=200 HTTP/1.1" 200 980
::1 - - [23/Oct/2017:23:32:49 -0700] "OPTIONS /serviceworker/resources/fetch-access-control.php?mode=cors&credentials=same-origin&method=PUT&headers=CUSTOM2&ACAOrigin=*&PACAOrigin=*&PACAMethods=PUT&PACAHeaders=x-servicewOrker-test&PreflightTest=200 HTTP/1.1" 200 906
::1 - - [23/Oct/2017:23:32:49 -0700] "OPTIONS /serviceworker/resources/fetch-access-control.php?mode=cors&credentials=same-origin&method=PUT&headers=CUSTOM&ACAOrigin=*&PACAOrigin=*&PACAMethods=PUT&PACAHeaders=x-serviceworker-test&PACRMethod=PUT&PACRHeaders=x-serviceworker-test&PreflightTest=200 HTTP/1.1" 200 888
::1 - - [23/Oct/2017:23:32:49 -0700] "PUT /serviceworker/resources/fetch-access-control.php?mode=cors&credentials=same-origin&method=PUT&headers=CUSTOM&ACAOrigin=*&PACAOrigin=*&PACAMethods=PUT&PACAHeaders=x-serviceworker-test&PACRMethod=PUT&PACRHeaders=x-serviceworker-test&PreflightTest=200 HTTP/1.1" 200 841
::1 - - [23/Oct/2017:23:32:49 -0700] "OPTIONS /serviceworker/resources/fetch-access-control.php?mode=cors&credentials=same-origin&method=PUT&headers=SAFE&ACAOrigin=*&PACAOrigin=*&PACAMethods=PUT&PACRHeaders=missing&PACRMethod=PUT&PreflightTest=200 HTTP/1.1" 200 780
::1 - - [23/Oct/2017:23:32:49 -0700] "PUT /serviceworker/resources/fetch-access-control.php?mode=cors&credentials=same-origin&method=PUT&headers=SAFE&ACAOrigin=*&PACAOrigin=*&PACAMethods=PUT&PACRHeaders=missing&PACRMethod=PUT&PreflightTest=200 HTTP/1.1" 200 832
::1 - - [23/Oct/2017:23:32:49 -0700] "OPTIONS /serviceworker/resources/fetch-access-control.php?mode=cors&credentials=same-origin&method=PUT&headers=CUSTOM2&ACAOrigin=*&PACAOrigin=*&PACAMethods=PUT&PACAHeaders=x-servicEworker-u,x-servicEworker-ua,x-servicewOrker-test,x-sErviceworker-s,x-sErviceworker-v&PACRMethod=PUT&PACRHeaders=x-serviceworker-s,x-serviceworker-test,x-serviceworker-u,x-serviceworker-ua,x-serviceworker-v&PreflightTest=200 HTTP/1.1" 200 1108
::1 - - [23/Oct/2017:23:32:49 -0700] "PUT /serviceworker/resources/fetch-access-control.php?mode=cors&credentials=same-origin&method=PUT&headers=CUSTOM2&ACAOrigin=*&PACAOrigin=*&PACAMethods=PUT&PACAHeaders=x-servicEworker-u,x-servicEworker-ua,x-servicewOrker-test,x-sErviceworker-s,x-sErviceworker-v&PACRMethod=PUT&PACRHeaders=x-serviceworker-s,x-serviceworker-test,x-serviceworker-u,x-serviceworker-ua,x-serviceworker-v&PreflightTest=200 HTTP/1.1" 200 1109
127.0.0.1 - - [23/Oct/2017:23:32:49 -0700] "GET /eventsource/resources/reconnect.php HTTP/1.1" 200 13
::1 - - [23/Oct/2017:23:32:49 -0700] "OPTIONS /serviceworker/resources/fetch-access-control.php?mode=cors&credentials=same-origin&method=XXX HTTP/1.1" 200 645
::1 - - [23/Oct/2017:23:32:49 -0700] "OPTIONS /serviceworker/resources/fetch-access-control.php?mode=cors&credentials=same-origin&method=XXX&ACAMethods=XXX HTTP/1.1" 200 664
::1 - - [23/Oct/2017:23:32:49 -0700] "OPTIONS /serviceworker/resources/fetch-access-control.php?mode=cors&credentials=same-origin&method=XXX&ACAOrigin=* HTTP/1.1" 200 661
::1 - - [23/Oct/2017:23:32:49 -0700] "OPTIONS /serviceworker/resources/fetch-access-control.php?mode=cors&credentials=same-origin&method=XXX&ACAOrigin=*&ACAMethods=XXX HTTP/1.1" 200 680
127.0.0.1 - - [23/Oct/2017:23:32:49 -0700] "GET /eventsource/workers/eventsource-eof.html HTTP/1.1" 200 185
::1 - - [23/Oct/2017:23:32:49 -0700] "XXX /serviceworker/resources/fetch-access-control.php?mode=cors&credentials=same-origin&method=XXX&ACAOrigin=*&ACAMethods=XXX HTTP/1.1" 200 638
::1 - - [23/Oct/2017:23:32:49 -0700] "OPTIONS /serviceworker/resources/fetch-access-control.php?mode=cors&credentials=same-origin&method=XXX&ACAOrigin=*&headers=CUSTOM&ACAMethods=XXX HTTP/1.1" 200 755
::1 - - [23/Oct/2017:23:32:49 -0700] "OPTIONS /serviceworker/resources/fetch-access-control.php?mode=cors&credentials=same-origin&method=XXX&ACAOrigin=*&headers=CUSTOM&ACAMethods=XXX&ACAHeaders=x-serviceworker-test HTTP/1.1" 200 791
::1 - - [23/Oct/2017:23:32:49 -0700] "XXX /serviceworker/resources/fetch-access-control.php?mode=cors&credentials=same-origin&method=XXX&ACAOrigin=*&headers=CUSTOM&ACAMethods=XXX&ACAHeaders=x-serviceworker-test HTTP/1.1" 200 723
::1 - - [23/Oct/2017:23:32:49 -0700] "OPTIONS /serviceworker/resources/fetch-access-control.php?mode=cors&credentials=same-origin&method=XXX&ACAOrigin=*&headers=CUSTOM&ACAMethods=XXX&ACAHeaders=x-serviceworker-test&ACEHeaders=Content-Length,%20X-ServiceWorker-ServerHeader HTTP/1.1" 200 851
::1 - - [23/Oct/2017:23:32:49 -0700] "XXX /serviceworker/resources/fetch-access-control.php?mode=cors&credentials=same-origin&method=XXX&ACAOrigin=*&headers=CUSTOM&ACAMethods=XXX&ACAHeaders=x-serviceworker-test&ACEHeaders=Content-Length,%20X-ServiceWorker-ServerHeader HTTP/1.1" 200 783
127.0.0.1 - - [23/Oct/2017:23:32:49 -0700] "GET /eventsource/resources/es-eof.php HTTP/1.1" 200 57
127.0.0.1 - - [23/Oct/2017:23:32:49 -0700] "GET /eventsource/resources/es-eof.php HTTP/1.1" 200 58
::1 - - [23/Oct/2017:23:32:49 -0700] "OPTIONS /serviceworker/resources/fetch-access-control.php?mode=cors&credentials=same-origin&method=XXX&ACAOrigin=*&headers=CUSTOM&ACAMethods=PUT,%20XXX HTTP/1.1" 200 760
127.0.0.1 - - [23/Oct/2017:23:32:49 -0700] "GET /eventsource/resources/es-eof.php HTTP/1.1" 200 59
::1 - - [23/Oct/2017:23:32:49 -0700] "OPTIONS /serviceworker/resources/fetch-access-control.php?mode=cors&credentials=same-origin&method=XXX&ACAOrigin=*&headers=CUSTOM&ACAMethods=PUT,%20XXX&ACAHeaders=x-serviceworker-test HTTP/1.1" 200 796
::1 - - [23/Oct/2017:23:32:49 -0700] "XXX /serviceworker/resources/fetch-access-control.php?mode=cors&credentials=same-origin&method=XXX&ACAOrigin=*&headers=CUSTOM&ACAMethods=PUT,%20XXX&ACAHeaders=x-serviceworker-test HTTP/1.1" 200 728
::1 - - [23/Oct/2017:23:32:49 -0700] "OPTIONS /serviceworker/resources/fetch-access-control.php?mode=cors&credentials=same-origin&method=XXX&ACAOrigin=*&headers=CUSTOM&ACAMethods=PUT,%20XXX&ACAHeaders=x-serviceworker-test&ACEHeaders=Content-Length,%20X-ServiceWorker-ServerHeader HTTP/1.1" 200 856
::1 - - [23/Oct/2017:23:32:49 -0700] "XXX /serviceworker/resources/fetch-access-control.php?mode=cors&credentials=same-origin&method=XXX&ACAOrigin=*&headers=CUSTOM&ACAMethods=PUT,%20XXX&ACAHeaders=x-serviceworker-test&ACEHeaders=Content-Length,%20X-ServiceWorker-ServerHeader HTTP/1.1" 200 788
127.0.0.1 - - [23/Oct/2017:23:32:49 -0700] "GET /eventsource/workers/eventsource-simple.html HTTP/1.1" 200 615
::1 - - [23/Oct/2017:23:32:49 -0700] "OPTIONS /serviceworker/resources/fetch-access-control.php?mode=cors&credentials=same-origin&method=XXX&ACAOrigin=http://127.0.0.1:8000 HTTP/1.1" 200 683
127.0.0.1 - - [23/Oct/2017:23:32:49 -0700] "GET /eventsource/workers/resources/simple-worker.js HTTP/1.1" 200 221
::1 - - [23/Oct/2017:23:32:49 -0700] "OPTIONS /serviceworker/resources/fetch-access-control.php?mode=cors&credentials=same-origin&method=XXX&ACAOrigin=http://127.0.0.1:8000&ACAMethods=XXX HTTP/1.1" 200 702
::1 - - [23/Oct/2017:23:32:49 -0700] "XXX /serviceworker/resources/fetch-access-control.php?mode=cors&credentials=same-origin&method=XXX&ACAOrigin=http://127.0.0.1:8000&ACAMethods=XXX HTTP/1.1" 200 660
127.0.0.1 - - [23/Oct/2017:23:32:49 -0700] "GET /eventsource/resources/simple-event-stream.asis HTTP/1.1" 200 13
::1 - - [23/Oct/2017:23:32:49 -0700] "OPTIONS /serviceworker/resources/fetch-access-control.php?mode=cors&credentials=same-origin&method=XXX&ACAOrigin=http://127.0.0.1:8000&headers=CUSTOM&ACAMethods=XXX HTTP/1.1" 200 777
::1 - - [23/Oct/2017:23:32:49 -0700] "OPTIONS /serviceworker/resources/fetch-access-control.php?mode=cors&credentials=same-origin&method=XXX&ACAOrigin=http://127.0.0.1:8000&headers=CUSTOM&ACAMethods=XXX&ACAHeaders=x-serviceworker-test HTTP/1.1" 200 813
::1 - - [23/Oct/2017:23:32:49 -0700] "XXX /serviceworker/resources/fetch-access-control.php?mode=cors&credentials=same-origin&method=XXX&ACAOrigin=http://127.0.0.1:8000&headers=CUSTOM&ACAMethods=XXX&ACAHeaders=x-serviceworker-test HTTP/1.1" 200 745
::1 - - [23/Oct/2017:23:32:49 -0700] "OPTIONS /serviceworker/resources/fetch-access-control.php?mode=cors&credentials=same-origin&method=XXX&ACAOrigin=http://127.0.0.1:8000&headers=CUSTOM&ACAMethods=XXX&ACAHeaders=x-serviceworker-test&ACEHeaders=Content-Length,%20X-ServiceWorker-ServerHeader HTTP/1.1" 200 873
127.0.0.1 - - [23/Oct/2017:23:32:49 -0700] "GET /eventsource/workers/eventsource-cors-with-credentials.html HTTP/1.1" 200 203
::1 - - [23/Oct/2017:23:32:49 -0700] "XXX /serviceworker/resources/fetch-access-control.php?mode=cors&credentials=same-origin&method=XXX&ACAOrigin=http://127.0.0.1:8000&headers=CUSTOM&ACAMethods=XXX&ACAHeaders=x-serviceworker-test&ACEHeaders=Content-Length,%20X-ServiceWorker-ServerHeader HTTP/1.1" 200 805
::1 - - [23/Oct/2017:23:32:49 -0700] "OPTIONS /serviceworker/resources/fetch-access-control.php?mode=cors&credentials=same-origin&method=XXX&ACAOrigin=http://127.0.0.1:8000&headers=CUSTOM&ACAMethods=PUT,%20XXX HTTP/1.1" 200 782
::1 - - [23/Oct/2017:23:32:49 -0700] "OPTIONS /serviceworker/resources/fetch-access-control.php?mode=cors&credentials=same-origin&method=XXX&ACAOrigin=http://127.0.0.1:8000&headers=CUSTOM&ACAMethods=PUT,%20XXX&ACAHeaders=x-serviceworker-test HTTP/1.1" 200 818
::1 - - [23/Oct/2017:23:32:49 -0700] "XXX /serviceworker/resources/fetch-access-control.php?mode=cors&credentials=same-origin&method=XXX&ACAOrigin=http://127.0.0.1:8000&headers=CUSTOM&ACAMethods=PUT,%20XXX&ACAHeaders=x-serviceworker-test HTTP/1.1" 200 750
::1 - - [23/Oct/2017:23:32:49 -0700] "OPTIONS /serviceworker/resources/fetch-access-control.php?mode=cors&credentials=same-origin&method=XXX&ACAOrigin=http://127.0.0.1:8000&headers=CUSTOM&ACAMethods=PUT,%20XXX&ACAHeaders=x-serviceworker-test&ACEHeaders=Content-Length,%20X-ServiceWorker-ServerHeader HTTP/1.1" 200 878
::1 - - [23/Oct/2017:23:32:49 -0700] "XXX /serviceworker/resources/fetch-access-control.php?mode=cors&credentials=same-origin&method=XXX&ACAOrigin=http://127.0.0.1:8000&headers=CUSTOM&ACAMethods=PUT,%20XXX&ACAHeaders=x-serviceworker-test&ACEHeaders=Content-Length,%20X-ServiceWorker-ServerHeader HTTP/1.1" 200 810
127.0.0.1 - - [23/Oct/2017:23:32:49 -0700] "GET /eventsource/resources/es-cors-credentials.php?count=1 HTTP/1.1" 200 29
127.0.0.1 - - [23/Oct/2017:23:32:49 -0700] "GET /eventsource/resources/es-cors-credentials.php?count=2 HTTP/1.1" 200 29
::1 - - [23/Oct/2017:23:32:49 -0700] "OPTIONS /serviceworker/resources/fetch-access-control.php?mode=cors&credentials=same-origin&method=XXX&ACAOrigin=*&PACAOrigin=*&PACAMethods=XXX&PreflightTest=200 HTTP/1.1" 200 720
::1 - - [23/Oct/2017:23:32:49 -0700] "XXX /serviceworker/resources/fetch-access-control.php?mode=cors&credentials=same-origin&method=XXX&ACAOrigin=*&PACAOrigin=*&PACAMethods=XXX&PreflightTest=200 HTTP/1.1" 200 678
127.0.0.1 - - [23/Oct/2017:23:32:49 -0700] "GET /eventsource/resources/es-cors-credentials.php?count=3 HTTP/1.1" 200 29
127.0.0.1 - - [23/Oct/2017:23:32:49 -0700] "GET /eventsource/resources/es-cors-credentials.php?count=4 HTTP/1.1" 200 29
127.0.0.1 - - [23/Oct/2017:23:32:49 -0700] "GET /eventsource/resources/es-cors-credentials.php?count=4 HTTP/1.1" 200 13
::1 - - [23/Oct/2017:23:32:49 -0700] "OPTIONS /serviceworker/resources/fetch-access-control.php?mode=cors&credentials=same-origin&method=XXX&ACAOrigin=*&PACAOrigin=*&ACAMethods=XXX&PreflightTest=200 HTTP/1.1" 200 719
::1 - - [23/Oct/2017:23:32:49 -0700] "OPTIONS /serviceworker/resources/fetch-access-control.php?mode=cors&credentials=same-origin&method=XXX&headers=CUSTOM&ACAOrigin=*&PACAOrigin=*&PACAMethods=XXX&PACAHeaders=x-serviceworker-test&PreflightTest=200 HTTP/1.1" 200 832
::1 - - [23/Oct/2017:23:32:49 -0700] "XXX /serviceworker/resources/fetch-access-control.php?mode=cors&credentials=same-origin&method=XXX&headers=CUSTOM&ACAOrigin=*&PACAOrigin=*&PACAMethods=XXX&PACAHeaders=x-serviceworker-test&PreflightTest=200 HTTP/1.1" 200 764
::1 - - [23/Oct/2017:23:32:49 -0700] "OPTIONS /serviceworker/resources/fetch-access-control.php?mode=cors&credentials=same-origin&method=XXX&headers=CUSTOM&ACAOrigin=*&PACAOrigin=*&PACAMethods=XXX&ACAHeaders=x-serviceworker-test&PreflightTest=200 HTTP/1.1" 200 831
127.0.0.1 - - [23/Oct/2017:23:32:49 -0700] "GET /eventsource/workers/eventsource-cors-basic.html HTTP/1.1" 200 192
::1 - - [23/Oct/2017:23:32:49 -0700] "OPTIONS /serviceworker/resources/fetch-access-control.php?mode=cors&credentials=same-origin&method=XXX&ACAOrigin=*&PACAMethods=XXX&PreflightTest=200 HTTP/1.1" 200 703
::1 - - [23/Oct/2017:23:32:49 -0700] "OPTIONS /serviceworker/resources/fetch-access-control.php?mode=cors&credentials=same-origin&method=XXX&PACAOrigin=*&PACAMethods=XXX&PreflightTest=200 HTTP/1.1" 200 704
::1 - - [23/Oct/2017:23:32:49 -0700] "XXX /serviceworker/resources/fetch-access-control.php?mode=cors&credentials=same-origin&method=XXX&PACAOrigin=*&PACAMethods=XXX&PreflightTest=200 HTTP/1.1" 200 662
::1 - - [23/Oct/2017:23:32:49 -0700] "OPTIONS /serviceworker/resources/fetch-access-control.php?mode=cors&credentials=same-origin&method=XXX&ACAOrigin=*&PACAOrigin=*&PACAMethods=XXX&PACEHeaders=Content-Length,%20X-ServiceWorker-ServerHeader&PreflightTest=200 HTTP/1.1" 200 781
::1 - - [23/Oct/2017:23:32:49 -0700] "XXX /serviceworker/resources/fetch-access-control.php?mode=cors&credentials=same-origin&method=XXX&ACAOrigin=*&PACAOrigin=*&PACAMethods=XXX&PACEHeaders=Content-Length,%20X-ServiceWorker-ServerHeader&PreflightTest=200 HTTP/1.1" 200 739
::1 - - [23/Oct/2017:23:32:49 -0700] "OPTIONS /serviceworker/resources/fetch-access-control.php?mode=cors&credentials=same-origin&method=XXX&ACAOrigin=*&PACAOrigin=*&PACAMethods=XXX&PreflightTest=201 HTTP/1.1" 201 720
::1 - - [23/Oct/2017:23:32:49 -0700] "XXX /serviceworker/resources/fetch-access-control.php?mode=cors&credentials=same-origin&method=XXX&ACAOrigin=*&PACAOrigin=*&PACAMethods=XXX&PreflightTest=201 HTTP/1.1" 200 678
127.0.0.1 - - [23/Oct/2017:23:32:49 -0700] "GET /eventsource/resources/es-cors-basic.php?count=1 HTTP/1.1" 200 29
::1 - - [23/Oct/2017:23:32:49 -0700] "OPTIONS /serviceworker/resources/fetch-access-control.php?mode=cors&credentials=same-origin&method=XXX&ACAOrigin=*&PACAOrigin=*&PACAMethods=XXX&PreflightTest=301 HTTP/1.1" 301 720
127.0.0.1 - - [23/Oct/2017:23:32:49 -0700] "GET /eventsource/resources/es-cors-basic.php?count=2 HTTP/1.1" 200 29
::1 - - [23/Oct/2017:23:32:49 -0700] "OPTIONS /serviceworker/resources/fetch-access-control.php?mode=cors&credentials=same-origin&method=XXX&ACAOrigin=*&PACAOrigin=*&PACAMethods=XXX&PreflightTest=401 HTTP/1.1" 401 720
127.0.0.1 - - [23/Oct/2017:23:32:49 -0700] "GET /eventsource/resources/es-cors-basic.php?count=3 HTTP/1.1" 200 29
127.0.0.1 - - [23/Oct/2017:23:32:49 -0700] "GET /eventsource/resources/es-cors-basic.php?count=3 HTTP/1.1" 200 13
::1 - - [23/Oct/2017:23:32:49 -0700] "OPTIONS /serviceworker/resources/fetch-access-control.php?mode=cors&credentials=same-origin&method=XXX&ACAOrigin=*&PACAOrigin=*&PACAMethods=XXX&PreflightTest=500 HTTP/1.1" 500 720
::1 - - [23/Oct/2017:23:32:49 -0700] "OPTIONS /serviceworker/resources/fetch-access-control.php?mode=cors&credentials=same-origin&method=XXX&headers=CUSTOM2&ACAOrigin=*&PACAOrigin=*&PACAMethods=XXX&PACAHeaders=x-servicEworker-u,x-servicEworker-ua,x-servicewOrker-test,x-sErviceworker-s,x-sErviceworker-v&PreflightTest=200 HTTP/1.1" 200 979
::1 - - [23/Oct/2017:23:32:49 -0700] "XXX /serviceworker/resources/fetch-access-control.php?mode=cors&credentials=same-origin&method=XXX&headers=CUSTOM2&ACAOrigin=*&PACAOrigin=*&PACAMethods=XXX&PACAHeaders=x-servicEworker-u,x-servicEworker-ua,x-servicewOrker-test,x-sErviceworker-s,x-sErviceworker-v&PreflightTest=200 HTTP/1.1" 200 959
::1 - - [23/Oct/2017:23:32:49 -0700] "OPTIONS /serviceworker/resources/fetch-access-control.php?mode=cors&credentials=same-origin&method=XXX&headers=CUSTOM2&ACAOrigin=*&PACAOrigin=*&PACAMethods=XXX&PACAHeaders=x-servicewOrker-test&PreflightTest=200 HTTP/1.1" 200 906
::1 - - [23/Oct/2017:23:32:49 -0700] "OPTIONS /serviceworker/resources/fetch-access-control.php?mode=cors&credentials=same-origin&method=XXX&headers=CUSTOM&ACAOrigin=*&PACAOrigin=*&PACAMethods=XXX&PACAHeaders=x-serviceworker-test&PACRMethod=XXX&PACRHeaders=x-serviceworker-test&PreflightTest=200 HTTP/1.1" 200 888
127.0.0.1 - - [23/Oct/2017:23:32:49 -0700] "GET /eventsource/workers/eventsource-retry-precision.html HTTP/1.1" 200 197
::1 - - [23/Oct/2017:23:32:49 -0700] "XXX /serviceworker/resources/fetch-access-control.php?mode=cors&credentials=same-origin&method=XXX&headers=CUSTOM&ACAOrigin=*&PACAOrigin=*&PACAMethods=XXX&PACAHeaders=x-serviceworker-test&PACRMethod=XXX&PACRHeaders=x-serviceworker-test&PreflightTest=200 HTTP/1.1" 200 820
::1 - - [23/Oct/2017:23:32:49 -0700] "OPTIONS /serviceworker/resources/fetch-access-control.php?mode=cors&credentials=same-origin&method=XXX&headers=SAFE&ACAOrigin=*&PACAOrigin=*&PACAMethods=XXX&PACRHeaders=missing&PACRMethod=XXX&PreflightTest=200 HTTP/1.1" 200 780
::1 - - [23/Oct/2017:23:32:49 -0700] "XXX /serviceworker/resources/fetch-access-control.php?mode=cors&credentials=same-origin&method=XXX&headers=SAFE&ACAOrigin=*&PACAOrigin=*&PACAMethods=XXX&PACRHeaders=missing&PACRMethod=XXX&PreflightTest=200 HTTP/1.1" 200 811
::1 - - [23/Oct/2017:23:32:49 -0700] "OPTIONS /serviceworker/resources/fetch-access-control.php?mode=cors&credentials=same-origin&method=XXX&headers=CUSTOM2&ACAOrigin=*&PACAOrigin=*&PACAMethods=XXX&PACAHeaders=x-servicEworker-u,x-servicEworker-ua,x-servicewOrker-test,x-sErviceworker-s,x-sErviceworker-v&PACRMethod=XXX&PACRHeaders=x-serviceworker-s,x-serviceworker-test,x-serviceworker-u,x-serviceworker-ua,x-serviceworker-v&PreflightTest=200 HTTP/1.1" 200 1108
::1 - - [23/Oct/2017:23:32:49 -0700] "XXX /serviceworker/resources/fetch-access-control.php?mode=cors&credentials=same-origin&method=XXX&headers=CUSTOM2&ACAOrigin=*&PACAOrigin=*&PACAMethods=XXX&PACAHeaders=x-servicEworker-u,x-servicEworker-ua,x-servicewOrker-test,x-sErviceworker-s,x-sErviceworker-v&PACRMethod=XXX&PACRHeaders=x-serviceworker-s,x-serviceworker-test,x-serviceworker-u,x-serviceworker-ua,x-serviceworker-v&PreflightTest=200 HTTP/1.1" 200 1088
127.0.0.1 - - [23/Oct/2017:23:32:49 -0700] "GET /eventsource/script-tests/resources/precise-retry.asis HTTP/1.1" 404 310
127.0.0.1 - - [23/Oct/2017:23:32:49 -0700] "GET /fetch/serviceworker-proxied/thorough/cors-preflight2-base-https-other-https.html HTTP/1.1" 200 1138
127.0.0.1 - - [23/Oct/2017:23:32:49 -0700] "GET /fetch/script-tests/thorough/cors-preflight2.js?-base-https-other-https HTTP/1.1" 200 10466
127.0.0.1 - - [23/Oct/2017:23:32:49 -0700] "GET /serviceworker/resources/fetch-access-control.php?Auth HTTP/1.1" 401 23
127.0.0.1 - username1 [23/Oct/2017:23:32:49 -0700] "GET /serviceworker/resources/fetch-access-control.php?Auth HTTP/1.1" 200 618
::1 - - [23/Oct/2017:23:32:49 -0700] "GET /serviceworker/resources/fetch-access-control.php?Auth HTTP/1.1" 401 23
::1 - username2 [23/Oct/2017:23:32:49 -0700] "GET /serviceworker/resources/fetch-access-control.php?Auth HTTP/1.1" 200 618
127.0.0.1 - - [23/Oct/2017:23:32:49 -0700] "GET /serviceworker/resources/fetch-access-control-login.html HTTP/1.1" 200 494
127.0.0.1 - - [23/Oct/2017:23:32:49 -0700] "GET /serviceworker/resources/fetch-access-control.php?Auth HTTP/1.1" 401 23
127.0.0.1 - username1s [23/Oct/2017:23:32:49 -0700] "GET /serviceworker/resources/fetch-access-control.php?Auth HTTP/1.1" 200 621
::1 - - [23/Oct/2017:23:32:49 -0700] "GET /serviceworker/resources/fetch-access-control-login.html HTTP/1.1" 200 494
::1 - - [23/Oct/2017:23:32:49 -0700] "GET /serviceworker/resources/fetch-access-control.php?Auth HTTP/1.1" 401 23
::1 - username2s [23/Oct/2017:23:32:49 -0700] "GET /serviceworker/resources/fetch-access-control.php?Auth HTTP/1.1" 200 621
127.0.0.1 - - [23/Oct/2017:23:32:49 -0700] "GET /fetch/serviceworker-proxied/thorough/cors-preflight2-base-https-other-https.html HTTP/1.1" 200 1138
127.0.0.1 - - [23/Oct/2017:23:32:49 -0700] "GET /resources/testharness.js HTTP/1.1" 200 104622
127.0.0.1 - - [23/Oct/2017:23:32:49 -0700] "GET /resources/testharnessreport.js HTTP/1.1" 200 13138
127.0.0.1 - - [23/Oct/2017:23:32:49 -0700] "GET /resources/get-host-info.js?pipe=sub HTTP/1.1" 200 1096
127.0.0.1 - - [23/Oct/2017:23:32:49 -0700] "GET /fetch/resources/fetch-test-options.js HTTP/1.1" 200 452
127.0.0.1 - - [23/Oct/2017:23:32:49 -0700] "GET /fetch/resources/fetch-test-helpers.js HTTP/1.1" 200 8701
127.0.0.1 - - [23/Oct/2017:23:32:49 -0700] "GET /fetch/resources/init.js HTTP/1.1" 200 1783
127.0.0.1 - - [23/Oct/2017:23:32:49 -0700] "GET /fetch/script-tests/thorough/cors-preflight2.js?-base-https-other-https HTTP/1.1" 200 10466
127.0.0.1 - - [23/Oct/2017:23:32:49 -0700] "GET /fetch/resources/thorough-util.js HTTP/1.1" 200 16716
127.0.0.1 - - [23/Oct/2017:23:32:49 -0700] "GET /serviceworker/resources/test-helpers.js HTTP/1.1" 200 7459
127.0.0.1 - - [23/Oct/2017:23:32:49 -0700] "GET /fetch/resources/thorough-worker.js?-base-https-other-https HTTP/1.1" 200 1070
127.0.0.1 - - [23/Oct/2017:23:32:49 -0700] "GET /fetch/resources/fetch-test-options.js HTTP/1.1" 200 452
127.0.0.1 - - [23/Oct/2017:23:32:49 -0700] "GET /fetch/resources/thorough-util.js HTTP/1.1" 200 16716
127.0.0.1 - - [23/Oct/2017:23:32:49 -0700] "GET /fetch/resources/thorough-iframe.html?-base-https-other-https HTTP/1.1" 200 551
127.0.0.1 - - [23/Oct/2017:23:32:49 -0700] "GET /fetch/resources/fetch-test-options.js HTTP/1.1" 200 452
127.0.0.1 - - [23/Oct/2017:23:32:49 -0700] "GET /fetch/resources/thorough-util.js HTTP/1.1" 200 16716
::1 - - [23/Oct/2017:23:32:49 -0700] "OPTIONS /serviceworker/resources/fetch-access-control.php?mode=cors&credentials=same-origin&method=PUT HTTP/1.1" 200 670
::1 - - [23/Oct/2017:23:32:49 -0700] "OPTIONS /serviceworker/resources/fetch-access-control.php?mode=cors&credentials=same-origin&method=PUT&ACAMethods=PUT HTTP/1.1" 200 689
::1 - - [23/Oct/2017:23:32:49 -0700] "OPTIONS /serviceworker/resources/fetch-access-control.php?mode=cors&credentials=same-origin&method=PUT&ACAOrigin=* HTTP/1.1" 200 686
::1 - - [23/Oct/2017:23:32:49 -0700] "OPTIONS /serviceworker/resources/fetch-access-control.php?mode=cors&credentials=same-origin&method=PUT&ACAOrigin=*&ACAMethods=PUT HTTP/1.1" 200 705
::1 - - [23/Oct/2017:23:32:49 -0700] "PUT /serviceworker/resources/fetch-access-control.php?mode=cors&credentials=same-origin&method=PUT&ACAOrigin=*&ACAMethods=PUT HTTP/1.1" 200 684
::1 - - [23/Oct/2017:23:32:49 -0700] "OPTIONS /serviceworker/resources/fetch-access-control.php?mode=cors&credentials=same-origin&method=PUT&ACAOrigin=*&headers=CUSTOM&ACAMethods=PUT HTTP/1.1" 200 780
::1 - - [23/Oct/2017:23:32:49 -0700] "OPTIONS /serviceworker/resources/fetch-access-control.php?mode=cors&credentials=same-origin&method=PUT&ACAOrigin=*&headers=CUSTOM&ACAMethods=PUT&ACAHeaders=x-serviceworker-test HTTP/1.1" 200 816
::1 - - [23/Oct/2017:23:32:49 -0700] "PUT /serviceworker/resources/fetch-access-control.php?mode=cors&credentials=same-origin&method=PUT&ACAOrigin=*&headers=CUSTOM&ACAMethods=PUT&ACAHeaders=x-serviceworker-test HTTP/1.1" 200 769
::1 - - [23/Oct/2017:23:32:49 -0700] "OPTIONS /serviceworker/resources/fetch-access-control.php?mode=cors&credentials=same-origin&method=PUT&ACAOrigin=*&headers=CUSTOM&ACAMethods=PUT&ACAHeaders=x-serviceworker-test&ACEHeaders=Content-Length,%20X-ServiceWorker-ServerHeader HTTP/1.1" 200 876
::1 - - [23/Oct/2017:23:32:49 -0700] "PUT /serviceworker/resources/fetch-access-control.php?mode=cors&credentials=same-origin&method=PUT&ACAOrigin=*&headers=CUSTOM&ACAMethods=PUT&ACAHeaders=x-serviceworker-test&ACEHeaders=Content-Length,%20X-ServiceWorker-ServerHeader HTTP/1.1" 200 829
::1 - - [23/Oct/2017:23:32:49 -0700] "OPTIONS /serviceworker/resources/fetch-access-control.php?mode=cors&credentials=same-origin&method=PUT&ACAOrigin=*&headers=CUSTOM&ACAMethods=PUT,%20XXX HTTP/1.1" 200 785
::1 - - [23/Oct/2017:23:32:49 -0700] "OPTIONS /serviceworker/resources/fetch-access-control.php?mode=cors&credentials=same-origin&method=PUT&ACAOrigin=*&headers=CUSTOM&ACAMethods=PUT,%20XXX&ACAHeaders=x-serviceworker-test HTTP/1.1" 200 821
::1 - - [23/Oct/2017:23:32:49 -0700] "PUT /serviceworker/resources/fetch-access-control.php?mode=cors&credentials=same-origin&method=PUT&ACAOrigin=*&headers=CUSTOM&ACAMethods=PUT,%20XXX&ACAHeaders=x-serviceworker-test HTTP/1.1" 200 774
::1 - - [23/Oct/2017:23:32:49 -0700] "OPTIONS /serviceworker/resources/fetch-access-control.php?mode=cors&credentials=same-origin&method=PUT&ACAOrigin=*&headers=CUSTOM&ACAMethods=PUT,%20XXX&ACAHeaders=x-serviceworker-test&ACEHeaders=Content-Length,%20X-ServiceWorker-ServerHeader HTTP/1.1" 200 881
::1 - - [23/Oct/2017:23:32:49 -0700] "PUT /serviceworker/resources/fetch-access-control.php?mode=cors&credentials=same-origin&method=PUT&ACAOrigin=*&headers=CUSTOM&ACAMethods=PUT,%20XXX&ACAHeaders=x-serviceworker-test&ACEHeaders=Content-Length,%20X-ServiceWorker-ServerHeader HTTP/1.1" 200 834
::1 - - [23/Oct/2017:23:32:49 -0700] "OPTIONS /serviceworker/resources/fetch-access-control.php?mode=cors&credentials=same-origin&method=PUT&ACAOrigin=https://127.0.0.1:8443 HTTP/1.1" 200 709
::1 - - [23/Oct/2017:23:32:49 -0700] "OPTIONS /serviceworker/resources/fetch-access-control.php?mode=cors&credentials=same-origin&method=PUT&ACAOrigin=https://127.0.0.1:8443&ACAMethods=PUT HTTP/1.1" 200 728
::1 - - [23/Oct/2017:23:32:49 -0700] "PUT /serviceworker/resources/fetch-access-control.php?mode=cors&credentials=same-origin&method=PUT&ACAOrigin=https://127.0.0.1:8443&ACAMethods=PUT HTTP/1.1" 200 707
::1 - - [23/Oct/2017:23:32:49 -0700] "OPTIONS /serviceworker/resources/fetch-access-control.php?mode=cors&credentials=same-origin&method=PUT&ACAOrigin=https://127.0.0.1:8443&headers=CUSTOM&ACAMethods=PUT HTTP/1.1" 200 803
::1 - - [23/Oct/2017:23:32:49 -0700] "OPTIONS /serviceworker/resources/fetch-access-control.php?mode=cors&credentials=same-origin&method=PUT&ACAOrigin=https://127.0.0.1:8443&headers=CUSTOM&ACAMethods=PUT&ACAHeaders=x-serviceworker-test HTTP/1.1" 200 839
::1 - - [23/Oct/2017:23:32:49 -0700] "PUT /serviceworker/resources/fetch-access-control.php?mode=cors&credentials=same-origin&method=PUT&ACAOrigin=https://127.0.0.1:8443&headers=CUSTOM&ACAMethods=PUT&ACAHeaders=x-serviceworker-test HTTP/1.1" 200 792
::1 - - [23/Oct/2017:23:32:49 -0700] "OPTIONS /serviceworker/resources/fetch-access-control.php?mode=cors&credentials=same-origin&method=PUT&ACAOrigin=https://127.0.0.1:8443&headers=CUSTOM&ACAMethods=PUT&ACAHeaders=x-serviceworker-test&ACEHeaders=Content-Length,%20X-ServiceWorker-ServerHeader HTTP/1.1" 200 899
::1 - - [23/Oct/2017:23:32:49 -0700] "PUT /serviceworker/resources/fetch-access-control.php?mode=cors&credentials=same-origin&method=PUT&ACAOrigin=https://127.0.0.1:8443&headers=CUSTOM&ACAMethods=PUT&ACAHeaders=x-serviceworker-test&ACEHeaders=Content-Length,%20X-ServiceWorker-ServerHeader HTTP/1.1" 200 852
::1 - - [23/Oct/2017:23:32:49 -0700] "OPTIONS /serviceworker/resources/fetch-access-control.php?mode=cors&credentials=same-origin&method=PUT&ACAOrigin=https://127.0.0.1:8443&headers=CUSTOM&ACAMethods=PUT,%20XXX HTTP/1.1" 200 808
::1 - - [23/Oct/2017:23:32:49 -0700] "OPTIONS /serviceworker/resources/fetch-access-control.php?mode=cors&credentials=same-origin&method=PUT&ACAOrigin=https://127.0.0.1:8443&headers=CUSTOM&ACAMethods=PUT,%20XXX&ACAHeaders=x-serviceworker-test HTTP/1.1" 200 844
::1 - - [23/Oct/2017:23:32:49 -0700] "PUT /serviceworker/resources/fetch-access-control.php?mode=cors&credentials=same-origin&method=PUT&ACAOrigin=https://127.0.0.1:8443&headers=CUSTOM&ACAMethods=PUT,%20XXX&ACAHeaders=x-serviceworker-test HTTP/1.1" 200 797
::1 - - [23/Oct/2017:23:32:49 -0700] "OPTIONS /serviceworker/resources/fetch-access-control.php?mode=cors&credentials=same-origin&method=PUT&ACAOrigin=https://127.0.0.1:8443&headers=CUSTOM&ACAMethods=PUT,%20XXX&ACAHeaders=x-serviceworker-test&ACEHeaders=Content-Length,%20X-ServiceWorker-ServerHeader HTTP/1.1" 200 904
::1 - - [23/Oct/2017:23:32:49 -0700] "PUT /serviceworker/resources/fetch-access-control.php?mode=cors&credentials=same-origin&method=PUT&ACAOrigin=https://127.0.0.1:8443&headers=CUSTOM&ACAMethods=PUT,%20XXX&ACAHeaders=x-serviceworker-test&ACEHeaders=Content-Length,%20X-ServiceWorker-ServerHeader HTTP/1.1" 200 857
::1 - - [23/Oct/2017:23:32:50 -0700] "OPTIONS /serviceworker/resources/fetch-access-control.php?mode=cors&credentials=same-origin&method=PUT&ACAOrigin=*&PACAOrigin=*&PACAMethods=PUT&PreflightTest=200 HTTP/1.1" 200 745
::1 - - [23/Oct/2017:23:32:50 -0700] "PUT /serviceworker/resources/fetch-access-control.php?mode=cors&credentials=same-origin&method=PUT&ACAOrigin=*&PACAOrigin=*&PACAMethods=PUT&PreflightTest=200 HTTP/1.1" 200 724
::1 - - [23/Oct/2017:23:32:50 -0700] "OPTIONS /serviceworker/resources/fetch-access-control.php?mode=cors&credentials=same-origin&method=PUT&ACAOrigin=*&PACAOrigin=*&ACAMethods=PUT&PreflightTest=200 HTTP/1.1" 200 744
::1 - - [23/Oct/2017:23:32:50 -0700] "OPTIONS /serviceworker/resources/fetch-access-control.php?mode=cors&credentials=same-origin&method=PUT&headers=CUSTOM&ACAOrigin=*&PACAOrigin=*&PACAMethods=PUT&PACAHeaders=x-serviceworker-test&PreflightTest=200 HTTP/1.1" 200 857
::1 - - [23/Oct/2017:23:32:50 -0700] "PUT /serviceworker/resources/fetch-access-control.php?mode=cors&credentials=same-origin&method=PUT&headers=CUSTOM&ACAOrigin=*&PACAOrigin=*&PACAMethods=PUT&PACAHeaders=x-serviceworker-test&PreflightTest=200 HTTP/1.1" 200 810
::1 - - [23/Oct/2017:23:32:50 -0700] "OPTIONS /serviceworker/resources/fetch-access-control.php?mode=cors&credentials=same-origin&method=PUT&headers=CUSTOM&ACAOrigin=*&PACAOrigin=*&PACAMethods=PUT&ACAHeaders=x-serviceworker-test&PreflightTest=200 HTTP/1.1" 200 856
::1 - - [23/Oct/2017:23:32:50 -0700] "OPTIONS /serviceworker/resources/fetch-access-control.php?mode=cors&credentials=same-origin&method=PUT&ACAOrigin=*&PACAMethods=PUT&PreflightTest=200 HTTP/1.1" 200 728
::1 - - [23/Oct/2017:23:32:50 -0700] "OPTIONS /serviceworker/resources/fetch-access-control.php?mode=cors&credentials=same-origin&method=PUT&PACAOrigin=*&PACAMethods=PUT&PreflightTest=200 HTTP/1.1" 200 729
::1 - - [23/Oct/2017:23:32:50 -0700] "PUT /serviceworker/resources/fetch-access-control.php?mode=cors&credentials=same-origin&method=PUT&PACAOrigin=*&PACAMethods=PUT&PreflightTest=200 HTTP/1.1" 200 708
::1 - - [23/Oct/2017:23:32:50 -0700] "OPTIONS /serviceworker/resources/fetch-access-control.php?mode=cors&credentials=same-origin&method=PUT&ACAOrigin=*&PACAOrigin=*&PACAMethods=PUT&PACEHeaders=Content-Length,%20X-ServiceWorker-ServerHeader&PreflightTest=200 HTTP/1.1" 200 806
::1 - - [23/Oct/2017:23:32:50 -0700] "PUT /serviceworker/resources/fetch-access-control.php?mode=cors&credentials=same-origin&method=PUT&ACAOrigin=*&PACAOrigin=*&PACAMethods=PUT&PACEHeaders=Content-Length,%20X-ServiceWorker-ServerHeader&PreflightTest=200 HTTP/1.1" 200 785
::1 - - [23/Oct/2017:23:32:50 -0700] "OPTIONS /serviceworker/resources/fetch-access-control.php?mode=cors&credentials=same-origin&method=PUT&ACAOrigin=*&PACAOrigin=*&PACAMethods=PUT&PreflightTest=201 HTTP/1.1" 201 745
::1 - - [23/Oct/2017:23:32:50 -0700] "PUT /serviceworker/resources/fetch-access-control.php?mode=cors&credentials=same-origin&method=PUT&ACAOrigin=*&PACAOrigin=*&PACAMethods=PUT&PreflightTest=201 HTTP/1.1" 200 724
::1 - - [23/Oct/2017:23:32:50 -0700] "OPTIONS /serviceworker/resources/fetch-access-control.php?mode=cors&credentials=same-origin&method=PUT&ACAOrigin=*&PACAOrigin=*&PACAMethods=PUT&PreflightTest=301 HTTP/1.1" 301 745
::1 - - [23/Oct/2017:23:32:50 -0700] "OPTIONS /serviceworker/resources/fetch-access-control.php?mode=cors&credentials=same-origin&method=PUT&ACAOrigin=*&PACAOrigin=*&PACAMethods=PUT&PreflightTest=401 HTTP/1.1" 401 745
127.0.0.1 - - [23/Oct/2017:23:32:50 -0700] "GET /eventsource/workers/eventsource-url-attribute.html HTTP/1.1" 200 195
::1 - - [23/Oct/2017:23:32:50 -0700] "OPTIONS /serviceworker/resources/fetch-access-control.php?mode=cors&credentials=same-origin&method=PUT&ACAOrigin=*&PACAOrigin=*&PACAMethods=PUT&PreflightTest=500 HTTP/1.1" 500 745
::1 - - [23/Oct/2017:23:32:50 -0700] "OPTIONS /serviceworker/resources/fetch-access-control.php?mode=cors&credentials=same-origin&method=PUT&headers=CUSTOM2&ACAOrigin=*&PACAOrigin=*&PACAMethods=PUT&PACAHeaders=x-servicEworker-u,x-servicEworker-ua,x-servicewOrker-test,x-sErviceworker-s,x-sErviceworker-v&PreflightTest=200 HTTP/1.1" 200 1004
127.0.0.1 - - [23/Oct/2017:23:32:50 -0700] "GET /eventsource/resources/event-stream.php HTTP/1.1" 200 753
::1 - - [23/Oct/2017:23:32:50 -0700] "PUT /serviceworker/resources/fetch-access-control.php?mode=cors&credentials=same-origin&method=PUT&headers=CUSTOM2&ACAOrigin=*&PACAOrigin=*&PACAMethods=PUT&PACAHeaders=x-servicEworker-u,x-servicEworker-ua,x-servicewOrker-test,x-sErviceworker-s,x-sErviceworker-v&PreflightTest=200 HTTP/1.1" 200 1005
::1 - - [23/Oct/2017:23:32:50 -0700] "OPTIONS /serviceworker/resources/fetch-access-control.php?mode=cors&credentials=same-origin&method=PUT&headers=CUSTOM2&ACAOrigin=*&PACAOrigin=*&PACAMethods=PUT&PACAHeaders=x-servicewOrker-test&PreflightTest=200 HTTP/1.1" 200 931
::1 - - [23/Oct/2017:23:32:50 -0700] "OPTIONS /serviceworker/resources/fetch-access-control.php?mode=cors&credentials=same-origin&method=PUT&headers=CUSTOM&ACAOrigin=*&PACAOrigin=*&PACAMethods=PUT&PACAHeaders=x-serviceworker-test&PACRMethod=PUT&PACRHeaders=x-serviceworker-test&PreflightTest=200 HTTP/1.1" 200 913
127.0.0.1 - - [23/Oct/2017:23:32:50 -0700] "GET /eventsource/workers/eventsource-cors-no-server.html HTTP/1.1" 200 196
::1 - - [23/Oct/2017:23:32:50 -0700] "PUT /serviceworker/resources/fetch-access-control.php?mode=cors&credentials=same-origin&method=PUT&headers=CUSTOM&ACAOrigin=*&PACAOrigin=*&PACAMethods=PUT&PACAHeaders=x-serviceworker-test&PACRMethod=PUT&PACRHeaders=x-serviceworker-test&PreflightTest=200 HTTP/1.1" 200 866
::1 - - [23/Oct/2017:23:32:50 -0700] "OPTIONS /serviceworker/resources/fetch-access-control.php?mode=cors&credentials=same-origin&method=PUT&headers=SAFE&ACAOrigin=*&PACAOrigin=*&PACAMethods=PUT&PACRHeaders=missing&PACRMethod=PUT&PreflightTest=200 HTTP/1.1" 200 805
::1 - - [23/Oct/2017:23:32:50 -0700] "PUT /serviceworker/resources/fetch-access-control.php?mode=cors&credentials=same-origin&method=PUT&headers=SAFE&ACAOrigin=*&PACAOrigin=*&PACAMethods=PUT&PACRHeaders=missing&PACRMethod=PUT&PreflightTest=200 HTTP/1.1" 200 857
::1 - - [23/Oct/2017:23:32:50 -0700] "OPTIONS /serviceworker/resources/fetch-access-control.php?mode=cors&credentials=same-origin&method=PUT&headers=CUSTOM2&ACAOrigin=*&PACAOrigin=*&PACAMethods=PUT&PACAHeaders=x-servicEworker-u,x-servicEworker-ua,x-servicewOrker-test,x-sErviceworker-s,x-sErviceworker-v&PACRMethod=PUT&PACRHeaders=x-serviceworker-s,x-serviceworker-test,x-serviceworker-u,x-serviceworker-ua,x-serviceworker-v&PreflightTest=200 HTTP/1.1" 200 1133
::1 - - [23/Oct/2017:23:32:50 -0700] "PUT /serviceworker/resources/fetch-access-control.php?mode=cors&credentials=same-origin&method=PUT&headers=CUSTOM2&ACAOrigin=*&PACAOrigin=*&PACAMethods=PUT&PACAHeaders=x-servicEworker-u,x-servicEworker-ua,x-servicewOrker-test,x-sErviceworker-s,x-sErviceworker-v&PACRMethod=PUT&PACRHeaders=x-serviceworker-s,x-serviceworker-test,x-serviceworker-u,x-serviceworker-ua,x-serviceworker-v&PreflightTest=200 HTTP/1.1" 200 1134
::1 - - [23/Oct/2017:23:32:50 -0700] "OPTIONS /serviceworker/resources/fetch-access-control.php?mode=cors&credentials=same-origin&method=XXX HTTP/1.1" 200 670
::1 - - [23/Oct/2017:23:32:50 -0700] "OPTIONS /serviceworker/resources/fetch-access-control.php?mode=cors&credentials=same-origin&method=XXX&ACAMethods=XXX HTTP/1.1" 200 689
::1 - - [23/Oct/2017:23:32:50 -0700] "OPTIONS /serviceworker/resources/fetch-access-control.php?mode=cors&credentials=same-origin&method=XXX&ACAOrigin=* HTTP/1.1" 200 686
::1 - - [23/Oct/2017:23:32:50 -0700] "OPTIONS /serviceworker/resources/fetch-access-control.php?mode=cors&credentials=same-origin&method=XXX&ACAOrigin=*&ACAMethods=XXX HTTP/1.1" 200 705
::1 - - [23/Oct/2017:23:32:50 -0700] "XXX /serviceworker/resources/fetch-access-control.php?mode=cors&credentials=same-origin&method=XXX&ACAOrigin=*&ACAMethods=XXX HTTP/1.1" 200 663
127.0.0.1 - - [23/Oct/2017:23:32:50 -0700] "GET /eventsource/workers/eventsource-content-type-charset.html HTTP/1.1" 200 202
::1 - - [23/Oct/2017:23:32:50 -0700] "OPTIONS /serviceworker/resources/fetch-access-control.php?mode=cors&credentials=same-origin&method=XXX&ACAOrigin=*&headers=CUSTOM&ACAMethods=XXX HTTP/1.1" 200 780
::1 - - [23/Oct/2017:23:32:50 -0700] "OPTIONS /serviceworker/resources/fetch-access-control.php?mode=cors&credentials=same-origin&method=XXX&ACAOrigin=*&headers=CUSTOM&ACAMethods=XXX&ACAHeaders=x-serviceworker-test HTTP/1.1" 200 816
::1 - - [23/Oct/2017:23:32:50 -0700] "XXX /serviceworker/resources/fetch-access-control.php?mode=cors&credentials=same-origin&method=XXX&ACAOrigin=*&headers=CUSTOM&ACAMethods=XXX&ACAHeaders=x-serviceworker-test HTTP/1.1" 200 748
::1 - - [23/Oct/2017:23:32:50 -0700] "OPTIONS /serviceworker/resources/fetch-access-control.php?mode=cors&credentials=same-origin&method=XXX&ACAOrigin=*&headers=CUSTOM&ACAMethods=XXX&ACAHeaders=x-serviceworker-test&ACEHeaders=Content-Length,%20X-ServiceWorker-ServerHeader HTTP/1.1" 200 876
::1 - - [23/Oct/2017:23:32:50 -0700] "XXX /serviceworker/resources/fetch-access-control.php?mode=cors&credentials=same-origin&method=XXX&ACAOrigin=*&headers=CUSTOM&ACAMethods=XXX&ACAHeaders=x-serviceworker-test&ACEHeaders=Content-Length,%20X-ServiceWorker-ServerHeader HTTP/1.1" 200 808
127.0.0.1 - - [23/Oct/2017:23:32:50 -0700] "GET /eventsource/resources/response-content-type-charset.php?contentType=text/event-stream%3B%20charset%3DUTF-8 HTTP/1.1" 200 32
127.0.0.1 - - [23/Oct/2017:23:32:50 -0700] "GET /eventsource/resources/response-content-type-charset.php?contentType=text/event-stream%3B%20charset%3Dwindows-1251 HTTP/1.1" 200 32
::1 - - [23/Oct/2017:23:32:50 -0700] "OPTIONS /serviceworker/resources/fetch-access-control.php?mode=cors&credentials=same-origin&method=XXX&ACAOrigin=*&headers=CUSTOM&ACAMethods=PUT,%20XXX HTTP/1.1" 200 785
127.0.0.1 - - [23/Oct/2017:23:32:50 -0700] "GET /eventsource/resources/response-content-type-charset.php?contentType=text/event-stream%3B%20charset%3Dutf-8 HTTP/1.1" 200 32
::1 - - [23/Oct/2017:23:32:50 -0700] "OPTIONS /serviceworker/resources/fetch-access-control.php?mode=cors&credentials=same-origin&method=XXX&ACAOrigin=*&headers=CUSTOM&ACAMethods=PUT,%20XXX&ACAHeaders=x-serviceworker-test HTTP/1.1" 200 821
127.0.0.1 - - [23/Oct/2017:23:32:50 -0700] "GET /eventsource/resources/response-content-type-charset.php?contentType=text/event-stream%3B%20charset%3D%22UTF-8%22 HTTP/1.1" 200 32
::1 - - [23/Oct/2017:23:32:50 -0700] "XXX /serviceworker/resources/fetch-access-control.php?mode=cors&credentials=same-origin&method=XXX&ACAOrigin=*&headers=CUSTOM&ACAMethods=PUT,%20XXX&ACAHeaders=x-serviceworker-test HTTP/1.1" 200 753
127.0.0.1 - - [23/Oct/2017:23:32:50 -0700] "GET /eventsource/resources/response-content-type-charset.php?contentType=text/event-stream-foobar%3B HTTP/1.1" 200 32
::1 - - [23/Oct/2017:23:32:50 -0700] "OPTIONS /serviceworker/resources/fetch-access-control.php?mode=cors&credentials=same-origin&method=XXX&ACAOrigin=*&headers=CUSTOM&ACAMethods=PUT,%20XXX&ACAHeaders=x-serviceworker-test&ACEHeaders=Content-Length,%20X-ServiceWorker-ServerHeader HTTP/1.1" 200 881
::1 - - [23/Oct/2017:23:32:50 -0700] "XXX /serviceworker/resources/fetch-access-control.php?mode=cors&credentials=same-origin&method=XXX&ACAOrigin=*&headers=CUSTOM&ACAMethods=PUT,%20XXX&ACAHeaders=x-serviceworker-test&ACEHeaders=Content-Length,%20X-ServiceWorker-ServerHeader HTTP/1.1" 200 813
::1 - - [23/Oct/2017:23:32:50 -0700] "OPTIONS /serviceworker/resources/fetch-access-control.php?mode=cors&credentials=same-origin&method=XXX&ACAOrigin=https://127.0.0.1:8443 HTTP/1.1" 200 709
::1 - - [23/Oct/2017:23:32:50 -0700] "OPTIONS /serviceworker/resources/fetch-access-control.php?mode=cors&credentials=same-origin&method=XXX&ACAOrigin=https://127.0.0.1:8443&ACAMethods=XXX HTTP/1.1" 200 728
::1 - - [23/Oct/2017:23:32:50 -0700] "XXX /serviceworker/resources/fetch-access-control.php?mode=cors&credentials=same-origin&method=XXX&ACAOrigin=https://127.0.0.1:8443&ACAMethods=XXX HTTP/1.1" 200 686
127.0.0.1 - - [23/Oct/2017:23:32:50 -0700] "GET /eventsource/workers/eventsource-events-after-close.html HTTP/1.1" 200 200
::1 - - [23/Oct/2017:23:32:50 -0700] "OPTIONS /serviceworker/resources/fetch-access-control.php?mode=cors&credentials=same-origin&method=XXX&ACAOrigin=https://127.0.0.1:8443&headers=CUSTOM&ACAMethods=XXX HTTP/1.1" 200 803
::1 - - [23/Oct/2017:23:32:50 -0700] "OPTIONS /serviceworker/resources/fetch-access-control.php?mode=cors&credentials=same-origin&method=XXX&ACAOrigin=https://127.0.0.1:8443&headers=CUSTOM&ACAMethods=XXX&ACAHeaders=x-serviceworker-test HTTP/1.1" 200 839
::1 - - [23/Oct/2017:23:32:50 -0700] "XXX /serviceworker/resources/fetch-access-control.php?mode=cors&credentials=same-origin&method=XXX&ACAOrigin=https://127.0.0.1:8443&headers=CUSTOM&ACAMethods=XXX&ACAHeaders=x-serviceworker-test HTTP/1.1" 200 771
::1 - - [23/Oct/2017:23:32:50 -0700] "OPTIONS /serviceworker/resources/fetch-access-control.php?mode=cors&credentials=same-origin&method=XXX&ACAOrigin=https://127.0.0.1:8443&headers=CUSTOM&ACAMethods=XXX&ACAHeaders=x-serviceworker-test&ACEHeaders=Content-Length,%20X-ServiceWorker-ServerHeader HTTP/1.1" 200 899
::1 - - [23/Oct/2017:23:32:50 -0700] "XXX /serviceworker/resources/fetch-access-control.php?mode=cors&credentials=same-origin&method=XXX&ACAOrigin=https://127.0.0.1:8443&headers=CUSTOM&ACAMethods=XXX&ACAHeaders=x-serviceworker-test&ACEHeaders=Content-Length,%20X-ServiceWorker-ServerHeader HTTP/1.1" 200 831
127.0.0.1 - - [23/Oct/2017:23:32:50 -0700] "GET /eventsource/resources/event-stream.php HTTP/1.1" 200 753
::1 - - [23/Oct/2017:23:32:50 -0700] "OPTIONS /serviceworker/resources/fetch-access-control.php?mode=cors&credentials=same-origin&method=XXX&ACAOrigin=https://127.0.0.1:8443&headers=CUSTOM&ACAMethods=PUT,%20XXX HTTP/1.1" 200 808
::1 - - [23/Oct/2017:23:32:50 -0700] "OPTIONS /serviceworker/resources/fetch-access-control.php?mode=cors&credentials=same-origin&method=XXX&ACAOrigin=https://127.0.0.1:8443&headers=CUSTOM&ACAMethods=PUT,%20XXX&ACAHeaders=x-serviceworker-test HTTP/1.1" 200 844
::1 - - [23/Oct/2017:23:32:50 -0700] "XXX /serviceworker/resources/fetch-access-control.php?mode=cors&credentials=same-origin&method=XXX&ACAOrigin=https://127.0.0.1:8443&headers=CUSTOM&ACAMethods=PUT,%20XXX&ACAHeaders=x-serviceworker-test HTTP/1.1" 200 776
