--------- beginning of main --------- beginning of system
06-14 14:46:51.640 1472 3942 I ActivityManager: Force stopping com.yourcompany.microbenchmarks appid=19495 user=0: from pid 13555
06-14 14:46:56.151 1472 1500 I ActivityManager: Force stopping com.yourcompany.microbenchmarks appid=19495 user=-1: installPackageLI
06-14 14:46:56.723 1472 2187 I ActivityManager: Force stopping com.yourcompany.microbenchmarks appid=19495 user=0: pkg removed
06-14 14:46:57.135 1472 1485 I ActivityManager: Start proc 13636:com.google.android.apps.photos/u0a110 for broadcast com.google.android.apps.photos/.account.full.FetchAccountPropertiesAppUpgradeBroadcastReceiver
06-14 14:46:57.768 1472 3791 I ActivityManager: START u0 {act=android.intent.action.RUN flg=0x30000000 cmp=com.yourcompany.microbenchmarks/io.flutter.app.FlutterActivity (has extras)} from uid 2000 on display 0
06-14 14:46:57.806 1472 1485 I ActivityManager: Start proc 13690:com.yourcompany.microbenchmarks/u0a9495 for activity com.yourcompany.microbenchmarks/io.flutter.app.FlutterActivity
06-14 14:46:57.808 1472 4408 E ActivityManager: Sending non-protected broadcast com.motorola.motocare.INTENT_TRIGGER from system 3876:com.motorola.process.system/1000 pkg com.motorola.motgeofencesvc
06-14 14:46:57.808 1472 4408 E ActivityManager: java.lang.Throwable
06-14 14:46:57.808 1472 4408 E ActivityManager: at com.android.server.am.ActivityManagerService.broadcastIntentLocked(ActivityManagerService.java:18226)
06-14 14:46:57.808 1472 4408 E ActivityManager: at com.android.server.am.ActivityManagerService.broadcastIntent(ActivityManagerService.java:18826)
06-14 14:46:57.808 1472 4408 E ActivityManager: at android.app.ActivityManagerNative.onTransact(ActivityManagerNative.java:512)
06-14 14:46:57.808 1472 4408 E ActivityManager: at com.android.server.am.ActivityManagerService.onTransact(ActivityManagerService.java:2906)
06-14 14:46:57.808 1472 4408 E ActivityManager: at android.os.Binder.execTransact(Binder.java:565)
06-14 14:46:57.845 1472 4435 E ActivityManager: Sending non-protected broadcast com.motorola.motocare.INTENT_TRIGGER from system 3876:com.motorola.process.system/1000 pkg com.motorola.motgeofencesvc
06-14 14:46:57.845 1472 4435 E ActivityManager: java.lang.Throwable
06-14 14:46:57.845 1472 4435 E ActivityManager: at com.android.server.am.ActivityManagerService.broadcastIntentLocked(ActivityManagerService.java:18226)
06-14 14:46:57.845 1472 4435 E ActivityManager: at com.android.server.am.ActivityManagerService.broadcastIntent(ActivityManagerService.java:18826)
06-14 14:46:57.845 1472 4435 E ActivityManager: at android.app.ActivityManagerNative.onTransact(ActivityManagerNative.java:512)
06-14 14:46:57.845 1472 4435 E ActivityManager: at com.android.server.am.ActivityManagerService.onTransact(ActivityManagerService.java:2906)
06-14 14:46:57.845 1472 4435 E ActivityManager: at android.os.Binder.execTransact(Binder.java:565)
06-14 14:46:58.111 13690 13721 I flutter : Observatory listening on http://127.0.0.1:41608/E4rUoJtHy30=/
06-14 14:46:58.425 1472 1533 I ActivityManager: Displayed com.yourcompany.microbenchmarks/io.flutter.app.FlutterActivity: +642ms
06-14 14:47:07.676 1472 1485 I ActivityManager: Killing 12899:com.android.chrome/u0a78 (adj 906): empty #13
06-14 14:47:15.539 13690 13707 I flutter : ================ RESULTS ================
06-14 14:47:15.539 13690 13707 I flutter : :::JSON::: {"stock_layout_iteration":2909.0572038006594}
06-14 14:47:15.540 13690 13707 I flutter : ================ FORMATTED ==============
06-14 14:47:15.540 13690 13707 I flutter : Stock layout: 2909.1 µs per iteration
06-14 14:47:16.416 1472 4513 I ActivityManager: Force stopping com.yourcompany.microbenchmarks appid=19495 user=0: from pid 13730
06-14 14:47:16.416 1472 4513 I ActivityManager: Killing 13690:com.yourcompany.microbenchmarks/u0a9495 (adj 0): stop com.yourcompany.microbenchmarks
06-14 14:47:16.418 1472 4513 W ActivityManager: Force removing ActivityRecord{5d7f775 u0 com.yourcompany.microbenchmarks/io.flutter.app.FlutterActivity t34528}: app died, no saved state
06-14 14:47:16.460 1472 3791 E ActivityManager: Sending non-protected broadcast com.motorola.motocare.INTENT_TRIGGER from system 3876:com.motorola.process.system/1000 pkg com.motorola.motgeofencesvc
06-14 14:47:16.460 1472 3791 E ActivityManager: java.lang.Throwable
06-14 14:47:16.460 1472 3791 E ActivityManager: at com.android.server.am.ActivityManagerService.broadcastIntentLocked(ActivityManagerService.java:18226)
06-14 14:47:16.460 1472 3791 E ActivityManager: at com.android.server.am.ActivityManagerService.broadcastIntent(ActivityManagerService.java:18826)
06-14 14:47:16.460 1472 3791 E ActivityManager: at android.app.ActivityManagerNative.onTransact(ActivityManagerNative.java:512)
06-14 14:47:16.460 1472 3791 E ActivityManager: at com.android.server.am.ActivityManagerService.onTransact(ActivityManagerService.java:2906)
06-14 14:47:16.460 1472 3791 E ActivityManager: at android.os.Binder.execTransact(Binder.java:565)
06-14 14:47:16.806 1472 1533 I ActivityManager: Displayed com.google.android.googlequicksearchbox/com.google.android.launcher.GEL: +362ms
06-14 14:48:10.265 1472 4513 I ActivityManager: Force stopping com.yourcompany.microbenchmarks appid=19495 user=0: from pid 13755
06-14 14:48:15.347 1472 1500 I ActivityManager: Force stopping com.yourcompany.microbenchmarks appid=19495 user=-1: installPackageLI
06-14 14:48:15.895 1472 2187 I ActivityManager: Force stopping com.yourcompany.microbenchmarks appid=19495 user=0: pkg removed
06-14 14:48:16.917 1472 1484 I ActivityManager: START u0 {act=android.intent.action.RUN flg=0x30000000 cmp=com.yourcompany.microbenchmarks/io.flutter.app.FlutterActivity (has extras)} from uid 2000 on display 0
06-14 14:48:16.957 1472 5852 I ActivityManager: Start proc 13851:com.yourcompany.microbenchmarks/u0a9495 for activity com.yourcompany.microbenchmarks/io.flutter.app.FlutterActivity
06-14 14:48:16.959 1472 4513 E ActivityManager: Sending non-protected broadcast com.motorola.motocare.INTENT_TRIGGER from system 3876:com.motorola.process.system/1000 pkg com.motorola.motgeofencesvc
06-14 14:48:16.959 1472 4513 E ActivityManager: java.lang.Throwable
06-14 14:48:16.959 1472 4513 E ActivityManager: at com.android.server.am.ActivityManagerService.broadcastIntentLocked(ActivityManagerService.java:18226)
06-14 14:48:16.959 1472 4513 E ActivityManager: at com.android.server.am.ActivityManagerService.broadcastIntent(ActivityManagerService.java:18826)
06-14 14:48:16.959 1472 4513 E ActivityManager: at android.app.ActivityManagerNative.onTransact(ActivityManagerNative.java:512)
06-14 14:48:16.959 1472 4513 E ActivityManager: at com.android.server.am.ActivityManagerService.onTransact(ActivityManagerService.java:2906)
06-14 14:48:16.959 1472 4513 E ActivityManager: at android.os.Binder.execTransact(Binder.java:565)
06-14 14:48:16.994 1472 1485 E ActivityManager: Sending non-protected broadcast com.motorola.motocare.INTENT_TRIGGER from system 3876:com.motorola.process.system/1000 pkg com.motorola.motgeofencesvc
06-14 14:48:16.994 1472 1485 E ActivityManager: java.lang.Throwable
06-14 14:48:16.994 1472 1485 E ActivityManager: at com.android.server.am.ActivityManagerService.broadcastIntentLocked(ActivityManagerService.java:18226)
06-14 14:48:16.994 1472 1485 E ActivityManager: at com.android.server.am.ActivityManagerService.broadcastIntent(ActivityManagerService.java:18826)
06-14 14:48:16.994 1472 1485 E ActivityManager: at android.app.ActivityManagerNative.onTransact(ActivityManagerNative.java:512)
06-14 14:48:16.994 1472 1485 E ActivityManager: at com.android.server.am.ActivityManagerService.onTransact(ActivityManagerService.java:2906)
06-14 14:48:16.994 1472 1485 E ActivityManager: at android.os.Binder.execTransact(Binder.java:565)
06-14 14:48:17.240 13851 13884 I flutter : Observatory listening on http://127.0.0.1:47760/lbCuCD0bCgQ=/
06-14 14:48:17.439 1472 1533 I ActivityManager: Displayed com.yourcompany.microbenchmarks/io.flutter.app.FlutterActivity: +508ms
06-14 14:48:26.602 1472 3942 I ActivityManager: Killing 8781:com.android.documentsui/u0a27 (adj 906): empty #13
06-14 14:48:34.756 13851 13868 I flutter : ================ RESULTS ================
06-14 14:48:34.756 13851 13868 I flutter : :::JSON::: {"stock_build_iteration":5580.793526785715}
06-14 14:48:34.756 13851 13868 I flutter : ================ FORMATTED ==============
06-14 14:48:34.757 13851 13868 I flutter : Stock build: 5580.8 µs per iteration
06-14 14:48:35.643 1472 4513 I ActivityManager: Force stopping com.yourcompany.microbenchmarks appid=19495 user=0: from pid 13893
06-14 14:48:35.643 1472 4513 I ActivityManager: Killing 13851:com.yourcompany.microbenchmarks/u0a9495 (adj 0): stop com.yourcompany.microbenchmarks
06-14 14:48:35.645 1472 4513 W ActivityManager: Force removing ActivityRecord{c3a597f u0 com.yourcompany.microbenchmarks/io.flutter.app.FlutterActivity t34529}: app died, no saved state
06-14 14:48:35.684 1472 3942 E ActivityManager: Sending non-protected broadcast com.motorola.motocare.INTENT_TRIGGER from system 3876:com.motorola.process.system/1000 pkg com.motorola.motgeofencesvc
06-14 14:48:35.684 1472 3942 E ActivityManager: java.lang.Throwable
06-14 14:48:35.684 1472 3942 E ActivityManager: at com.android.server.am.ActivityManagerService.broadcastIntentLocked(ActivityManagerService.java:18226)
06-14 14:48:35.684 1472 3942 E ActivityManager: at com.android.server.am.ActivityManagerService.broadcastIntent(ActivityManagerService.java:18826)
06-14 14:48:35.684 1472 3942 E ActivityManager: at android.app.ActivityManagerNative.onTransact(ActivityManagerNative.java:512)
06-14 14:48:35.684 1472 3942 E ActivityManager: at com.android.server.am.ActivityManagerService.onTransact(ActivityManagerService.java:2906)
06-14 14:48:35.684 1472 3942 E ActivityManager: at android.os.Binder.execTransact(Binder.java:565)
06-14 14:48:36.074 1472 1533 I ActivityManager: Displayed com.google.android.googlequicksearchbox/com.google.android.launcher.GEL: +407ms
06-14 14:48:57.484 1472 4435 I ActivityManager: Force stopping com.yourcompany.microbenchmarks appid=19495 user=0: from pid 13915
06-14 14:49:01.489 1472 1500 I ActivityManager: Force stopping com.yourcompany.microbenchmarks appid=19495 user=-1: installPackageLI
06-14 14:49:02.053 1472 2187 I ActivityManager: Force stopping com.yourcompany.microbenchmarks appid=19495 user=0: pkg removed
06-14 14:49:03.085 1472 13994 I ActivityManager: START u0 {act=android.intent.action.RUN flg=0x30000000 cmp=com.yourcompany.microbenchmarks/io.flutter.app.FlutterActivity (has extras)} from uid 2000 on display 0
06-14 14:49:03.119 1472 4409 I ActivityManager: Start proc 14007:com.yourcompany.microbenchmarks/u0a9495 for activity com.yourcompany.microbenchmarks/io.flutter.app.FlutterActivity
06-14 14:49:03.121 1472 5852 E ActivityManager: Sending non-protected broadcast com.motorola.motocare.INTENT_TRIGGER from system 3876:com.motorola.process.system/1000 pkg com.motorola.motgeofencesvc
06-14 14:49:03.121 1472 5852 E ActivityManager: java.lang.Throwable
06-14 14:49:03.121 1472 5852 E ActivityManager: at com.android.server.am.ActivityManagerService.broadcastIntentLocked(ActivityManagerService.java:18226)
06-14 14:49:03.121 1472 5852 E ActivityManager: at com.android.server.am.ActivityManagerService.broadcastIntent(ActivityManagerService.java:18826)
06-14 14:49:03.121 1472 5852 E ActivityManager: at android.app.ActivityManagerNative.onTransact(ActivityManagerNative.java:512)
06-14 14:49:03.121 1472 5852 E ActivityManager: at com.android.server.am.ActivityManagerService.onTransact(ActivityManagerService.java:2906)
06-14 14:49:03.121 1472 5852 E ActivityManager: at android.os.Binder.execTransact(Binder.java:565)
06-14 14:49:03.169 1472 3927 E ActivityManager: Sending non-protected broadcast com.motorola.motocare.INTENT_TRIGGER from system 3876:com.motorola.process.system/1000 pkg com.motorola.motgeofencesvc
06-14 14:49:03.169 1472 3927 E ActivityManager: java.lang.Throwable
06-14 14:49:03.169 1472 3927 E ActivityManager: at com.android.server.am.ActivityManagerService.broadcastIntentLocked(ActivityManagerService.java:18226)
06-14 14:49:03.169 1472 3927 E ActivityManager: at com.android.server.am.ActivityManagerService.broadcastIntent(ActivityManagerService.java:18826)
06-14 14:49:03.169 1472 3927 E ActivityManager: at android.app.ActivityManagerNative.onTransact(ActivityManagerNative.java:512)
06-14 14:49:03.169 1472 3927 E ActivityManager: at com.android.server.am.ActivityManagerService.onTransact(ActivityManagerService.java:2906)
06-14 14:49:03.169 1472 3927 E ActivityManager: at android.os.Binder.execTransact(Binder.java:565)
06-14 14:49:03.341 14007 14037 I flutter : Observatory listening on http://127.0.0.1:40431/0VC_vZbW9s8=/
06-14 14:49:03.394 14007 14024 I flutter : MatrixUtils.transformRect and .transformPoint benchmark...
06-14 14:49:13.104 1472 1500 W ActivityManager: Launch timeout has expired, giving up wake lock!
06-14 14:49:16.223 14007 14024 I flutter : ================ RESULTS ================
06-14 14:49:16.224 14007 14024 I flutter : :::JSON::: {"MatrixUtils_persp_transformRect_iteration":424.1714,"MatrixUtils_affine_transformRect_iteration":311.0439,"MatrixUtils_persp_transformPoint_iteration":279.6572,"MatrixUtils_affine_transformPoint_iteration":251.5008}
06-14 14:49:16.224 14007 14024 I flutter : ================ FORMATTED ==============
06-14 14:49:16.224 14007 14024 I flutter : MatrixUtils.transformRectPerspective: 424.2 ns per iteration
06-14 14:49:16.224 14007 14024 I flutter : MatrixUtils.transformRectAffine: 311.0 ns per iteration
06-14 14:49:16.224 14007 14024 I flutter : MatrixUtils.transformPointPerspective: 279.7 ns per iteration
06-14 14:49:16.224 14007 14024 I flutter : MatrixUtils.transformPointAffine: 251.5 ns per iteration
06-14 14:49:16.300 1472 1533 I ActivityManager: Displayed com.yourcompany.microbenchmarks/io.flutter.app.FlutterActivity: +13s193ms
06-14 14:49:17.111 1472 4437 I ActivityManager: Force stopping com.yourcompany.microbenchmarks appid=19495 user=0: from pid 14043
06-14 14:49:17.111 1472 4437 I ActivityManager: Killing 14007:com.yourcompany.microbenchmarks/u0a9495 (adj 0): stop com.yourcompany.microbenchmarks
06-14 14:49:17.113 1472 4437 W ActivityManager: Force removing ActivityRecord{24f63ab u0 com.yourcompany.microbenchmarks/io.flutter.app.FlutterActivity t34530}: app died, no saved state
06-14 14:49:17.144 1472 4409 E ActivityManager: Sending non-protected broadcast com.motorola.motocare.INTENT_TRIGGER from system 3876:com.motorola.process.system/1000 pkg com.motorola.motgeofencesvc
06-14 14:49:17.144 1472 4409 E ActivityManager: java.lang.Throwable
06-14 14:49:17.144 1472 4409 E ActivityManager: at com.android.server.am.ActivityManagerService.broadcastIntentLocked(ActivityManagerService.java:18226)
06-14 14:49:17.144 1472 4409 E ActivityManager: at com.android.server.am.ActivityManagerService.broadcastIntent(ActivityManagerService.java:18826)
06-14 14:49:17.144 1472 4409 E ActivityManager: at android.app.ActivityManagerNative.onTransact(ActivityManagerNative.java:512)
06-14 14:49:17.144 1472 4409 E ActivityManager: at com.android.server.am.ActivityManagerService.onTransact(ActivityManagerService.java:2906)
06-14 14:49:17.144 1472 4409 E ActivityManager: at android.os.Binder.execTransact(Binder.java:565)
06-14 14:49:17.443 1472 1533 I ActivityManager: Displayed com.google.android.googlequicksearchbox/com.google.android.launcher.GEL: +312ms
06-14 14:49:35.323 1472 13994 I ActivityManager: Force stopping com.yourcompany.microbenchmarks appid=19495 user=0: from pid 14068
06-14 14:49:39.423 1472 1500 I ActivityManager: Force stopping com.yourcompany.microbenchmarks appid=19495 user=-1: installPackageLI
06-14 14:49:39.991 1472 2187 I ActivityManager: Force stopping com.yourcompany.microbenchmarks appid=19495 user=0: pkg removed
06-14 14:49:41.033 1472 4409 I ActivityManager: START u0 {act=android.intent.action.RUN flg=0x30000000 cmp=com.yourcompany.microbenchmarks/io.flutter.app.FlutterActivity (has extras)} from uid 2000 on display 0
06-14 14:49:41.065 1472 3942 I ActivityManager: Start proc 14158:com.yourcompany.microbenchmarks/u0a9495 for activity com.yourcompany.microbenchmarks/io.flutter.app.FlutterActivity
06-14 14:49:41.067 1472 3791 E ActivityManager: Sending non-protected broadcast com.motorola.motocare.INTENT_TRIGGER from system 3876:com.motorola.process.system/1000 pkg com.motorola.motgeofencesvc
06-14 14:49:41.067 1472 3791 E ActivityManager: java.lang.Throwable
06-14 14:49:41.067 1472 3791 E ActivityManager: at com.android.server.am.ActivityManagerService.broadcastIntentLocked(ActivityManagerService.java:18226)
06-14 14:49:41.067 1472 3791 E ActivityManager: at com.android.server.am.ActivityManagerService.broadcastIntent(ActivityManagerService.java:18826)
06-14 14:49:41.067 1472 3791 E ActivityManager: at android.app.ActivityManagerNative.onTransact(ActivityManagerNative.java:512)
06-14 14:49:41.067 1472 3791 E ActivityManager: at com.android.server.am.ActivityManagerService.onTransact(ActivityManagerService.java:2906)
06-14 14:49:41.067 1472 3791 E ActivityManager: at android.os.Binder.execTransact(Binder.java:565)
06-14 14:49:41.116 1472 4408 E ActivityManager: Sending non-protected broadcast com.motorola.motocare.INTENT_TRIGGER from system 3876:com.motorola.process.system/1000 pkg com.motorola.motgeofencesvc
06-14 14:49:41.116 1472 4408 E ActivityManager: java.lang.Throwable
06-14 14:49:41.116 1472 4408 E ActivityManager: at com.android.server.am.ActivityManagerService.broadcastIntentLocked(ActivityManagerService.java:18226)
06-14 14:49:41.116 1472 4408 E ActivityManager: at com.android.server.am.ActivityManagerService.broadcastIntent(ActivityManagerService.java:18826)
06-14 14:49:41.116 1472 4408 E ActivityManager: at android.app.ActivityManagerNative.onTransact(ActivityManagerNative.java:512)
06-14 14:49:41.116 1472 4408 E ActivityManager: at com.android.server.am.ActivityManagerService.onTransact(ActivityManagerService.java:2906)
06-14 14:49:41.116 1472 4408 E ActivityManager: at android.os.Binder.execTransact(Binder.java:565)
06-14 14:49:41.278 14158 14189 I flutter : Observatory listening on http://127.0.0.1:40265/1ERAPGKtFa8=/
06-14 14:49:41.327 14158 14175 I flutter : RRect contains benchmark...
06-14 14:49:41.342 14158 14175 I flutter : ================ RESULTS ================
06-14 14:49:41.343 14158 14175 I flutter : :::JSON::: {"rrect_contains_iteration":1.5623}
06-14 14:49:41.344 14158 14175 I flutter : ================ FORMATTED ==============
06-14 14:49:41.344 14158 14175 I flutter : RRect contains: 1.6 µs per iteration
06-14 14:49:41.502 1472 1533 I ActivityManager: Displayed com.yourcompany.microbenchmarks/io.flutter.app.FlutterActivity: +453ms
06-14 14:49:42.745 1472 3927 I ActivityManager: Force stopping com.yourcompany.microbenchmarks appid=19495 user=0: from pid 14193
06-14 14:49:42.745 1472 3927 I ActivityManager: Killing 14158:com.yourcompany.microbenchmarks/u0a9495 (adj 0): stop com.yourcompany.microbenchmarks
06-14 14:49:42.746 1472 3927 W ActivityManager: Force removing ActivityRecord{194a990 u0 com.yourcompany.microbenchmarks/io.flutter.app.FlutterActivity t34531}: app died, no saved state
06-14 14:49:42.769 1472 3791 E ActivityManager: Sending non-protected broadcast com.motorola.motocare.INTENT_TRIGGER from system 3876:com.motorola.process.system/1000 pkg com.motorola.motgeofencesvc
06-14 14:49:42.769 1472 3791 E ActivityManager: java.lang.Throwable
06-14 14:49:42.769 1472 3791 E ActivityManager: at com.android.server.am.ActivityManagerService.broadcastIntentLocked(ActivityManagerService.java:18226)
06-14 14:49:42.769 1472 3791 E ActivityManager: at com.android.server.am.ActivityManagerService.broadcastIntent(ActivityManagerService.java:18826)
06-14 14:49:42.769 1472 3791 E ActivityManager: at android.app.ActivityManagerNative.onTransact(ActivityManagerNative.java:512)
06-14 14:49:42.769 1472 3791 E ActivityManager: at com.android.server.am.ActivityManagerService.onTransact(ActivityManagerService.java:2906)
06-14 14:49:42.769 1472 3791 E ActivityManager: at android.os.Binder.execTransact(Binder.java:565)
06-14 14:49:43.027 1472 1533 I ActivityManager: Displayed com.google.android.googlequicksearchbox/com.google.android.launcher.GEL: +266ms
06-14 14:50:02.318 1472 4408 I ActivityManager: Force stopping com.yourcompany.microbenchmarks appid=19495 user=0: from pid 14218
06-14 14:50:06.781 1472 1500 I ActivityManager: Force stopping com.yourcompany.microbenchmarks appid=19495 user=-1: installPackageLI
06-14 14:50:07.300 1472 2187 I ActivityManager: Force stopping com.yourcompany.microbenchmarks appid=19495 user=0: pkg removed
06-14 14:50:08.340 1472 4437 I ActivityManager: START u0 {act=android.intent.action.RUN flg=0x30000000 cmp=com.yourcompany.microbenchmarks/io.flutter.app.FlutterActivity (has extras)} from uid 2000 on display 0
06-14 14:50:08.357 1472 1485 E ActivityManager: Sending non-protected broadcast com.motorola.motocare.INTENT_TRIGGER from system 3876:com.motorola.process.system/1000 pkg com.motorola.motgeofencesvc
06-14 14:50:08.357 1472 1485 E ActivityManager: java.lang.Throwable
06-14 14:50:08.357 1472 1485 E ActivityManager: at com.android.server.am.ActivityManagerService.broadcastIntentLocked(ActivityManagerService.java:18226)
06-14 14:50:08.357 1472 1485 E ActivityManager: at com.android.server.am.ActivityManagerService.broadcastIntent(ActivityManagerService.java:18826)
06-14 14:50:08.357 1472 1485 E ActivityManager: at android.app.ActivityManagerNative.onTransact(ActivityManagerNative.java:512)
06-14 14:50:08.357 1472 1485 E ActivityManager: at com.android.server.am.ActivityManagerService.onTransact(ActivityManagerService.java:2906)
06-14 14:50:08.357 1472 1485 E ActivityManager: at android.os.Binder.execTransact(Binder.java:565)
06-14 14:50:08.378 1472 13995 I ActivityManager: Start proc 14300:com.yourcompany.microbenchmarks/u0a9495 for activity com.yourcompany.microbenchmarks/io.flutter.app.FlutterActivity
06-14 14:50:08.422 1472 4513 E ActivityManager: Sending non-protected broadcast com.motorola.motocare.INTENT_TRIGGER from system 3876:com.motorola.process.system/1000 pkg com.motorola.motgeofencesvc
06-14 14:50:08.422 1472 4513 E ActivityManager: java.lang.Throwable
06-14 14:50:08.422 1472 4513 E ActivityManager: at com.android.server.am.ActivityManagerService.broadcastIntentLocked(ActivityManagerService.java:18226)
06-14 14:50:08.422 1472 4513 E ActivityManager: at com.android.server.am.ActivityManagerService.broadcastIntent(ActivityManagerService.java:18826)
06-14 14:50:08.422 1472 4513 E ActivityManager: at android.app.ActivityManagerNative.onTransact(ActivityManagerNative.java:512)
06-14 14:50:08.422 1472 4513 E ActivityManager: at com.android.server.am.ActivityManagerService.onTransact(ActivityManagerService.java:2906)
06-14 14:50:08.422 1472 4513 E ActivityManager: at android.os.Binder.execTransact(Binder.java:565)
06-14 14:50:08.590 14300 14330 I flutter : Observatory listening on http://127.0.0.1:40600/5uaYZbKiREc=/
06-14 14:50:08.657 14300 14317 I flutter : velocity_tracker_iteration benchmark...
06-14 14:50:14.185 14300 14317 I flutter : velocity_tracker_iteration_ios_fling benchmark...
06-14 14:50:14.909 14300 14317 I flutter : ================ RESULTS ================
06-14 14:50:14.909 14300 14317 I flutter : :::JSON::: {"velocity_tracker_iteration":552.8206,"velocity_tracker_iteration_ios_fling":72.2849}
06-14 14:50:14.909 14300 14317 I flutter : ================ FORMATTED ==============
06-14 14:50:14.910 14300 14317 I flutter : Velocity tracker: VelocityTracker: 552.8 µs per iteration
06-14 14:50:14.910 14300 14317 I flutter : Velocity tracker: IOSScrollViewFlingVelocityTracker: 72.3 µs per iteration
06-14 14:50:14.987 1472 1533 I ActivityManager: Displayed com.yourcompany.microbenchmarks/io.flutter.app.FlutterActivity: +6s628ms
06-14 14:50:15.804 1472 13995 I ActivityManager: Force stopping com.yourcompany.microbenchmarks appid=19495 user=0: from pid 14335
06-14 14:50:15.804 1472 13995 I ActivityManager: Killing 14300:com.yourcompany.microbenchmarks/u0a9495 (adj 0): stop com.yourcompany.microbenchmarks
06-14 14:50:15.806 1472 13995 W ActivityManager: Force removing ActivityRecord{d66ab85 u0 com.yourcompany.microbenchmarks/io.flutter.app.FlutterActivity t34532}: app died, no saved state
06-14 14:50:15.847 1472 4409 E ActivityManager: Sending non-protected broadcast com.motorola.motocare.INTENT_TRIGGER from system 3876:com.motorola.process.system/1000 pkg com.motorola.motgeofencesvc
06-14 14:50:15.847 1472 4409 E ActivityManager: java.lang.Throwable
06-14 14:50:15.847 1472 4409 E ActivityManager: at com.android.server.am.ActivityManagerService.broadcastIntentLocked(ActivityManagerService.java:18226)
06-14 14:50:15.847 1472 4409 E ActivityManager: at com.android.server.am.ActivityManagerService.broadcastIntent(ActivityManagerService.java:18826)
06-14 14:50:15.847 1472 4409 E ActivityManager: at android.app.ActivityManagerNative.onTransact(ActivityManagerNative.java:512)
06-14 14:50:15.847 1472 4409 E ActivityManager: at com.android.server.am.ActivityManagerService.onTransact(ActivityManagerService.java:2906)
06-14 14:50:15.847 1472 4409 E ActivityManager: at android.os.Binder.execTransact(Binder.java:565)
06-14 14:50:16.117 1472 1533 I ActivityManager: Displayed com.google.android.googlequicksearchbox/com.google.android.launcher.GEL: +287ms
06-14 14:50:53.878 1472 13995 I ActivityManager: Force stopping com.yourcompany.microbenchmarks appid=19495 user=0: from pid 14359
06-14 14:50:57.936 1472 1500 I ActivityManager: Force stopping com.yourcompany.microbenchmarks appid=19495 user=-1: installPackageLI
06-14 14:50:58.507 1472 2187 I ActivityManager: Force stopping com.yourcompany.microbenchmarks appid=19495 user=0: pkg removed
06-14 14:50:59.504 1472 5852 I ActivityManager: START u0 {act=android.intent.action.RUN flg=0x30000000 cmp=com.yourcompany.microbenchmarks/io.flutter.app.FlutterActivity (has extras)} from uid 2000 on display 0
06-14 14:50:59.548 1472 1484 I ActivityManager: Start proc 14449:com.yourcompany.microbenchmarks/u0a9495 for activity com.yourcompany.microbenchmarks/io.flutter.app.FlutterActivity
06-14 14:50:59.554 1472 4437 E ActivityManager: Sending non-protected broadcast com.motorola.motocare.INTENT_TRIGGER from system 3876:com.motorola.process.system/1000 pkg com.motorola.motgeofencesvc
06-14 14:50:59.554 1472 4437 E ActivityManager: java.lang.Throwable
06-14 14:50:59.554 1472 4437 E ActivityManager: at com.android.server.am.ActivityManagerService.broadcastIntentLocked(ActivityManagerService.java:18226)
06-14 14:50:59.554 1472 4437 E ActivityManager: at com.android.server.am.ActivityManagerService.broadcastIntent(ActivityManagerService.java:18826)
06-14 14:50:59.554 1472 4437 E ActivityManager: at android.app.ActivityManagerNative.onTransact(ActivityManagerNative.java:512)
06-14 14:50:59.554 1472 4437 E ActivityManager: at com.android.server.am.ActivityManagerService.onTransact(ActivityManagerService.java:2906)
06-14 14:50:59.554 1472 4437 E ActivityManager: at android.os.Binder.execTransact(Binder.java:565)
06-14 14:50:59.578 1472 4435 E ActivityManager: Sending non-protected broadcast com.motorola.motocare.INTENT_TRIGGER from system 3876:com.motorola.process.system/1000 pkg com.motorola.motgeofencesvc
06-14 14:50:59.578 1472 4435 E ActivityManager: java.lang.Throwable
06-14 14:50:59.578 1472 4435 E ActivityManager: at com.android.server.am.ActivityManagerService.broadcastIntentLocked(ActivityManagerService.java:18226)
06-14 14:50:59.578 1472 4435 E ActivityManager: at com.android.server.am.ActivityManagerService.broadcastIntent(ActivityManagerService.java:18826)
06-14 14:50:59.578 1472 4435 E ActivityManager: at android.app.ActivityManagerNative.onTransact(ActivityManagerNative.java:512)
06-14 14:50:59.578 1472 4435 E ActivityManager: at com.android.server.am.ActivityManagerService.onTransact(ActivityManagerService.java:2906)
06-14 14:50:59.578 1472 4435 E ActivityManager: at android.os.Binder.execTransact(Binder.java:565)
06-14 14:50:59.793 14449 14481 I flutter : Observatory listening on http://127.0.0.1:48679/VisUCKyeywo=/
06-14 14:50:59.868 14449 14466 I flutter : GestureDetector semantics benchmark...
06-14 14:51:00.114 1472 1533 I ActivityManager: Displayed com.yourcompany.microbenchmarks/io.flutter.app.FlutterActivity: +598ms
06-14 14:51:06.685 14449 14466 I flutter : ================ RESULTS ================
06-14 14:51:06.686 14449 14466 I flutter : :::JSON::: {"gesture_detector_bench":16749.95}
06-14 14:51:06.686 14449 14466 I flutter : ================ FORMATTED ==============
06-14 14:51:06.686 14449 14466 I flutter : GestureDetector: 16750.0 µs per iteration
06-14 14:51:07.578 1472 13994 I ActivityManager: Force stopping com.yourcompany.microbenchmarks appid=19495 user=0: from pid 14489
06-14 14:51:07.579 1472 13994 I ActivityManager: Killing 14449:com.yourcompany.microbenchmarks/u0a9495 (adj 0): stop com.yourcompany.microbenchmarks
06-14 14:51:07.580 1472 13994 W ActivityManager: Force removing ActivityRecord{220f279 u0 com.yourcompany.microbenchmarks/io.flutter.app.FlutterActivity t34533}: app died, no saved state
06-14 14:51:07.612 1472 4513 E ActivityManager: Sending non-protected broadcast com.motorola.motocare.INTENT_TRIGGER from system 3876:com.motorola.process.system/1000 pkg com.motorola.motgeofencesvc
06-14 14:51:07.612 1472 4513 E ActivityManager: java.lang.Throwable
06-14 14:51:07.612 1472 4513 E ActivityManager: at com.android.server.am.ActivityManagerService.broadcastIntentLocked(ActivityManagerService.java:18226)
06-14 14:51:07.612 1472 4513 E ActivityManager: at com.android.server.am.ActivityManagerService.broadcastIntent(ActivityManagerService.java:18826)
06-14 14:51:07.612 1472 4513 E ActivityManager: at android.app.ActivityManagerNative.onTransact(ActivityManagerNative.java:512)
06-14 14:51:07.612 1472 4513 E ActivityManager: at com.android.server.am.ActivityManagerService.onTransact(ActivityManagerService.java:2906)
06-14 14:51:07.612 1472 4513 E ActivityManager: at android.os.Binder.execTransact(Binder.java:565)
06-14 14:51:07.964 1472 1533 I ActivityManager: Displayed com.google.android.googlequicksearchbox/com.google.android.launcher.GEL: +364ms
06-14 14:52:01.657 1472 3928 I ActivityManager: Force stopping com.yourcompany.microbenchmarks appid=19495 user=0: from pid 14514
06-14 14:52:06.755 1472 1500 I ActivityManager: Force stopping com.yourcompany.microbenchmarks appid=19495 user=-1: installPackageLI
06-14 14:52:07.336 1472 2187 I ActivityManager: Force stopping com.yourcompany.microbenchmarks appid=19495 user=0: pkg removed
06-14 14:52:08.333 1472 4409 I ActivityManager: START u0 {act=android.intent.action.RUN flg=0x30000000 cmp=com.yourcompany.microbenchmarks/io.flutter.app.FlutterActivity (has extras)} from uid 2000 on display 0
06-14 14:52:08.365 1472 1484 I ActivityManager: Start proc 14604:com.yourcompany.microbenchmarks/u0a9495 for activity com.yourcompany.microbenchmarks/io.flutter.app.FlutterActivity
06-14 14:52:08.369 1472 4437 E ActivityManager: Sending non-protected broadcast com.motorola.motocare.INTENT_TRIGGER from system 3876:com.motorola.process.system/1000 pkg com.motorola.motgeofencesvc
06-14 14:52:08.369 1472 4437 E ActivityManager: java.lang.Throwable
06-14 14:52:08.369 1472 4437 E ActivityManager: at com.android.server.am.ActivityManagerService.broadcastIntentLocked(ActivityManagerService.java:18226)
06-14 14:52:08.369 1472 4437 E ActivityManager: at com.android.server.am.ActivityManagerService.broadcastIntent(ActivityManagerService.java:18826)
06-14 14:52:08.369 1472 4437 E ActivityManager: at android.app.ActivityManagerNative.onTransact(ActivityManagerNative.java:512)
06-14 14:52:08.369 1472 4437 E ActivityManager: at com.android.server.am.ActivityManagerService.onTransact(ActivityManagerService.java:2906)
06-14 14:52:08.369 1472 4437 E ActivityManager: at android.os.Binder.execTransact(Binder.java:565)
06-14 14:52:08.413 1472 13995 E ActivityManager: Sending non-protected broadcast com.motorola.motocare.INTENT_TRIGGER from system 3876:com.motorola.process.system/1000 pkg com.motorola.motgeofencesvc
06-14 14:52:08.413 1472 13995 E ActivityManager: java.lang.Throwable
06-14 14:52:08.413 1472 13995 E ActivityManager: at com.android.server.am.ActivityManagerService.broadcastIntentLocked(ActivityManagerService.java:18226)
06-14 14:52:08.413 1472 13995 E ActivityManager: at com.android.server.am.ActivityManagerService.broadcastIntent(ActivityManagerService.java:18826)
06-14 14:52:08.413 1472 13995 E ActivityManager: at android.app.ActivityManagerNative.onTransact(ActivityManagerNative.java:512)
06-14 14:52:08.413 1472 13995 E ActivityManager: at com.android.server.am.ActivityManagerService.onTransact(ActivityManagerService.java:2906)
06-14 14:52:08.413 1472 13995 E ActivityManager: at android.os.Binder.execTransact(Binder.java:565)
06-14 14:52:08.665 14604 14635 I flutter : Observatory listening on http://127.0.0.1:43366/BnT1TIa2fiY=/
06-14 14:52:08.861 1472 1533 I ActivityManager: Displayed com.yourcompany.microbenchmarks/io.flutter.app.FlutterActivity: +511ms
06-14 14:52:25.133 14604 14621 I flutter : ================ RESULTS ================
06-14 14:52:25.136 14604 14621 I flutter : :::JSON::: {"stock_animation_total_run_time":15.013775,"stock_animation_open_first_frame_average":1677.08,"stock_animation_close_first_frame_average":1752.0872483221476,"stock_animation_subsequent_frame_average":1446.7491638795987}
06-14 14:52:25.136 14604 14621 I flutter : ================ FORMATTED ==============
06-14 14:52:25.137 14604 14621 I flutter : Stock animation: 15.0 s
06-14 14:52:25.137 14604 14621 I flutter : Opening first frame average time: 1677.1 µs per frame (150 frames)
06-14 14:52:25.137 14604 14621 I flutter : Closing first frame average time: 1752.1 µs per frame (149 frames)
06-14 14:52:25.137 14604 14621 I flutter : Subsequent frames average time: 1446.7 µs per frame (598 frames)
06-14 14:52:26.021 1472 4513 I ActivityManager: Force stopping com.yourcompany.microbenchmarks appid=19495 user=0: from pid 14643
06-14 14:52:26.022 1472 4513 I ActivityManager: Killing 14604:com.yourcompany.microbenchmarks/u0a9495 (adj 0): stop com.yourcompany.microbenchmarks
06-14 14:52:26.023 1472 4513 W ActivityManager: Force removing ActivityRecord{8f6f644 u0 com.yourcompany.microbenchmarks/io.flutter.app.FlutterActivity t34534}: app died, no saved state
06-14 14:52:26.054 1472 4435 E ActivityManager: Sending non-protected broadcast com.motorola.motocare.INTENT_TRIGGER from system 3876:com.motorola.process.system/1000 pkg com.motorola.motgeofencesvc
06-14 14:52:26.054 1472 4435 E ActivityManager: java.lang.Throwable
06-14 14:52:26.054 1472 4435 E ActivityManager: at com.android.server.am.ActivityManagerService.broadcastIntentLocked(ActivityManagerService.java:18226)
06-14 14:52:26.054 1472 4435 E ActivityManager: at com.android.server.am.ActivityManagerService.broadcastIntent(ActivityManagerService.java:18826)
06-14 14:52:26.054 1472 4435 E ActivityManager: at android.app.ActivityManagerNative.onTransact(ActivityManagerNative.java:512)
06-14 14:52:26.054 1472 4435 E ActivityManager: at com.android.server.am.ActivityManagerService.onTransact(ActivityManagerService.java:2906)
06-14 14:52:26.054 1472 4435 E ActivityManager: at android.os.Binder.execTransact(Binder.java:565)
06-14 14:52:26.392 1472 1533 I ActivityManager: Displayed com.google.android.googlequicksearchbox/com.google.android.launcher.GEL: +351ms
06-14 14:52:44.677 1472 3927 I ActivityManager: Force stopping com.yourcompany.microbenchmarks appid=19495 user=0: from pid 14666
06-14 14:52:48.955 1472 1500 I ActivityManager: Force stopping com.yourcompany.microbenchmarks appid=19495 user=-1: installPackageLI
06-14 14:52:49.551 1472 2187 I ActivityManager: Force stopping com.yourcompany.microbenchmarks appid=19495 user=0: pkg removed
06-14 14:52:50.626 1472 13995 I ActivityManager: START u0 {act=android.intent.action.RUN flg=0x30000000 cmp=com.yourcompany.microbenchmarks/io.flutter.app.FlutterActivity (has extras)} from uid 2000 on display 0
06-14 14:52:50.658 1472 4409 I ActivityManager: Start proc 14752:com.yourcompany.microbenchmarks/u0a9495 for activity com.yourcompany.microbenchmarks/io.flutter.app.FlutterActivity
06-14 14:52:50.661 1472 4437 E ActivityManager: Sending non-protected broadcast com.motorola.motocare.INTENT_TRIGGER from system 3876:com.motorola.process.system/1000 pkg com.motorola.motgeofencesvc
06-14 14:52:50.661 1472 4437 E ActivityManager: java.lang.Throwable
06-14 14:52:50.661 1472 4437 E ActivityManager: at com.android.server.am.ActivityManagerService.broadcastIntentLocked(ActivityManagerService.java:18226)
06-14 14:52:50.661 1472 4437 E ActivityManager: at com.android.server.am.ActivityManagerService.broadcastIntent(ActivityManagerService.java:18826)
06-14 14:52:50.661 1472 4437 E ActivityManager: at android.app.ActivityManagerNative.onTransact(ActivityManagerNative.java:512)
06-14 14:52:50.661 1472 4437 E ActivityManager: at com.android.server.am.ActivityManagerService.onTransact(ActivityManagerService.java:2906)
06-14 14:52:50.661 1472 4437 E ActivityManager: at android.os.Binder.execTransact(Binder.java:565)
06-14 14:52:50.712 1472 5852 E ActivityManager: Sending non-protected broadcast com.motorola.motocare.INTENT_TRIGGER from system 3876:com.motorola.process.system/1000 pkg com.motorola.motgeofencesvc
06-14 14:52:50.712 1472 5852 E ActivityManager: java.lang.Throwable
06-14 14:52:50.712 1472 5852 E ActivityManager: at com.android.server.am.ActivityManagerService.broadcastIntentLocked(ActivityManagerService.java:18226)
06-14 14:52:50.712 1472 5852 E ActivityManager: at com.android.server.am.ActivityManagerService.broadcastIntent(ActivityManagerService.java:18826)
06-14 14:52:50.712 1472 5852 E ActivityManager: at android.app.ActivityManagerNative.onTransact(ActivityManagerNative.java:512)
06-14 14:52:50.712 1472 5852 E ActivityManager: at com.android.server.am.ActivityManagerService.onTransact(ActivityManagerService.java:2906)
06-14 14:52:50.712 1472 5852 E ActivityManager: at android.os.Binder.execTransact(Binder.java:565) --------- beginning of crash
06-14 14:52:50.835 14752 14752 F libc : Fatal signal 11 (SIGSEGV), code 1, fault addr 0x4 in tid 14752 (microbenchmarks)
06-14 14:52:50.924 14780 14780 F DEBUG : *** *** *** *** *** *** *** *** *** *** *** *** *** *** *** ***
06-14 14:52:50.924 14780 14780 F DEBUG : Build fingerprint: 'motorola/athene/athene:7.0/NPJS25.93-14-18/3:user/release-keys'
06-14 14:52:50.925 14780 14780 F DEBUG : Revision: 'p2a0'
06-14 14:52:50.925 14780 14780 F DEBUG : ABI: 'arm'
06-14 14:52:50.925 14780 14780 F DEBUG : pid: 14752, tid: 14752, name: microbenchmarks >>> com.yourcompany.microbenchmarks <<<
06-14 14:52:50.925 14780 14780 F DEBUG : signal 11 (SIGSEGV), code 1 (SEGV_MAPERR), fault addr 0x4
06-14 14:52:50.925 14780 14780 F DEBUG : r0 a21f223c r1 9ff70280 r2 9168ec09 r3 00000000
06-14 14:52:50.925 14780 14780 F DEBUG : r4 93ae8788 r5 a21f2100 r6 93ae8780 r7 9ff0c800
06-14 14:52:50.925 14780 14780 F DEBUG : r8 92ab1e5b r9 bedf6700 sl a20e5400 fp 9389f696
06-14 14:52:50.925 14780 14780 F DEBUG : ip 93a1c2b4 sp ae4a6bd8 lr 935a8bb4 pc 9396bbd8 cpsr 800f0030
06-14 14:52:50.926 14780 14780 F DEBUG :
06-14 14:52:50.926 14780 14780 F DEBUG : backtrace:
06-14 14:52:50.926 14780 14780 F DEBUG : #00 pc 003d1bd8 /data/app/com.yourcompany.microbenchmarks-1/lib/arm/libflutter.so (offset 0x501000)
06-14 14:52:50.926 14780 14780 F DEBUG : #01 pc 0000ebb0 /data/app/com.yourcompany.microbenchmarks-1/lib/arm/libflutter.so (offset 0x501000)
06-14 14:52:51.592 1472 14781 W ActivityManager: Force finishing activity com.yourcompany.microbenchmarks/io.flutter.app.FlutterActivity
06-14 14:52:51.600 1472 14781 W ActivityManager: Exception thrown during pause
06-14 14:52:51.600 1472 14781 W ActivityManager: android.os.DeadObjectException: Transaction failed on small parcel; remote process probably died
06-14 14:52:51.600 1472 14781 W ActivityManager: at android.os.BinderProxy.transactNative(Native Method)
06-14 14:52:51.600 1472 14781 W ActivityManager: at android.os.BinderProxy.transact(Binder.java:615)
06-14 14:52:51.600 1472 14781 W ActivityManager: at android.app.ApplicationThreadProxy.schedulePauseActivity(ApplicationThreadNative.java:791)
06-14 14:52:51.600 1472 14781 W ActivityManager: at com.android.server.am.ActivityStack.startPausingLocked(ActivityStack.java:1132)
06-14 14:52:51.600 1472 14781 W ActivityManager: at com.android.server.am.ActivityStack.finishActivityLocked(ActivityStack.java:3509)
06-14 14:52:51.600 1472 14781 W ActivityManager: at com.android.server.am.ActivityStack.finishTopRunningActivityLocked(ActivityStack.java:3345)
06-14 14:52:51.600 1472 14781 W ActivityManager: at com.android.server.am.ActivityStackSupervisor.finishTopRunningActivityLocked(ActivityStackSupervisor.java:1876)
06-14 14:52:51.600 1472 14781 W ActivityManager: at com.android.server.am.AppErrors.handleAppCrashLocked(AppErrors.java:619)
06-14 14:52:51.600 1472 14781 W ActivityManager: at com.android.server.am.AppErrors.makeAppCrashingLocked(AppErrors.java:481)
06-14 14:52:51.600 1472 14781 W ActivityManager: at com.android.server.am.AppErrors.crashApplicationInner(AppErrors.java:357)
06-14 14:52:51.600 1472 14781 W ActivityManager: at com.android.server.am.AppErrors.crashApplication(AppErrors.java:309)
06-14 14:52:51.600 1472 14781 W ActivityManager: at com.android.server.am.ActivityManagerService.handleApplicationCrashInner(ActivityManagerService.java:13733)
06-14 14:52:51.600 1472 14781 W ActivityManager: at com.android.server.am.NativeCrashListener$NativeCrashReporter.run(NativeCrashListener.java:86)
06-14 14:52:51.629 1472 4408 E ActivityManager: Sending non-protected broadcast com.motorola.motocare.INTENT_TRIGGER from system 3876:com.motorola.process.system/1000 pkg com.motorola.motgeofencesvc
06-14 14:52:51.629 1472 4408 E ActivityManager: java.lang.Throwable
06-14 14:52:51.629 1472 4408 E ActivityManager: at com.android.server.am.ActivityManagerService.broadcastIntentLocked(ActivityManagerService.java:18226)
06-14 14:52:51.629 1472 4408 E ActivityManager: at com.android.server.am.ActivityManagerService.broadcastIntent(ActivityManagerService.java:18826)
06-14 14:52:51.629 1472 4408 E ActivityManager: at android.app.ActivityManagerNative.onTransact(ActivityManagerNative.java:512)
06-14 14:52:51.629 1472 4408 E ActivityManager: at com.android.server.am.ActivityManagerService.onTransact(ActivityManagerService.java:2906)
06-14 14:52:51.629 1472 4408 E ActivityManager: at android.os.Binder.execTransact(Binder.java:565)
06-14 14:52:51.631 1472 13994 I ActivityManager: Process com.yourcompany.microbenchmarks (pid 14752) has died
06-14 14:57:51.774 1472 14781 W ActivityManager: Ignoring remove of inactive process: ProcessRecord{250c95b 0:com.yourcompany.microbenchmarks/u0a9495}