W0221 08:55:45.611499 239635 certs.go:384] ignoring /home/jenkins/minikube-integration/linux-amd64-docker-docker-13641-3300-2a71df5eb5ec0ca8243173c97a5614cea8fb2e82/.minikube/certs/home/jenkins/minikube-integration/linux-amd64-docker-docker-13641-3300-2a71df5eb5ec0ca8243173c97a5614cea8fb2e82/.minikube/certs/6550_empty.pem, impossibly tiny 0 bytes
I0221 08:55:45.611506 239635 certs.go:388] found cert: /home/jenkins/minikube-integration/linux-amd64-docker-docker-13641-3300-2a71df5eb5ec0ca8243173c97a5614cea8fb2e82/.minikube/certs/home/jenkins/minikube-integration/linux-amd64-docker-docker-13641-3300-2a71df5eb5ec0ca8243173c97a5614cea8fb2e82/.minikube/certs/ca-key.pem (1679 bytes)
I0221 08:55:45.611532 239635 certs.go:388] found cert: /home/jenkins/minikube-integration/linux-amd64-docker-docker-13641-3300-2a71df5eb5ec0ca8243173c97a5614cea8fb2e82/.minikube/certs/home/jenkins/minikube-integration/linux-amd64-docker-docker-13641-3300-2a71df5eb5ec0ca8243173c97a5614cea8fb2e82/.minikube/certs/ca.pem (1082 bytes)
I0221 08:55:45.611557 239635 certs.go:388] found cert: /home/jenkins/minikube-integration/linux-amd64-docker-docker-13641-3300-2a71df5eb5ec0ca8243173c97a5614cea8fb2e82/.minikube/certs/home/jenkins/minikube-integration/linux-amd64-docker-docker-13641-3300-2a71df5eb5ec0ca8243173c97a5614cea8fb2e82/.minikube/certs/cert.pem (1123 bytes)
I0221 08:55:45.611581 239635 certs.go:388] found cert: /home/jenkins/minikube-integration/linux-amd64-docker-docker-13641-3300-2a71df5eb5ec0ca8243173c97a5614cea8fb2e82/.minikube/certs/home/jenkins/minikube-integration/linux-amd64-docker-docker-13641-3300-2a71df5eb5ec0ca8243173c97a5614cea8fb2e82/.minikube/certs/key.pem (1675 bytes)
I0221 08:55:45.611628 239635 certs.go:388] found cert: /home/jenkins/minikube-integration/linux-amd64-docker-docker-13641-3300-2a71df5eb5ec0ca8243173c97a5614cea8fb2e82/.minikube/files/etc/ssl/certs/home/jenkins/minikube-integration/linux-amd64-docker-docker-13641-3300-2a71df5eb5ec0ca8243173c97a5614cea8fb2e82/.minikube/files/etc/ssl/certs/65502.pem (1708 bytes)
I0221 08:55:45.612674 239635 ssh_runner.go:362] scp /home/jenkins/minikube-integration/linux-amd64-docker-docker-13641-3300-2a71df5eb5ec0ca8243173c97a5614cea8fb2e82/.minikube/profiles/false-20220221084934-6550/apiserver.crt --> /var/lib/minikube/certs/apiserver.crt (1399 bytes)
I0221 08:55:45.631353 239635 ssh_runner.go:362] scp /home/jenkins/minikube-integration/linux-amd64-docker-docker-13641-3300-2a71df5eb5ec0ca8243173c97a5614cea8fb2e82/.minikube/profiles/false-20220221084934-6550/apiserver.key --> /var/lib/minikube/certs/apiserver.key (1675 bytes)
I0221 08:55:45.648917 239635 ssh_runner.go:362] scp /home/jenkins/minikube-integration/linux-amd64-docker-docker-13641-3300-2a71df5eb5ec0ca8243173c97a5614cea8fb2e82/.minikube/profiles/false-20220221084934-6550/proxy-client.crt --> /var/lib/minikube/certs/proxy-client.crt (1147 bytes)
I0221 08:55:45.666591 239635 ssh_runner.go:362] scp /home/jenkins/minikube-integration/linux-amd64-docker-docker-13641-3300-2a71df5eb5ec0ca8243173c97a5614cea8fb2e82/.minikube/profiles/false-20220221084934-6550/proxy-client.key --> /var/lib/minikube/certs/proxy-client.key (1675 bytes)
I0221 08:55:45.684159 239635 ssh_runner.go:362] scp /home/jenkins/minikube-integration/linux-amd64-docker-docker-13641-3300-2a71df5eb5ec0ca8243173c97a5614cea8fb2e82/.minikube/ca.crt --> /var/lib/minikube/certs/ca.crt (1111 bytes)
I0221 08:55:45.701818 239635 ssh_runner.go:362] scp /home/jenkins/minikube-integration/linux-amd64-docker-docker-13641-3300-2a71df5eb5ec0ca8243173c97a5614cea8fb2e82/.minikube/ca.key --> /var/lib/minikube/certs/ca.key (1675 bytes)
I0221 08:55:45.719473 239635 ssh_runner.go:362] scp /home/jenkins/minikube-integration/linux-amd64-docker-docker-13641-3300-2a71df5eb5ec0ca8243173c97a5614cea8fb2e82/.minikube/proxy-client-ca.crt --> /var/lib/minikube/certs/proxy-client-ca.crt (1119 bytes)
I0221 08:55:45.737014 239635 ssh_runner.go:362] scp /home/jenkins/minikube-integration/linux-amd64-docker-docker-13641-3300-2a71df5eb5ec0ca8243173c97a5614cea8fb2e82/.minikube/proxy-client-ca.key --> /var/lib/minikube/certs/proxy-client-ca.key (1679 bytes)
I0221 08:55:45.754513 239635 ssh_runner.go:362] scp /home/jenkins/minikube-integration/linux-amd64-docker-docker-13641-3300-2a71df5eb5ec0ca8243173c97a5614cea8fb2e82/.minikube/files/etc/ssl/certs/65502.pem --> /usr/share/ca-certificates/65502.pem (1708 bytes)
I0221 08:55:45.772036 239635 ssh_runner.go:362] scp /home/jenkins/minikube-integration/linux-amd64-docker-docker-13641-3300-2a71df5eb5ec0ca8243173c97a5614cea8fb2e82/.minikube/ca.crt --> /usr/share/ca-certificates/minikubeCA.pem (1111 bytes)
I0221 08:55:45.789829 239635 ssh_runner.go:362] scp /home/jenkins/minikube-integration/linux-amd64-docker-docker-13641-3300-2a71df5eb5ec0ca8243173c97a5614cea8fb2e82/.minikube/certs/6550.pem --> /usr/share/ca-certificates/6550.pem (1338 bytes)
I0221 08:55:45.807112 239635 ssh_runner.go:362] scp memory --> /var/lib/minikube/kubeconfig (738 bytes)
I0221 08:55:45.819894 239635 ssh_runner.go:195] Run: openssl version
I0221 08:55:45.824776 239635 ssh_runner.go:195] Run: sudo /bin/bash -c "test -s /usr/share/ca-certificates/65502.pem && ln -fs /usr/share/ca-certificates/65502.pem /etc/ssl/certs/65502.pem"
I0221 08:55:45.832744 239635 ssh_runner.go:195] Run: ls -la /usr/share/ca-certificates/65502.pem
I0221 08:55:45.835837 239635 certs.go:431] hashing: -rw-r--r-- 1 root root 1708 Feb 21 08:30 /usr/share/ca-certificates/65502.pem
I0221 08:55:45.835890 239635 ssh_runner.go:195] Run: openssl x509 -hash -noout -in /usr/share/ca-certificates/65502.pem
I0221 08:55:45.840887 239635 ssh_runner.go:195] Run: sudo /bin/bash -c "test -L /etc/ssl/certs/3ec20f2e.0 || ln -fs /etc/ssl/certs/65502.pem /etc/ssl/certs/3ec20f2e.0"
I0221 08:55:45.848695 239635 ssh_runner.go:195] Run: sudo /bin/bash -c "test -s /usr/share/ca-certificates/minikubeCA.pem && ln -fs /usr/share/ca-certificates/minikubeCA.pem /etc/ssl/certs/minikubeCA.pem"
I0221 08:55:45.856224 239635 ssh_runner.go:195] Run: ls -la /usr/share/ca-certificates/minikubeCA.pem
I0221 08:55:45.859423 239635 certs.go:431] hashing: -rw-r--r-- 1 root root 1111 Feb 21 08:26 /usr/share/ca-certificates/minikubeCA.pem
I0221 08:55:45.859475 239635 ssh_runner.go:195] Run: openssl x509 -hash -noout -in /usr/share/ca-certificates/minikubeCA.pem
I0221 08:55:45.864292 239635 ssh_runner.go:195] Run: sudo /bin/bash -c "test -L /etc/ssl/certs/b5213941.0 || ln -fs /etc/ssl/certs/minikubeCA.pem /etc/ssl/certs/b5213941.0"
I0221 08:55:45.871752 239635 ssh_runner.go:195] Run: sudo /bin/bash -c "test -s /usr/share/ca-certificates/6550.pem && ln -fs /usr/share/ca-certificates/6550.pem /etc/ssl/certs/6550.pem"
I0221 08:55:45.878978 239635 ssh_runner.go:195] Run: ls -la /usr/share/ca-certificates/6550.pem
I0221 08:55:45.881994 239635 certs.go:431] hashing: -rw-r--r-- 1 root root 1338 Feb 21 08:30 /usr/share/ca-certificates/6550.pem
I0221 08:55:45.882039 239635 ssh_runner.go:195] Run: openssl x509 -hash -noout -in /usr/share/ca-certificates/6550.pem
I0221 08:55:45.886887 239635 ssh_runner.go:195] Run: sudo /bin/bash -c "test -L /etc/ssl/certs/51391683.0 || ln -fs /etc/ssl/certs/6550.pem /etc/ssl/certs/51391683.0"
I0221 08:55:45.894360 239635 kubeadm.go:391] StartCluster: {Name:false-20220221084934-6550 KeepContext:false EmbedCerts:false MinikubeISO: KicBaseImage:gcr.io/k8s-minikube/kicbase-builds:v0.0.29-1644344181-13531@sha256:02c921df998f95e849058af14de7045efc3954d90320967418a0d1f182bbc0b2 Memory:2048 CPUs:2 DiskSize:20000 VMDriver: Driver:docker HyperkitVpnKitSock: HyperkitVSockPorts:[] DockerEnv:[] ContainerVolumeMounts:[] InsecureRegistry:[] RegistryMirror:[] HostOnlyCIDR:192.168.59.1/24 HypervVirtualSwitch: HypervUseExternalSwitch:false HypervExternalAdapter: KVMNetwork:default KVMQemuURI:qemu:///system KVMGPU:false KVMHidden:false KVMNUMACount:1 DockerOpt:[] DisableDriverMounts:false NFSShare:[] NFSSharesRoot:/nfsshares UUID: NoVTXCheck:false DNSProxy:false HostDNSResolver:true HostOnlyNicType:virtio NatNicType:virtio SSHIPAddress: SSHUser:root SSHKey: SSHPort:22 KubernetesConfig:{KubernetesVersion:v1.23.4 ClusterName:false-20220221084934-6550 Namespace:default APIServerName:minikubeCA APIServerNames:[] APIServerIPs:[] DNSDomain:cluster.local ContainerRuntime:docker CRISocket: NetworkPlugin: FeatureGates: ServiceCIDR:10.96.0.0/12 ImageRepository: LoadBalancerStartIP: LoadBalancerEndIP: CustomIngressCert: ExtraOptions:[{Component:kubelet Key:housekeeping-interval Value:5m}] ShouldLoadCachedImages:true EnableDefaultCNI:false CNI:false NodeIP: NodePort:8443 NodeName:} Nodes:[{Name: IP:192.168.49.2 Port:8443 KubernetesVersion:v1.23.4 ContainerRuntime:docker ControlPlane:true Worker:true}] Addons:map[] CustomAddonImages:map[] CustomAddonRegistries:map[] VerifyComponents:map[apiserver:true apps_running:true default_sa:true extra:true kubelet:true node_ready:true system_pods:true] StartHostTimeout:5m0s ScheduledStop: ExposedPorts:[] ListenAddress: Network: MultiNodeRequested:false ExtraDisks:0 CertExpiration:26280h0m0s Mount:false MountString:/home/jenkins:/minikube-host Mount9PVersion:9p2000.L MountGID:docker MountIP: MountMSize:262144 MountOptions:[] MountPort:0 MountType:9p MountUID:docker BinaryMirror: DisableOptimizations:false}
I0221 08:55:45.894481 239635 ssh_runner.go:195] Run: docker ps --filter status=paused --filter=name=k8s_.*_(kube-system)_ --format={{.ID}}
I0221 08:55:45.926642 239635 ssh_runner.go:195] Run: sudo ls /var/lib/kubelet/kubeadm-flags.env /var/lib/kubelet/config.yaml /var/lib/minikube/etcd
I0221 08:55:45.933993 239635 ssh_runner.go:195] Run: sudo cp /var/tmp/minikube/kubeadm.yaml.new /var/tmp/minikube/kubeadm.yaml
I0221 08:55:45.941434 239635 kubeadm.go:221] ignoring SystemVerification for kubeadm because of docker driver
I0221 08:55:45.941488 239635 ssh_runner.go:195] Run: sudo ls -la /etc/kubernetes/admin.conf /etc/kubernetes/kubelet.conf /etc/kubernetes/controller-manager.conf /etc/kubernetes/scheduler.conf
I0221 08:55:45.949175 239635 kubeadm.go:152] config check failed, skipping stale config cleanup: sudo ls -la /etc/kubernetes/admin.conf /etc/kubernetes/kubelet.conf /etc/kubernetes/controller-manager.conf /etc/kubernetes/scheduler.conf: Process exited with status 2 stdout: stderr: ls: cannot access '/etc/kubernetes/admin.conf': No such file or directory ls: cannot access '/etc/kubernetes/kubelet.conf': No such file or directory ls: cannot access '/etc/kubernetes/controller-manager.conf': No such file or directory ls: cannot access '/etc/kubernetes/scheduler.conf': No such file or directory
I0221 08:55:45.949230 239635 ssh_runner.go:286] Start: /bin/bash -c "sudo env PATH="/var/lib/minikube/binaries/v1.23.4:$PATH" kubeadm init --config /var/tmp/minikube/kubeadm.yaml --ignore-preflight-errors=DirAvailable--etc-kubernetes-manifests,DirAvailable--var-lib-minikube,DirAvailable--var-lib-minikube-etcd,FileAvailable--etc-kubernetes-manifests-kube-scheduler.yaml,FileAvailable--etc-kubernetes-manifests-kube-apiserver.yaml,FileAvailable--etc-kubernetes-manifests-kube-controller-manager.yaml,FileAvailable--etc-kubernetes-manifests-etcd.yaml,Port-10250,Swap,Mem,SystemVerification,FileContent--proc-sys-net-bridge-bridge-nf-call-iptables"
I0221 08:55:43.583801 223679 pod_ready.go:102] pod "calico-node-zcdj6" in "kube-system" namespace has status "Ready":"False"
I0221 08:55:46.104227 223679 pod_ready.go:102] pod "calico-node-zcdj6" in "kube-system" namespace has status "Ready":"False"
I0221 08:55:43.094975 227869 pod_ready.go:102] pod "coredns-64897985d-fw5hd" in "kube-system" namespace has status "Ready":"False"
I0221 08:55:45.594422 227869 pod_ready.go:102] pod "coredns-64897985d-fw5hd" in "kube-system" namespace has status "Ready":"False"
I0221 08:55:46.578129 239635 out.go:203] - Generating certificates and keys ...
I0221 08:55:46.949101 208829 cli_runner.go:133] Run: docker container inspect auto-20220221084933-6550 --format={{.State.Status}}
I0221 08:55:48.608316 223679 pod_ready.go:102] pod "calico-node-zcdj6" in "kube-system" namespace has status "Ready":"False"
I0221 08:55:51.082452 223679 pod_ready.go:102] pod "calico-node-zcdj6" in "kube-system" namespace has status "Ready":"False"
I0221 08:55:48.094138 227869 pod_ready.go:102] pod "coredns-64897985d-fw5hd" in "kube-system" namespace has status "Ready":"False"
I0221 08:55:50.094339 227869 pod_ready.go:102] pod "coredns-64897985d-fw5hd" in "kube-system" namespace has status "Ready":"False"
I0221 08:55:49.236357 239635 out.go:203] - Booting up control plane ...
I0221 08:55:49.985044 208829 cli_runner.go:133] Run: docker container inspect auto-20220221084933-6550 --format={{.State.Status}}
I0221 08:55:53.019690 208829 cli_runner.go:133] Run: docker container inspect auto-20220221084933-6550 --format={{.State.Status}}
I0221 08:55:53.082812 223679 pod_ready.go:102] pod "calico-node-zcdj6" in "kube-system" namespace has status "Ready":"False"
I0221 08:55:55.604982 223679 pod_ready.go:102] pod "calico-node-zcdj6" in "kube-system" namespace has status "Ready":"False"
I0221 08:55:52.593954 227869 pod_ready.go:102] pod "coredns-64897985d-fw5hd" in "kube-system" namespace has status "Ready":"False"
I0221 08:55:55.094041 227869 pod_ready.go:102] pod "coredns-64897985d-fw5hd" in "kube-system" namespace has status "Ready":"False"
I0221 08:55:57.094158 227869 pod_ready.go:102] pod "coredns-64897985d-fw5hd" in "kube-system" namespace has status "Ready":"False"
I0221 08:55:57.284223 239635 out.go:203] - Configuring RBAC rules ...
I0221 08:55:57.697593 239635 cni.go:93] Creating CNI manager for "false"
I0221 08:55:57.697659 239635 ssh_runner.go:195] Run: /bin/bash -c "cat /proc/$(pgrep kube-apiserver)/oom_adj"
I0221 08:55:57.697727 239635 ssh_runner.go:195] Run: sudo /var/lib/minikube/binaries/v1.23.4/kubectl create clusterrolebinding minikube-rbac --clusterrole=cluster-admin --serviceaccount=kube-system:default --kubeconfig=/var/lib/minikube/kubeconfig
I0221 08:55:57.697758 239635 ssh_runner.go:195] Run: sudo /var/lib/minikube/binaries/v1.23.4/kubectl label nodes minikube.k8s.io/version=v1.25.1 minikube.k8s.io/commit=9a4c39b14752448ee8b5da7f8bb397c2a16d9ea9 minikube.k8s.io/name=false-20220221084934-6550 minikube.k8s.io/updated_at=2022_02_21T08_55_57_0700 minikube.k8s.io/primary=true --all --overwrite --kubeconfig=/var/lib/minikube/kubeconfig
I0221 08:55:57.827880 239635 ops.go:34] apiserver oom_adj: -16
I0221 08:55:57.827972 239635 ssh_runner.go:195] Run: sudo /var/lib/minikube/binaries/v1.23.4/kubectl get sa default --kubeconfig=/var/lib/minikube/kubeconfig
I0221 08:55:56.060744 208829 cli_runner.go:133] Run: docker container inspect auto-20220221084933-6550 --format={{.State.Status}}
I0221 08:55:59.104251 208829 cli_runner.go:133] Run: docker container inspect auto-20220221084933-6550 --format={{.State.Status}}
I0221 08:55:58.083480 223679 pod_ready.go:102] pod "calico-node-zcdj6" in "kube-system" namespace has status "Ready":"False"
I0221 08:56:00.107900 223679 pod_ready.go:102] pod "calico-node-zcdj6" in "kube-system" namespace has status "Ready":"False"
I0221 08:55:59.594464 227869 pod_ready.go:102] pod "coredns-64897985d-fw5hd" in "kube-system" namespace has status "Ready":"False"
I0221 08:56:01.594499 227869 pod_ready.go:102] pod "coredns-64897985d-fw5hd" in "kube-system" namespace has status "Ready":"False"
I0221 08:55:58.858347 239635 ssh_runner.go:195] Run: sudo /var/lib/minikube/binaries/v1.23.4/kubectl get sa default --kubeconfig=/var/lib/minikube/kubeconfig
I0221 08:55:59.358534 239635 ssh_runner.go:195] Run: sudo /var/lib/minikube/binaries/v1.23.4/kubectl get sa default --kubeconfig=/var/lib/minikube/kubeconfig
I0221 08:55:59.858264 239635 ssh_runner.go:195] Run: sudo /var/lib/minikube/binaries/v1.23.4/kubectl get sa default --kubeconfig=/var/lib/minikube/kubeconfig
I0221 08:56:00.358933 239635 ssh_runner.go:195] Run: sudo /var/lib/minikube/binaries/v1.23.4/kubectl get sa default --kubeconfig=/var/lib/minikube/kubeconfig
I0221 08:56:00.857953 239635 ssh_runner.go:195] Run: sudo /var/lib/minikube/binaries/v1.23.4/kubectl get sa default --kubeconfig=/var/lib/minikube/kubeconfig
I0221 08:56:01.358649 239635 ssh_runner.go:195] Run: sudo /var/lib/minikube/binaries/v1.23.4/kubectl get sa default --kubeconfig=/var/lib/minikube/kubeconfig
I0221 08:56:01.858853 239635 ssh_runner.go:195] Run: sudo /var/lib/minikube/binaries/v1.23.4/kubectl get sa default --kubeconfig=/var/lib/minikube/kubeconfig
I0221 08:56:02.358809 239635 ssh_runner.go:195] Run: sudo /var/lib/minikube/binaries/v1.23.4/kubectl get sa default --kubeconfig=/var/lib/minikube/kubeconfig
I0221 08:56:02.858068 239635 ssh_runner.go:195] Run: sudo /var/lib/minikube/binaries/v1.23.4/kubectl get sa default --kubeconfig=/var/lib/minikube/kubeconfig
I0221 08:56:02.144689 208829 cli_runner.go:133] Run: docker container inspect auto-20220221084933-6550 --format={{.State.Status}}
I0221 08:56:02.108600 223679 pod_ready.go:102] pod "calico-node-zcdj6" in "kube-system" namespace has status "Ready":"False"
I0221 08:56:04.109005 223679 pod_ready.go:102] pod "calico-node-zcdj6" in "kube-system" namespace has status "Ready":"False"
I0221 08:56:06.608183 223679 pod_ready.go:102] pod "calico-node-zcdj6" in "kube-system" namespace has status "Ready":"False"
I0221 08:56:03.595044 227869 pod_ready.go:102] pod "coredns-64897985d-fw5hd" in "kube-system" namespace has status "Ready":"False"
I0221 08:56:06.096228 227869 pod_ready.go:102] pod "coredns-64897985d-fw5hd" in "kube-system" namespace has status "Ready":"False"
I0221 08:56:03.358732 239635 ssh_runner.go:195] Run: sudo /var/lib/minikube/binaries/v1.23.4/kubectl get sa default --kubeconfig=/var/lib/minikube/kubeconfig
I0221 08:56:03.858149 239635 ssh_runner.go:195] Run: sudo /var/lib/minikube/binaries/v1.23.4/kubectl get sa default --kubeconfig=/var/lib/minikube/kubeconfig
I0221 08:56:04.358501 239635 ssh_runner.go:195] Run: sudo /var/lib/minikube/binaries/v1.23.4/kubectl get sa default --kubeconfig=/var/lib/minikube/kubeconfig
I0221 08:56:04.858946 239635 ssh_runner.go:195] Run: sudo /var/lib/minikube/binaries/v1.23.4/kubectl get sa default --kubeconfig=/var/lib/minikube/kubeconfig
I0221 08:56:05.358259 239635 ssh_runner.go:195] Run: sudo /var/lib/minikube/binaries/v1.23.4/kubectl get sa default --kubeconfig=/var/lib/minikube/kubeconfig
I0221 08:56:05.858632 239635 ssh_runner.go:195] Run: sudo /var/lib/minikube/binaries/v1.23.4/kubectl get sa default --kubeconfig=/var/lib/minikube/kubeconfig
I0221 08:56:06.358646 239635 ssh_runner.go:195] Run: sudo /var/lib/minikube/binaries/v1.23.4/kubectl get sa default --kubeconfig=/var/lib/minikube/kubeconfig
I0221 08:56:06.858739 239635 ssh_runner.go:195] Run: sudo /var/lib/minikube/binaries/v1.23.4/kubectl get sa default --kubeconfig=/var/lib/minikube/kubeconfig
I0221 08:56:07.358889 239635 ssh_runner.go:195] Run: sudo /var/lib/minikube/binaries/v1.23.4/kubectl get sa default --kubeconfig=/var/lib/minikube/kubeconfig
I0221 08:56:07.858256 239635 ssh_runner.go:195] Run: sudo /var/lib/minikube/binaries/v1.23.4/kubectl get sa default --kubeconfig=/var/lib/minikube/kubeconfig
I0221 08:56:05.187189 208829 cli_runner.go:133] Run: docker container inspect auto-20220221084933-6550 --format={{.State.Status}}
I0221 08:56:08.234700 208829 cli_runner.go:133] Run: docker container inspect auto-20220221084933-6550 --format={{.State.Status}}
I0221 08:56:08.358051 239635 ssh_runner.go:195] Run: sudo /var/lib/minikube/binaries/v1.23.4/kubectl get sa default --kubeconfig=/var/lib/minikube/kubeconfig
I0221 08:56:08.858255 239635 ssh_runner.go:195] Run: sudo /var/lib/minikube/binaries/v1.23.4/kubectl get sa default --kubeconfig=/var/lib/minikube/kubeconfig
I0221 08:56:09.358060 239635 ssh_runner.go:195] Run: sudo /var/lib/minikube/binaries/v1.23.4/kubectl get sa default --kubeconfig=/var/lib/minikube/kubeconfig
I0221 08:56:09.858891 239635 ssh_runner.go:195] Run: sudo /var/lib/minikube/binaries/v1.23.4/kubectl get sa default --kubeconfig=/var/lib/minikube/kubeconfig
I0221 08:56:10.358357 239635 ssh_runner.go:195] Run: sudo /var/lib/minikube/binaries/v1.23.4/kubectl get sa default --kubeconfig=/var/lib/minikube/kubeconfig
I0221 08:56:10.858913 239635 ssh_runner.go:195] Run: sudo /var/lib/minikube/binaries/v1.23.4/kubectl get sa default --kubeconfig=/var/lib/minikube/kubeconfig
I0221 08:56:10.944981 239635 kubeadm.go:1020] duration metric: took 13.247304119s to wait for elevateKubeSystemPrivileges.
I0221 08:56:10.945020 239635 kubeadm.go:393] StartCluster complete in 25.050665602s
I0221 08:56:10.945040 239635 settings.go:142] acquiring lock: {Name:mk4400923ef35d7d80e21aa000bc7683aef0fb09 Clock:{} Delay:500ms Timeout:1m0s Cancel:}
I0221 08:56:10.945157 239635 settings.go:150] Updating kubeconfig: /home/jenkins/minikube-integration/linux-amd64-docker-docker-13641-3300-2a71df5eb5ec0ca8243173c97a5614cea8fb2e82/kubeconfig
I0221 08:56:10.947338 239635 lock.go:35] WriteFile acquiring /home/jenkins/minikube-integration/linux-amd64-docker-docker-13641-3300-2a71df5eb5ec0ca8243173c97a5614cea8fb2e82/kubeconfig: {Name:mkbaf7b3f4ffbe8a9d57707d423380523fa909e4 Clock:{} Delay:500ms Timeout:1m0s Cancel:}
I0221 08:56:11.510362 239635 kapi.go:244] deployment "coredns" in namespace "kube-system" and context "false-20220221084934-6550" rescaled to 1
I0221 08:56:11.510417 239635 start.go:208] Will wait 5m0s for node &{Name: IP:192.168.49.2 Port:8443 KubernetesVersion:v1.23.4 ContainerRuntime:docker ControlPlane:true Worker:true}
I0221 08:56:11.512591 239635 out.go:176] * Verifying Kubernetes components...
I0221 08:56:11.510487 239635 ssh_runner.go:195] Run: /bin/bash -c "sudo /var/lib/minikube/binaries/v1.23.4/kubectl --kubeconfig=/var/lib/minikube/kubeconfig -n kube-system get configmap coredns -o yaml"
I0221 08:56:11.510508 239635 addons.go:415] enableAddons start: toEnable=map[], additional=[]
I0221 08:56:11.512794 239635 addons.go:65] Setting storage-provisioner=true in profile "false-20220221084934-6550"
I0221 08:56:11.512817 239635 addons.go:153] Setting addon storage-provisioner=true in "false-20220221084934-6550"
W0221 08:56:11.512823 239635 addons.go:165] addon storage-provisioner should already be in state true
I0221 08:56:11.510662 239635 config.go:176] Loaded profile config "false-20220221084934-6550": Driver=docker, ContainerRuntime=docker, KubernetesVersion=v1.23.4
I0221 08:56:11.512851 239635 host.go:66] Checking if "false-20220221084934-6550" exists ...
I0221 08:56:11.512662 239635 ssh_runner.go:195] Run: sudo systemctl is-active --quiet service kubelet
I0221 08:56:11.512894 239635 addons.go:65] Setting default-storageclass=true in profile "false-20220221084934-6550"
I0221 08:56:11.512913 239635 addons_storage_classes.go:33] enableOrDisableStorageClasses default-storageclass=true on "false-20220221084934-6550"
I0221 08:56:11.513247 239635 cli_runner.go:133] Run: docker container inspect false-20220221084934-6550 --format={{.State.Status}}
I0221 08:56:11.513326 239635 cli_runner.go:133] Run: docker container inspect false-20220221084934-6550 --format={{.State.Status}}
I0221 08:56:11.545075 239635 node_ready.go:35] waiting up to 5m0s for node "false-20220221084934-6550" to be "Ready" ...
I0221 08:56:11.551425 239635 node_ready.go:49] node "false-20220221084934-6550" has status "Ready":"True"
I0221 08:56:11.551454 239635 node_ready.go:38] duration metric: took 6.346806ms waiting for node "false-20220221084934-6550" to be "Ready" ...
I0221 08:56:11.551465 239635 pod_ready.go:35] extra waiting up to 5m0s for all system-critical pods including labels [k8s-app=kube-dns component=etcd component=kube-apiserver component=kube-controller-manager k8s-app=kube-proxy component=kube-scheduler] to be "Ready" ...
I0221 08:56:09.083257 223679 pod_ready.go:102] pod "calico-node-zcdj6" in "kube-system" namespace has status "Ready":"False"
I0221 08:56:11.584369 223679 pod_ready.go:102] pod "calico-node-zcdj6" in "kube-system" namespace has status "Ready":"False"
I0221 08:56:08.594008 227869 pod_ready.go:102] pod "coredns-64897985d-fw5hd" in "kube-system" namespace has status "Ready":"False"
I0221 08:56:10.594274 227869 pod_ready.go:102] pod "coredns-64897985d-fw5hd" in "kube-system" namespace has status "Ready":"False"
I0221 08:56:11.571730 239635 out.go:176] - Using image gcr.io/k8s-minikube/storage-provisioner:v5
I0221 08:56:11.571897 239635 addons.go:348] installing /etc/kubernetes/addons/storage-provisioner.yaml
I0221 08:56:11.571919 239635 ssh_runner.go:362] scp memory --> /etc/kubernetes/addons/storage-provisioner.yaml (2676 bytes)
I0221 08:56:11.571975 239635 cli_runner.go:133] Run: docker container inspect -f "'{{(index (index .NetworkSettings.Ports "22/tcp") 0).HostPort}}'" false-20220221084934-6550
I0221 08:56:11.575024 239635 pod_ready.go:78] waiting up to 5m0s for pod "coredns-64897985d-9k8b6" in "kube-system" namespace to be "Ready" ...
I0221 08:56:11.605352 239635 addons.go:153] Setting addon default-storageclass=true in "false-20220221084934-6550"
W0221 08:56:11.605400 239635 addons.go:165] addon default-storageclass should already be in state true
I0221 08:56:11.605431 239635 host.go:66] Checking if "false-20220221084934-6550" exists ...
I0221 08:56:11.605905 239635 cli_runner.go:133] Run: docker container inspect false-20220221084934-6550 --format={{.State.Status}}
I0221 08:56:11.649737 239635 sshutil.go:53] new ssh client: &{IP:127.0.0.1 Port:49374 SSHKeyPath:/home/jenkins/minikube-integration/linux-amd64-docker-docker-13641-3300-2a71df5eb5ec0ca8243173c97a5614cea8fb2e82/.minikube/machines/false-20220221084934-6550/id_rsa Username:docker}
I0221 08:56:11.670390 239635 addons.go:348] installing /etc/kubernetes/addons/storageclass.yaml
I0221 08:56:11.670419 239635 ssh_runner.go:362] scp memory --> /etc/kubernetes/addons/storageclass.yaml (271 bytes)
I0221 08:56:11.670473 239635 cli_runner.go:133] Run: docker container inspect -f "'{{(index (index .NetworkSettings.Ports "22/tcp") 0).HostPort}}'" false-20220221084934-6550
I0221 08:56:11.714040 239635 sshutil.go:53] new ssh client: &{IP:127.0.0.1 Port:49374 SSHKeyPath:/home/jenkins/minikube-integration/linux-amd64-docker-docker-13641-3300-2a71df5eb5ec0ca8243173c97a5614cea8fb2e82/.minikube/machines/false-20220221084934-6550/id_rsa Username:docker}
I0221 08:56:11.731413 239635 ssh_runner.go:195] Run: /bin/bash -c "sudo /var/lib/minikube/binaries/v1.23.4/kubectl --kubeconfig=/var/lib/minikube/kubeconfig -n kube-system get configmap coredns -o yaml | sed '/^ forward . \/etc\/resolv.conf.*/i \ hosts {\n 192.168.49.1 host.minikube.internal\n fallthrough\n }' | sudo /var/lib/minikube/binaries/v1.23.4/kubectl --kubeconfig=/var/lib/minikube/kubeconfig replace -f -"
I0221 08:56:11.935089 239635 ssh_runner.go:195] Run: sudo KUBECONFIG=/var/lib/minikube/kubeconfig /var/lib/minikube/binaries/v1.23.4/kubectl apply -f /etc/kubernetes/addons/storage-provisioner.yaml
I0221 08:56:11.937307 239635 ssh_runner.go:195] Run: sudo KUBECONFIG=/var/lib/minikube/kubeconfig /var/lib/minikube/binaries/v1.23.4/kubectl apply -f /etc/kubernetes/addons/storageclass.yaml
I0221 08:56:13.219947 239635 ssh_runner.go:235] Completed: /bin/bash -c "sudo /var/lib/minikube/binaries/v1.23.4/kubectl --kubeconfig=/var/lib/minikube/kubeconfig -n kube-system get configmap coredns -o yaml | sed '/^ forward . \/etc\/resolv.conf.*/i \ hosts {\n 192.168.49.1 host.minikube.internal\n fallthrough\n }' | sudo /var/lib/minikube/binaries/v1.23.4/kubectl --kubeconfig=/var/lib/minikube/kubeconfig replace -f -": (1.48849471s)
I0221 08:56:13.219982 239635 start.go:777] {"host.minikube.internal": 192.168.49.1} host record injected into CoreDNS
I0221 08:56:13.307245 239635 ssh_runner.go:235] Completed: sudo KUBECONFIG=/var/lib/minikube/kubeconfig /var/lib/minikube/binaries/v1.23.4/kubectl apply -f /etc/kubernetes/addons/storage-provisioner.yaml: (1.372085112s)
I0221 08:56:13.307328 239635 ssh_runner.go:235] Completed: sudo KUBECONFIG=/var/lib/minikube/kubeconfig /var/lib/minikube/binaries/v1.23.4/kubectl apply -f /etc/kubernetes/addons/storageclass.yaml: (1.369989228s)
I0221 08:56:11.277437 208829 cli_runner.go:133] Run: docker container inspect auto-20220221084933-6550 --format={{.State.Status}}
I0221 08:56:13.309383 239635 out.go:176] * Enabled addons: storage-provisioner, default-storageclass
I0221 08:56:13.309406 239635 addons.go:417] enableAddons completed in 1.798918883s
I0221 08:56:13.620775 239635 pod_ready.go:102] pod "coredns-64897985d-9k8b6" in "kube-system" namespace has status "Ready":"False"
I0221 08:56:14.119861 239635 pod_ready.go:92] pod "coredns-64897985d-9k8b6" in "kube-system" namespace has status "Ready":"True"
I0221 08:56:14.119953 239635 pod_ready.go:81] duration metric: took 2.544859967s waiting for pod "coredns-64897985d-9k8b6" in "kube-system" namespace to be "Ready" ...
I0221 08:56:14.119988 239635 pod_ready.go:78] waiting up to 5m0s for pod "coredns-64897985d-snkv2" in "kube-system" namespace to be "Ready" ...
I0221 08:56:14.125349 239635 pod_ready.go:92] pod "coredns-64897985d-snkv2" in "kube-system" namespace has status "Ready":"True"
I0221 08:56:14.125379 239635 pod_ready.go:81] duration metric: took 5.372629ms waiting for pod "coredns-64897985d-snkv2" in "kube-system" namespace to be "Ready" ...
I0221 08:56:14.125392 239635 pod_ready.go:78] waiting up to 5m0s for pod "etcd-false-20220221084934-6550" in "kube-system" namespace to be "Ready" ...
I0221 08:56:14.130521 239635 pod_ready.go:92] pod "etcd-false-20220221084934-6550" in "kube-system" namespace has status "Ready":"True"
I0221 08:56:14.130548 239635 pod_ready.go:81] duration metric: took 5.148117ms waiting for pod "etcd-false-20220221084934-6550" in "kube-system" namespace to be "Ready" ...
I0221 08:56:14.130573 239635 pod_ready.go:78] waiting up to 5m0s for pod "kube-apiserver-false-20220221084934-6550" in "kube-system" namespace to be "Ready" ...
I0221 08:56:14.136032 239635 pod_ready.go:92] pod "kube-apiserver-false-20220221084934-6550" in "kube-system" namespace has status "Ready":"True"
I0221 08:56:14.136057 239635 pod_ready.go:81] duration metric: took 5.474386ms waiting for pod "kube-apiserver-false-20220221084934-6550" in "kube-system" namespace to be "Ready" ...
I0221 08:56:14.136070 239635 pod_ready.go:78] waiting up to 5m0s for pod "kube-controller-manager-false-20220221084934-6550" in "kube-system" namespace to be "Ready" ...
I0221 08:56:14.141889 239635 pod_ready.go:92] pod "kube-controller-manager-false-20220221084934-6550" in "kube-system" namespace has status "Ready":"True"
I0221 08:56:14.141912 239635 pod_ready.go:81] duration metric: took 5.834181ms waiting for pod "kube-controller-manager-false-20220221084934-6550" in "kube-system" namespace to be "Ready" ...
I0221 08:56:14.141931 239635 pod_ready.go:78] waiting up to 5m0s for pod "kube-proxy-mlfhq" in "kube-system" namespace to be "Ready" ...
I0221 08:56:14.517663 239635 pod_ready.go:92] pod "kube-proxy-mlfhq" in "kube-system" namespace has status "Ready":"True"
I0221 08:56:14.517685 239635 pod_ready.go:81] duration metric: took 375.747262ms waiting for pod "kube-proxy-mlfhq" in "kube-system" namespace to be "Ready" ...
I0221 08:56:14.517694 239635 pod_ready.go:78] waiting up to 5m0s for pod "kube-scheduler-false-20220221084934-6550" in "kube-system" namespace to be "Ready" ...
I0221 08:56:14.917218 239635 pod_ready.go:92] pod "kube-scheduler-false-20220221084934-6550" in "kube-system" namespace has status "Ready":"True"
I0221 08:56:14.917240 239635 pod_ready.go:81] duration metric: took 399.540555ms waiting for pod "kube-scheduler-false-20220221084934-6550" in "kube-system" namespace to be "Ready" ...
I0221 08:56:14.917249 239635 pod_ready.go:38] duration metric: took 3.365771221s for extra waiting for all system-critical and pods with labels [k8s-app=kube-dns component=etcd component=kube-apiserver component=kube-controller-manager k8s-app=kube-proxy component=kube-scheduler] to be "Ready" ...
I0221 08:56:14.917273 239635 api_server.go:51] waiting for apiserver process to appear ...
I0221 08:56:14.917314 239635 ssh_runner.go:195] Run: sudo pgrep -xnf kube-apiserver.*minikube.*
I0221 08:56:14.945692 239635 api_server.go:71] duration metric: took 3.435246847s to wait for apiserver process to appear ...
I0221 08:56:14.945777 239635 api_server.go:87] waiting for apiserver healthz status ...
I0221 08:56:14.945798 239635 api_server.go:240] Checking apiserver healthz at https://192.168.49.2:8443/healthz ...
I0221 08:56:14.951742 239635 api_server.go:266] https://192.168.49.2:8443/healthz returned 200: ok
I0221 08:56:14.952909 239635 api_server.go:140] control plane version: v1.23.4
I0221 08:56:14.952937 239635 api_server.go:130] duration metric: took 7.147051ms to wait for apiserver health ...
I0221 08:56:14.952948 239635 system_pods.go:43] waiting for kube-system pods to appear ...
I0221 08:56:15.120310 239635 system_pods.go:59] 8 kube-system pods found
I0221 08:56:15.120352 239635 system_pods.go:61] "coredns-64897985d-9k8b6" [7231ddf1-a325-4916-8188-6516121331ce] Running
I0221 08:56:15.120358 239635 system_pods.go:61] "coredns-64897985d-snkv2" [2ca2a7a8-2903-47ca-bcf3-097175f8bc79] Running
I0221 08:56:15.120364 239635 system_pods.go:61] "etcd-false-20220221084934-6550" [85157cb6-493b-47f3-a078-9c7f3086c0ae] Running
I0221 08:56:15.120373 239635 system_pods.go:61] "kube-apiserver-false-20220221084934-6550" [bd7518d6-e2db-4f22-9f37-fa5831613936] Running
I0221 08:56:15.120380 239635 system_pods.go:61] "kube-controller-manager-false-20220221084934-6550" [0bca9a27-5e63-4cd7-8c81-e56c354e24da] Running
I0221 08:56:15.120389 239635 system_pods.go:61] "kube-proxy-mlfhq" [b1256bd2-9a7f-4f1f-861d-1eedacb992be] Running
I0221 08:56:15.120395 239635 system_pods.go:61] "kube-scheduler-false-20220221084934-6550" [4f15dbe8-f5f0-4895-a7a2-ca7d40a0e148] Running
I0221 08:56:15.120408 239635 system_pods.go:61] "storage-provisioner" [e58a0e76-397e-4653-82c8-a63621513203] Running
I0221 08:56:15.120414 239635 system_pods.go:74] duration metric: took 167.460543ms to wait for pod list to return data ...
I0221 08:56:15.120423 239635 default_sa.go:34] waiting for default service account to be created ...
I0221 08:56:15.317796 239635 default_sa.go:45] found service account: "default"
I0221 08:56:15.317819 239635 default_sa.go:55] duration metric: took 197.391118ms for default service account to be created ...
I0221 08:56:15.317826 239635 system_pods.go:116] waiting for k8s-apps to be running ...
I0221 08:56:15.520020 239635 system_pods.go:86] 8 kube-system pods found
I0221 08:56:15.520058 239635 system_pods.go:89] "coredns-64897985d-9k8b6" [7231ddf1-a325-4916-8188-6516121331ce] Running
I0221 08:56:15.520067 239635 system_pods.go:89] "coredns-64897985d-snkv2" [2ca2a7a8-2903-47ca-bcf3-097175f8bc79] Running
I0221 08:56:15.520073 239635 system_pods.go:89] "etcd-false-20220221084934-6550" [85157cb6-493b-47f3-a078-9c7f3086c0ae] Running
I0221 08:56:15.520080 239635 system_pods.go:89] "kube-apiserver-false-20220221084934-6550" [bd7518d6-e2db-4f22-9f37-fa5831613936] Running
I0221 08:56:15.520088 239635 system_pods.go:89] "kube-controller-manager-false-20220221084934-6550" [0bca9a27-5e63-4cd7-8c81-e56c354e24da] Running
I0221 08:56:15.520099 239635 system_pods.go:89] "kube-proxy-mlfhq" [b1256bd2-9a7f-4f1f-861d-1eedacb992be] Running
I0221 08:56:15.520110 239635 system_pods.go:89] "kube-scheduler-false-20220221084934-6550" [4f15dbe8-f5f0-4895-a7a2-ca7d40a0e148] Running
I0221 08:56:15.520121 239635 system_pods.go:89] "storage-provisioner" [e58a0e76-397e-4653-82c8-a63621513203] Running
I0221 08:56:15.520133 239635 system_pods.go:126] duration metric: took 202.301442ms to wait for k8s-apps to be running ...
I0221 08:56:15.520146 239635 system_svc.go:44] waiting for kubelet service to be running ....
I0221 08:56:15.520194 239635 ssh_runner.go:195] Run: sudo systemctl is-active --quiet service kubelet
I0221 08:56:15.531798 239635 system_svc.go:56] duration metric: took 11.647388ms WaitForService to wait for kubelet.
I0221 08:56:15.531849 239635 kubeadm.go:548] duration metric: took 4.021409458s to wait for : map[apiserver:true apps_running:true default_sa:true extra:true kubelet:true node_ready:true system_pods:true] ...
I0221 08:56:15.531874 239635 node_conditions.go:102] verifying NodePressure condition ...
I0221 08:56:15.718468 239635 node_conditions.go:122] node storage ephemeral capacity is 304695084Ki
I0221 08:56:15.718504 239635 node_conditions.go:123] node cpu capacity is 8
I0221 08:56:15.718520 239635 node_conditions.go:105] duration metric: took 186.636719ms to run NodePressure ...
I0221 08:56:15.718534 239635 start.go:213] waiting for startup goroutines ...
I0221 08:56:15.765073 239635 start.go:496] kubectl: 1.23.4, cluster: 1.23.4 (minor skew: 0)
I0221 08:56:15.767772 239635 out.go:176] * Done! kubectl is now configured to use "false-20220221084934-6550" cluster and "default" namespace by default
I0221 08:56:13.603328 223679 pod_ready.go:102] pod "calico-node-zcdj6" in "kube-system" namespace has status "Ready":"False"
I0221 08:56:15.607461 223679 pod_ready.go:102] pod "calico-node-zcdj6" in "kube-system" namespace has status "Ready":"False"
I0221 08:56:12.594837 227869 pod_ready.go:102] pod "coredns-64897985d-fw5hd" in "kube-system" namespace has status "Ready":"False"
I0221 08:56:15.094474 227869 pod_ready.go:102] pod "coredns-64897985d-fw5hd" in "kube-system" namespace has status "Ready":"False"
I0221 08:56:17.095174 227869 pod_ready.go:102] pod "coredns-64897985d-fw5hd" in "kube-system" namespace has status "Ready":"False"
I0221 08:56:14.327798 208829 cli_runner.go:133] Run: docker container inspect auto-20220221084933-6550 --format={{.State.Status}}
I0221 08:56:17.363160 208829 cli_runner.go:133] Run: docker container inspect auto-20220221084933-6550 --format={{.State.Status}}
I0221 08:56:17.608185 223679 pod_ready.go:102] pod "calico-node-zcdj6" in "kube-system" namespace has status "Ready":"False"
I0221 08:56:20.103368 223679 pod_ready.go:102] pod "calico-node-zcdj6" in "kube-system" namespace has status "Ready":"False"
I0221 08:56:19.595203 227869 pod_ready.go:102] pod "coredns-64897985d-fw5hd" in "kube-system" namespace has status "Ready":"False"
I0221 08:56:22.094022 227869 pod_ready.go:102] pod "coredns-64897985d-fw5hd" in "kube-system" namespace has status "Ready":"False"
I0221 08:56:20.398233 208829 cli_runner.go:133] Run: docker container inspect auto-20220221084933-6550 --format={{.State.Status}}
I0221 08:56:23.439137 208829 cli_runner.go:133] Run: docker container inspect auto-20220221084933-6550 --format={{.State.Status}}
I0221 08:56:22.106959 223679 pod_ready.go:102] pod "calico-node-zcdj6" in "kube-system" namespace has status "Ready":"False"
I0221 08:56:24.109509 223679 pod_ready.go:102] pod "calico-node-zcdj6" in "kube-system" namespace has status "Ready":"False"
I0221 08:56:26.606973 223679 pod_ready.go:102] pod "calico-node-zcdj6" in "kube-system" namespace has status "Ready":"False"
I0221 08:56:24.094532 227869 pod_ready.go:102] pod "coredns-64897985d-fw5hd" in "kube-system" namespace has status "Ready":"False"
I0221 08:56:26.594351 227869 pod_ready.go:102] pod "coredns-64897985d-fw5hd" in "kube-system" namespace has status "Ready":"False"
I0221 08:56:26.477627 208829 cli_runner.go:133] Run: docker container inspect auto-20220221084933-6550 --format={{.State.Status}}
I0221 08:56:28.607609 223679 pod_ready.go:102] pod "calico-node-zcdj6" in "kube-system" namespace has status "Ready":"False"
I0221 08:56:31.082276 223679 pod_ready.go:102] pod "calico-node-zcdj6" in "kube-system" namespace has status "Ready":"False"
I0221 08:56:29.094290 227869 pod_ready.go:102] pod "coredns-64897985d-fw5hd" in "kube-system" namespace has status "Ready":"False"
I0221 08:56:31.595545 227869 pod_ready.go:102] pod "coredns-64897985d-fw5hd" in "kube-system" namespace has status "Ready":"False"
I0221 08:56:29.516965 208829 cli_runner.go:133] Run: docker container inspect auto-20220221084933-6550 --format={{.State.Status}}
I0221 08:56:32.555149 208829 cli_runner.go:133] Run: docker container inspect auto-20220221084933-6550 --format={{.State.Status}}
I0221 08:56:33.107320 223679 pod_ready.go:102] pod "calico-node-zcdj6" in "kube-system" namespace has status "Ready":"False"
I0221 08:56:35.583226 223679 pod_ready.go:102] pod "calico-node-zcdj6" in "kube-system" namespace has status "Ready":"False"
I0221 08:56:34.094168 227869 pod_ready.go:102] pod "coredns-64897985d-fw5hd" in "kube-system" namespace has status "Ready":"False"
I0221 08:56:36.094581 227869 pod_ready.go:102] pod "coredns-64897985d-fw5hd" in "kube-system" namespace has status "Ready":"False"
I0221 08:56:35.592238 208829 cli_runner.go:133] Run: docker container inspect auto-20220221084933-6550 --format={{.State.Status}}
I0221 08:56:38.627148 208829 cli_runner.go:133] Run: docker container inspect auto-20220221084933-6550 --format={{.State.Status}}
I0221 08:56:38.107435 223679 pod_ready.go:102] pod "calico-node-zcdj6" in "kube-system" namespace has status "Ready":"False"
I0221 08:56:40.606736 223679 pod_ready.go:102] pod "calico-node-zcdj6" in "kube-system" namespace has status "Ready":"False"
I0221 08:56:38.593443 227869 pod_ready.go:102] pod "coredns-64897985d-fw5hd" in "kube-system" namespace has status "Ready":"False"
I0221 08:56:40.593849 227869 pod_ready.go:102] pod "coredns-64897985d-fw5hd" in "kube-system" namespace has status "Ready":"False"
I0221 08:56:41.663147 208829 cli_runner.go:133] Run: docker container inspect auto-20220221084933-6550 --format={{.State.Status}}
I0221 08:56:43.082434 223679 pod_ready.go:102] pod "calico-node-zcdj6" in "kube-system" namespace has status "Ready":"False"
I0221 08:56:45.107171 223679 pod_ready.go:102] pod "calico-node-zcdj6" in "kube-system" namespace has status "Ready":"False"
I0221 08:56:42.594084 227869 pod_ready.go:102] pod "coredns-64897985d-fw5hd" in "kube-system" namespace has status "Ready":"False"
I0221 08:56:44.594768 227869 pod_ready.go:102] pod "coredns-64897985d-fw5hd" in "kube-system" namespace has status "Ready":"False"
I0221 08:56:47.093943 227869 pod_ready.go:102] pod "coredns-64897985d-fw5hd" in "kube-system" namespace has status "Ready":"False"
I0221 08:56:44.699280 208829 cli_runner.go:133] Run: docker container inspect auto-20220221084933-6550 --format={{.State.Status}}
I0221 08:56:47.744968 208829 cli_runner.go:133] Run: docker container inspect auto-20220221084933-6550 --format={{.State.Status}}
I0221 08:56:47.583447 223679 pod_ready.go:102] pod "calico-node-zcdj6" in "kube-system" namespace has status "Ready":"False"
I0221 08:56:49.608204 223679 pod_ready.go:102] pod "calico-node-zcdj6" in "kube-system" namespace has status "Ready":"False"
I0221 08:56:51.608560 223679 pod_ready.go:102] pod "calico-node-zcdj6" in "kube-system" namespace has status "Ready":"False"
I0221 08:56:49.593364 227869 pod_ready.go:102] pod "coredns-64897985d-fw5hd" in "kube-system" namespace has status "Ready":"False"
I0221 08:56:51.593995 227869 pod_ready.go:102] pod "coredns-64897985d-fw5hd" in "kube-system" namespace has status "Ready":"False"
I0221 08:56:50.783109 208829 stop.go:59] stop err: Maximum number of retries (60) exceeded
I0221 08:56:50.783155 208829 delete.go:129] stophost failed (probably ok): Temporary Error: stop: Maximum number of retries (60) exceeded
I0221 08:56:50.783567 208829 cli_runner.go:133] Run: docker container inspect auto-20220221084933-6550 --format={{.State.Status}}
W0221 08:56:50.818323 208829 delete.go:135] deletehost failed: Docker machine "auto-20220221084933-6550" does not exist. Use "docker-machine ls" to list machines. Use "docker-machine create" to add a new one.
I0221 08:56:50.818397 208829 cli_runner.go:133] Run: docker container inspect -f {{.Id}} auto-20220221084933-6550
I0221 08:56:50.852482 208829 cli_runner.go:133] Run: docker container inspect auto-20220221084933-6550 --format={{.State.Status}}
I0221 08:56:50.885015 208829 cli_runner.go:133] Run: docker exec --privileged -t auto-20220221084933-6550 /bin/bash -c "sudo init 0"
W0221 08:56:50.919078 208829 cli_runner.go:180] docker exec --privileged -t auto-20220221084933-6550 /bin/bash -c "sudo init 0" returned with exit code 1
I0221 08:56:50.919109 208829 oci.go:659] error shutdown auto-20220221084933-6550: docker exec --privileged -t auto-20220221084933-6550 /bin/bash -c "sudo init 0": exit status 1 stdout: stderr: Error response from daemon: Container 00857a088a82e39c05eb12c3d7fa364b17041e9ecbb348b20a1e952ed4c1fb54 is not running
I0221 08:56:51.920214 208829 cli_runner.go:133] Run: docker container inspect auto-20220221084933-6550 --format={{.State.Status}}
I0221 08:56:51.954544 208829 oci.go:673] temporary error: container auto-20220221084933-6550 status is but expect it to be exited
I0221 08:56:51.954575 208829 oci.go:679] Successfully shutdown container auto-20220221084933-6550
I0221 08:56:51.954633 208829 cli_runner.go:133] Run: docker rm -f -v auto-20220221084933-6550
I0221 08:56:51.995652 208829 cli_runner.go:133] Run: docker container inspect -f {{.Id}} auto-20220221084933-6550
W0221 08:56:52.030780 208829 cli_runner.go:180] docker container inspect -f {{.Id}} auto-20220221084933-6550 returned with exit code 1
I0221 08:56:52.030857 208829 cli_runner.go:133] Run: docker network inspect auto-20220221084933-6550 --format "{"Name": "{{.Name}}","Driver": "{{.Driver}}","Subnet": "{{range .IPAM.Config}}{{.Subnet}}{{end}}","Gateway": "{{range .IPAM.Config}}{{.Gateway}}{{end}}","MTU": {{if (index .Options "com.docker.network.driver.mtu")}}{{(index .Options "com.docker.network.driver.mtu")}}{{else}}0{{end}}, "ContainerIPs": [{{range $k,$v := .Containers }}"{{$v.IPv4Address}}",{{end}}]}"
W0221 08:56:52.064402 208829 cli_runner.go:180] docker network inspect auto-20220221084933-6550 --format "{"Name": "{{.Name}}","Driver": "{{.Driver}}","Subnet": "{{range .IPAM.Config}}{{.Subnet}}{{end}}","Gateway": "{{range .IPAM.Config}}{{.Gateway}}{{end}}","MTU": {{if (index .Options "com.docker.network.driver.mtu")}}{{(index .Options "com.docker.network.driver.mtu")}}{{else}}0{{end}}, "ContainerIPs": [{{range $k,$v := .Containers }}"{{$v.IPv4Address}}",{{end}}]}" returned with exit code 1
I0221 08:56:52.064463 208829 network_create.go:254] running [docker network inspect auto-20220221084933-6550] to gather additional debugging logs...
I0221 08:56:52.064477 208829 cli_runner.go:133] Run: docker network inspect auto-20220221084933-6550
W0221 08:56:52.098766 208829 cli_runner.go:180] docker network inspect auto-20220221084933-6550 returned with exit code 1
I0221 08:56:52.098796 208829 network_create.go:257] error running [docker network inspect auto-20220221084933-6550]: docker network inspect auto-20220221084933-6550: exit status 1 stdout: [] stderr: Error: No such network: auto-20220221084933-6550
I0221 08:56:52.098812 208829 network_create.go:259] output of [docker network inspect auto-20220221084933-6550]: -- stdout -- [] -- /stdout -- ** stderr ** Error: No such network: auto-20220221084933-6550 ** /stderr **
W0221 08:56:52.098950 208829 delete.go:139] delete failed (probably ok)
I0221 08:56:52.098962 208829 fix.go:120] Sleeping 1 second for extra luck!
I0221 08:56:53.099096 208829 start.go:126] createHost starting for "" (driver="docker")
I0221 08:56:53.102600 208829 out.go:203] * Creating docker container (CPUs=2, Memory=2048MB) ...
I0221 08:56:53.102747 208829 start.go:160] libmachine.API.Create for "auto-20220221084933-6550" (driver="docker")
I0221 08:56:53.102794 208829 client.go:168] LocalClient.Create starting
I0221 08:56:53.102899 208829 main.go:130] libmachine: Reading certificate data from /home/jenkins/minikube-integration/linux-amd64-docker-docker-13641-3300-2a71df5eb5ec0ca8243173c97a5614cea8fb2e82/.minikube/certs/ca.pem
I0221 08:56:53.102945 208829 main.go:130] libmachine: Decoding PEM data...
I0221 08:56:53.102970 208829 main.go:130] libmachine: Parsing certificate...
I0221 08:56:53.103057 208829 main.go:130] libmachine: Reading certificate data from /home/jenkins/minikube-integration/linux-amd64-docker-docker-13641-3300-2a71df5eb5ec0ca8243173c97a5614cea8fb2e82/.minikube/certs/cert.pem
I0221 08:56:53.103082 208829 main.go:130] libmachine: Decoding PEM data...
I0221 08:56:53.103096 208829 main.go:130] libmachine: Parsing certificate...
I0221 08:56:53.103314 208829 cli_runner.go:133] Run: docker network inspect auto-20220221084933-6550 --format "{"Name": "{{.Name}}","Driver": "{{.Driver}}","Subnet": "{{range .IPAM.Config}}{{.Subnet}}{{end}}","Gateway": "{{range .IPAM.Config}}{{.Gateway}}{{end}}","MTU": {{if (index .Options "com.docker.network.driver.mtu")}}{{(index .Options "com.docker.network.driver.mtu")}}{{else}}0{{end}}, "ContainerIPs": [{{range $k,$v := .Containers }}"{{$v.IPv4Address}}",{{end}}]}"
W0221 08:56:53.136740 208829 cli_runner.go:180] docker network inspect auto-20220221084933-6550 --format "{"Name": "{{.Name}}","Driver": "{{.Driver}}","Subnet": "{{range .IPAM.Config}}{{.Subnet}}{{end}}","Gateway": "{{range .IPAM.Config}}{{.Gateway}}{{end}}","MTU": {{if (index .Options "com.docker.network.driver.mtu")}}{{(index .Options "com.docker.network.driver.mtu")}}{{else}}0{{end}}, "ContainerIPs": [{{range $k,$v := .Containers }}"{{$v.IPv4Address}}",{{end}}]}" returned with exit code 1
I0221 08:56:53.136805 208829 network_create.go:254] running [docker network inspect auto-20220221084933-6550] to gather additional debugging logs...
I0221 08:56:53.136820 208829 cli_runner.go:133] Run: docker network inspect auto-20220221084933-6550
W0221 08:56:53.169853 208829 cli_runner.go:180] docker network inspect auto-20220221084933-6550 returned with exit code 1
I0221 08:56:53.169885 208829 network_create.go:257] error running [docker network inspect auto-20220221084933-6550]: docker network inspect auto-20220221084933-6550: exit status 1 stdout: [] stderr: Error: No such network: auto-20220221084933-6550
