I0221 08:57:05.208067 208829 ssh_runner.go:195] Run: sudo systemctl cat docker.service
I0221 08:57:05.344794 208829 cruntime.go:272] skipping containerd shutdown because we are bound to it
I0221 08:57:05.344863 208829 ssh_runner.go:195] Run: sudo service crio status
I0221 08:57:05.371501 208829 ssh_runner.go:195] Run: /bin/bash -c "sudo mkdir -p /etc && printf %!s(MISSING) "runtime-endpoint: unix:///var/run/dockershim.sock image-endpoint: unix:///var/run/dockershim.sock " | sudo tee /etc/crictl.yaml"
I0221 08:57:05.384684 208829 ssh_runner.go:195] Run: sudo systemctl cat docker.service
I0221 08:57:05.394112 208829 ssh_runner.go:195] Run: sudo service docker status
I0221 08:57:05.412284 208829 ssh_runner.go:195] Run: docker version --format {{.Server.Version}}
I0221 08:57:05.462323 208829 ssh_runner.go:195] Run: docker version --format {{.Server.Version}}
I0221 08:57:05.510852 208829 out.go:203] * Preparing Kubernetes v1.23.4 on Docker 20.10.12 ...
I0221 08:57:05.510947 208829 cli_runner.go:133] Run: docker network inspect auto-20220221084933-6550 --format "{"Name": "{{.Name}}","Driver": "{{.Driver}}","Subnet": "{{range .IPAM.Config}}{{.Subnet}}{{end}}","Gateway": "{{range .IPAM.Config}}{{.Gateway}}{{end}}","MTU": {{if (index .Options "com.docker.network.driver.mtu")}}{{(index .Options "com.docker.network.driver.mtu")}}{{else}}0{{end}}, "ContainerIPs": [{{range $k,$v := .Containers }}"{{$v.IPv4Address}}",{{end}}]}"
I0221 08:57:05.549082 208829 ssh_runner.go:195] Run: grep 192.168.76.1 host.minikube.internal$ /etc/hosts
I0221 08:57:05.552663 208829 ssh_runner.go:195] Run: /bin/bash -c "{ grep -v $'\thost.minikube.internal$' "/etc/hosts"; echo "192.168.76.1 host.minikube.internal"; } > /tmp/h.$$; sudo cp /tmp/h.$$ "/etc/hosts""
I0221 08:57:03.608727 223679 pod_ready.go:102] pod "calico-node-zcdj6" in "kube-system" namespace has status "Ready":"False"
I0221 08:57:06.083201 223679 pod_ready.go:102] pod "calico-node-zcdj6" in "kube-system" namespace has status "Ready":"False"
I0221 08:57:05.565730 208829 out.go:176] - kubelet.housekeeping-interval=5m
I0221 08:57:05.565811 208829 preload.go:132] Checking if preload exists for k8s version v1.23.4 and runtime docker
I0221 08:57:05.565865 208829 ssh_runner.go:195] Run: docker images --format {{.Repository}}:{{.Tag}}
I0221 08:57:05.606956 208829 docker.go:606] Got preloaded images: -- stdout -- k8s.gcr.io/kube-apiserver:v1.23.4 k8s.gcr.io/kube-proxy:v1.23.4 k8s.gcr.io/kube-controller-manager:v1.23.4 k8s.gcr.io/kube-scheduler:v1.23.4 k8s.gcr.io/etcd:3.5.1-0 k8s.gcr.io/coredns/coredns:v1.8.6 k8s.gcr.io/pause:3.6 kubernetesui/dashboard:v2.3.1 kubernetesui/metrics-scraper:v1.0.7 gcr.io/k8s-minikube/storage-provisioner:v5 -- /stdout --
I0221 08:57:05.607025 208829 docker.go:537] Images already preloaded, skipping extraction
I0221 08:57:05.607086 208829 ssh_runner.go:195] Run: docker images --format {{.Repository}}:{{.Tag}}
I0221 08:57:05.649928 208829 docker.go:606] Got preloaded images: -- stdout -- k8s.gcr.io/kube-apiserver:v1.23.4 k8s.gcr.io/kube-proxy:v1.23.4 k8s.gcr.io/kube-scheduler:v1.23.4 k8s.gcr.io/kube-controller-manager:v1.23.4 k8s.gcr.io/etcd:3.5.1-0 k8s.gcr.io/coredns/coredns:v1.8.6 k8s.gcr.io/pause:3.6 kubernetesui/dashboard:v2.3.1 kubernetesui/metrics-scraper:v1.0.7 gcr.io/k8s-minikube/storage-provisioner:v5 -- /stdout --
I0221 08:57:05.649954 208829 cache_images.go:84] Images are preloaded, skipping loading
I0221 08:57:05.649996 208829 ssh_runner.go:195] Run: docker info --format {{.CgroupDriver}}
I0221 08:57:05.754698 208829 cni.go:93] Creating CNI manager for ""
I0221 08:57:05.754720 208829 cni.go:167] CNI unnecessary in this configuration, recommending no CNI
I0221 08:57:05.754727 208829 kubeadm.go:87] Using pod CIDR: 10.244.0.0/16
I0221 08:57:05.754740 208829 kubeadm.go:158] kubeadm options: {CertDir:/var/lib/minikube/certs ServiceCIDR:10.96.0.0/12 PodSubnet:10.244.0.0/16 AdvertiseAddress:192.168.76.2 APIServerPort:8443 KubernetesVersion:v1.23.4 EtcdDataDir:/var/lib/minikube/etcd EtcdExtraArgs:map[] ClusterName:auto-20220221084933-6550 NodeName:auto-20220221084933-6550 DNSDomain:cluster.local CRISocket:/var/run/dockershim.sock ImageRepository: ComponentOptions:[{Component:apiServer ExtraArgs:map[enable-admission-plugins:NamespaceLifecycle,LimitRanger,ServiceAccount,DefaultStorageClass,DefaultTolerationSeconds,NodeRestriction,MutatingAdmissionWebhook,ValidatingAdmissionWebhook,ResourceQuota] Pairs:map[certSANs:["127.0.0.1", "localhost", "192.168.76.2"]]} {Component:controllerManager ExtraArgs:map[allocate-node-cidrs:true leader-elect:false] Pairs:map[]} {Component:scheduler ExtraArgs:map[leader-elect:false] Pairs:map[]}] FeatureArgs:map[] NoTaintMaster:true NodeIP:192.168.76.2 CgroupDriver:cgroupfs ClientCAFile:/var/lib/minikube/certs/ca.crt StaticPodPath:/etc/kubernetes/manifests ControlPlaneAddress:control-plane.minikube.internal KubeProxyOptions:map[]}
I0221 08:57:05.754849 208829 kubeadm.go:162] kubeadm config: apiVersion: kubeadm.k8s.io/v1beta3 kind: InitConfiguration localAPIEndpoint: advertiseAddress: 192.168.76.2 bindPort: 8443 bootstrapTokens: - groups: - system:bootstrappers:kubeadm:default-node-token ttl: 24h0m0s usages: - signing - authentication nodeRegistration: criSocket: /var/run/dockershim.sock name: "auto-20220221084933-6550" kubeletExtraArgs: node-ip: 192.168.76.2 taints: [] --- apiVersion: kubeadm.k8s.io/v1beta3 kind: ClusterConfiguration apiServer: certSANs: ["127.0.0.1", "localhost", "192.168.76.2"] extraArgs: enable-admission-plugins: "NamespaceLifecycle,LimitRanger,ServiceAccount,DefaultStorageClass,DefaultTolerationSeconds,NodeRestriction,MutatingAdmissionWebhook,ValidatingAdmissionWebhook,ResourceQuota" controllerManager: extraArgs: allocate-node-cidrs: "true" leader-elect: "false" scheduler: extraArgs: leader-elect: "false" certificatesDir: /var/lib/minikube/certs clusterName: mk controlPlaneEndpoint: control-plane.minikube.internal:8443 etcd: local: dataDir: /var/lib/minikube/etcd extraArgs: proxy-refresh-interval: "70000" kubernetesVersion: v1.23.4 networking: dnsDomain: cluster.local podSubnet: "10.244.0.0/16" serviceSubnet: 10.96.0.0/12 --- apiVersion: kubelet.config.k8s.io/v1beta1 kind: KubeletConfiguration authentication: x509: clientCAFile: /var/lib/minikube/certs/ca.crt cgroupDriver: cgroupfs clusterDomain: "cluster.local" # disable disk resource management by default imageGCHighThresholdPercent: 100 evictionHard: nodefs.available: "0%!"(MISSING) nodefs.inodesFree: "0%!"(MISSING) imagefs.available: "0%!"(MISSING) failSwapOn: false staticPodPath: /etc/kubernetes/manifests --- apiVersion: kubeproxy.config.k8s.io/v1alpha1 kind: KubeProxyConfiguration clusterCIDR: "10.244.0.0/16" metricsBindAddress: 0.0.0.0:10249 conntrack: maxPerCore: 0 # Skip setting "net.netfilter.nf_conntrack_tcp_timeout_established" tcpEstablishedTimeout: 0s # Skip setting "net.netfilter.nf_conntrack_tcp_timeout_close" tcpCloseWaitTimeout: 0s
I0221 08:57:05.754928 208829 kubeadm.go:936] kubelet [Unit] Wants=docker.socket [Service] ExecStart= ExecStart=/var/lib/minikube/binaries/v1.23.4/kubelet --bootstrap-kubeconfig=/etc/kubernetes/bootstrap-kubelet.conf --config=/var/lib/kubelet/config.yaml --container-runtime=docker --hostname-override=auto-20220221084933-6550 --housekeeping-interval=5m --kubeconfig=/etc/kubernetes/kubelet.conf --node-ip=192.168.76.2 [Install] config: {KubernetesVersion:v1.23.4 ClusterName:auto-20220221084933-6550 Namespace:default APIServerName:minikubeCA APIServerNames:[] APIServerIPs:[] DNSDomain:cluster.local ContainerRuntime:docker CRISocket: NetworkPlugin: FeatureGates: ServiceCIDR:10.96.0.0/12 ImageRepository: LoadBalancerStartIP: LoadBalancerEndIP: CustomIngressCert: ExtraOptions:[{Component:kubelet Key:housekeeping-interval Value:5m}] ShouldLoadCachedImages:true EnableDefaultCNI:false CNI: NodeIP: NodePort:8443 NodeName:}
I0221 08:57:05.754968 208829 ssh_runner.go:195] Run: sudo ls /var/lib/minikube/binaries/v1.23.4
I0221 08:57:05.763653 208829 binaries.go:44] Found k8s binaries, skipping transfer
I0221 08:57:05.763829 208829 ssh_runner.go:195] Run: sudo mkdir -p /etc/systemd/system/kubelet.service.d /lib/systemd/system /var/tmp/minikube /var/lib/minikube /etc/init.d
I0221 08:57:05.772841 208829 ssh_runner.go:362] scp memory --> /etc/systemd/system/kubelet.service.d/10-kubeadm.conf (377 bytes)
I0221 08:57:05.788989 208829 ssh_runner.go:362] scp memory --> /lib/systemd/system/kubelet.service (352 bytes)
I0221 08:57:05.805034 208829 ssh_runner.go:362] scp memory --> /var/tmp/minikube/kubeadm.yaml.new (2046 bytes)
I0221 08:57:05.819979 208829 ssh_runner.go:362] scp memory --> /var/lib/minikube/openrc-restart-wrapper.sh (233 bytes)
I0221 08:57:05.835873 208829 ssh_runner.go:362] scp memory --> /etc/init.d/kubelet (839 bytes)
I0221 08:57:05.850716 208829 ssh_runner.go:195] Run: grep 192.168.76.2 control-plane.minikube.internal$ /etc/hosts
I0221 08:57:05.854214 208829 ssh_runner.go:195] Run: /bin/bash -c "{ grep -v $'\tcontrol-plane.minikube.internal$' "/etc/hosts"; echo "192.168.76.2 control-plane.minikube.internal"; } > /tmp/h.$$; sudo cp /tmp/h.$$ "/etc/hosts""
I0221 08:57:05.866093 208829 certs.go:54] Setting up /home/jenkins/minikube-integration/linux-amd64-docker-docker-13641-3300-2a71df5eb5ec0ca8243173c97a5614cea8fb2e82/.minikube/profiles/auto-20220221084933-6550 for IP: 192.168.76.2
I0221 08:57:05.866210 208829 certs.go:182] skipping minikubeCA CA generation: /home/jenkins/minikube-integration/linux-amd64-docker-docker-13641-3300-2a71df5eb5ec0ca8243173c97a5614cea8fb2e82/.minikube/ca.key
I0221 08:57:05.866261 208829 certs.go:182] skipping proxyClientCA CA generation: /home/jenkins/minikube-integration/linux-amd64-docker-docker-13641-3300-2a71df5eb5ec0ca8243173c97a5614cea8fb2e82/.minikube/proxy-client-ca.key
I0221 08:57:05.866320 208829 certs.go:302] generating minikube-user signed cert: /home/jenkins/minikube-integration/linux-amd64-docker-docker-13641-3300-2a71df5eb5ec0ca8243173c97a5614cea8fb2e82/.minikube/profiles/auto-20220221084933-6550/client.key
I0221 08:57:05.866339 208829 crypto.go:68] Generating cert /home/jenkins/minikube-integration/linux-amd64-docker-docker-13641-3300-2a71df5eb5ec0ca8243173c97a5614cea8fb2e82/.minikube/profiles/auto-20220221084933-6550/client.crt with IP's: []
I0221 08:57:05.946527 208829 crypto.go:156] Writing cert to /home/jenkins/minikube-integration/linux-amd64-docker-docker-13641-3300-2a71df5eb5ec0ca8243173c97a5614cea8fb2e82/.minikube/profiles/auto-20220221084933-6550/client.crt ...
I0221 08:57:05.946560 208829 lock.go:35] WriteFile acquiring /home/jenkins/minikube-integration/linux-amd64-docker-docker-13641-3300-2a71df5eb5ec0ca8243173c97a5614cea8fb2e82/.minikube/profiles/auto-20220221084933-6550/client.crt: {Name:mkf66599337a85f926bbf47bc67309a30f586d39 Clock:{} Delay:500ms Timeout:1m0s Cancel:}
I0221 08:57:05.946728 208829 crypto.go:164] Writing key to /home/jenkins/minikube-integration/linux-amd64-docker-docker-13641-3300-2a71df5eb5ec0ca8243173c97a5614cea8fb2e82/.minikube/profiles/auto-20220221084933-6550/client.key ...
I0221 08:57:05.946743 208829 lock.go:35] WriteFile acquiring /home/jenkins/minikube-integration/linux-amd64-docker-docker-13641-3300-2a71df5eb5ec0ca8243173c97a5614cea8fb2e82/.minikube/profiles/auto-20220221084933-6550/client.key: {Name:mk4b98916e364b75e052175ceff980d7dfb7d59c Clock:{} Delay:500ms Timeout:1m0s Cancel:}
I0221 08:57:05.946835 208829 certs.go:302] generating minikube signed cert: /home/jenkins/minikube-integration/linux-amd64-docker-docker-13641-3300-2a71df5eb5ec0ca8243173c97a5614cea8fb2e82/.minikube/profiles/auto-20220221084933-6550/apiserver.key.31bdca25
I0221 08:57:05.946858 208829 crypto.go:68] Generating cert /home/jenkins/minikube-integration/linux-amd64-docker-docker-13641-3300-2a71df5eb5ec0ca8243173c97a5614cea8fb2e82/.minikube/profiles/auto-20220221084933-6550/apiserver.crt.31bdca25 with IP's: [192.168.76.2 10.96.0.1 127.0.0.1 10.0.0.1]
I0221 08:57:06.102490 208829 crypto.go:156] Writing cert to /home/jenkins/minikube-integration/linux-amd64-docker-docker-13641-3300-2a71df5eb5ec0ca8243173c97a5614cea8fb2e82/.minikube/profiles/auto-20220221084933-6550/apiserver.crt.31bdca25 ...
I0221 08:57:06.102522 208829 lock.go:35] WriteFile acquiring /home/jenkins/minikube-integration/linux-amd64-docker-docker-13641-3300-2a71df5eb5ec0ca8243173c97a5614cea8fb2e82/.minikube/profiles/auto-20220221084933-6550/apiserver.crt.31bdca25: {Name:mk69d8d8d16b926e465f137654650f785385ca18 Clock:{} Delay:500ms Timeout:1m0s Cancel:}
I0221 08:57:06.102679 208829 crypto.go:164] Writing key to /home/jenkins/minikube-integration/linux-amd64-docker-docker-13641-3300-2a71df5eb5ec0ca8243173c97a5614cea8fb2e82/.minikube/profiles/auto-20220221084933-6550/apiserver.key.31bdca25 ...
I0221 08:57:06.102692 208829 lock.go:35] WriteFile acquiring /home/jenkins/minikube-integration/linux-amd64-docker-docker-13641-3300-2a71df5eb5ec0ca8243173c97a5614cea8fb2e82/.minikube/profiles/auto-20220221084933-6550/apiserver.key.31bdca25: {Name:mkd2971b67162a2c822475fe096d0b0e4ec0054c Clock:{} Delay:500ms Timeout:1m0s Cancel:}
I0221 08:57:06.102789 208829 certs.go:320] copying /home/jenkins/minikube-integration/linux-amd64-docker-docker-13641-3300-2a71df5eb5ec0ca8243173c97a5614cea8fb2e82/.minikube/profiles/auto-20220221084933-6550/apiserver.crt.31bdca25 -> /home/jenkins/minikube-integration/linux-amd64-docker-docker-13641-3300-2a71df5eb5ec0ca8243173c97a5614cea8fb2e82/.minikube/profiles/auto-20220221084933-6550/apiserver.crt
I0221 08:57:06.102842 208829 certs.go:324] copying /home/jenkins/minikube-integration/linux-amd64-docker-docker-13641-3300-2a71df5eb5ec0ca8243173c97a5614cea8fb2e82/.minikube/profiles/auto-20220221084933-6550/apiserver.key.31bdca25 -> /home/jenkins/minikube-integration/linux-amd64-docker-docker-13641-3300-2a71df5eb5ec0ca8243173c97a5614cea8fb2e82/.minikube/profiles/auto-20220221084933-6550/apiserver.key
I0221 08:57:06.102884 208829 certs.go:302] generating aggregator signed cert: /home/jenkins/minikube-integration/linux-amd64-docker-docker-13641-3300-2a71df5eb5ec0ca8243173c97a5614cea8fb2e82/.minikube/profiles/auto-20220221084933-6550/proxy-client.key
I0221 08:57:06.102898 208829 crypto.go:68] Generating cert /home/jenkins/minikube-integration/linux-amd64-docker-docker-13641-3300-2a71df5eb5ec0ca8243173c97a5614cea8fb2e82/.minikube/profiles/auto-20220221084933-6550/proxy-client.crt with IP's: []
I0221 08:57:06.201893 208829 crypto.go:156] Writing cert to /home/jenkins/minikube-integration/linux-amd64-docker-docker-13641-3300-2a71df5eb5ec0ca8243173c97a5614cea8fb2e82/.minikube/profiles/auto-20220221084933-6550/proxy-client.crt ...
I0221 08:57:06.201927 208829 lock.go:35] WriteFile acquiring /home/jenkins/minikube-integration/linux-amd64-docker-docker-13641-3300-2a71df5eb5ec0ca8243173c97a5614cea8fb2e82/.minikube/profiles/auto-20220221084933-6550/proxy-client.crt: {Name:mk80af5c6cf1913702c41b816aa4d84fc4ef770d Clock:{} Delay:500ms Timeout:1m0s Cancel:}
I0221 08:57:06.202100 208829 crypto.go:164] Writing key to /home/jenkins/minikube-integration/linux-amd64-docker-docker-13641-3300-2a71df5eb5ec0ca8243173c97a5614cea8fb2e82/.minikube/profiles/auto-20220221084933-6550/proxy-client.key ...
I0221 08:57:06.202114 208829 lock.go:35] WriteFile acquiring /home/jenkins/minikube-integration/linux-amd64-docker-docker-13641-3300-2a71df5eb5ec0ca8243173c97a5614cea8fb2e82/.minikube/profiles/auto-20220221084933-6550/proxy-client.key: {Name:mk0ab9a45b46877a73f835519f0bc8a4becdda03 Clock:{} Delay:500ms Timeout:1m0s Cancel:}
I0221 08:57:06.202272 208829 certs.go:388] found cert: /home/jenkins/minikube-integration/linux-amd64-docker-docker-13641-3300-2a71df5eb5ec0ca8243173c97a5614cea8fb2e82/.minikube/certs/home/jenkins/minikube-integration/linux-amd64-docker-docker-13641-3300-2a71df5eb5ec0ca8243173c97a5614cea8fb2e82/.minikube/certs/6550.pem (1338 bytes)
W0221 08:57:06.202308 208829 certs.go:384] ignoring /home/jenkins/minikube-integration/linux-amd64-docker-docker-13641-3300-2a71df5eb5ec0ca8243173c97a5614cea8fb2e82/.minikube/certs/home/jenkins/minikube-integration/linux-amd64-docker-docker-13641-3300-2a71df5eb5ec0ca8243173c97a5614cea8fb2e82/.minikube/certs/6550_empty.pem, impossibly tiny 0 bytes
I0221 08:57:06.202319 208829 certs.go:388] found cert: /home/jenkins/minikube-integration/linux-amd64-docker-docker-13641-3300-2a71df5eb5ec0ca8243173c97a5614cea8fb2e82/.minikube/certs/home/jenkins/minikube-integration/linux-amd64-docker-docker-13641-3300-2a71df5eb5ec0ca8243173c97a5614cea8fb2e82/.minikube/certs/ca-key.pem (1679 bytes)
I0221 08:57:06.202344 208829 certs.go:388] found cert: /home/jenkins/minikube-integration/linux-amd64-docker-docker-13641-3300-2a71df5eb5ec0ca8243173c97a5614cea8fb2e82/.minikube/certs/home/jenkins/minikube-integration/linux-amd64-docker-docker-13641-3300-2a71df5eb5ec0ca8243173c97a5614cea8fb2e82/.minikube/certs/ca.pem (1082 bytes)
I0221 08:57:06.202367 208829 certs.go:388] found cert: /home/jenkins/minikube-integration/linux-amd64-docker-docker-13641-3300-2a71df5eb5ec0ca8243173c97a5614cea8fb2e82/.minikube/certs/home/jenkins/minikube-integration/linux-amd64-docker-docker-13641-3300-2a71df5eb5ec0ca8243173c97a5614cea8fb2e82/.minikube/certs/cert.pem (1123 bytes)
I0221 08:57:06.202393 208829 certs.go:388] found cert: /home/jenkins/minikube-integration/linux-amd64-docker-docker-13641-3300-2a71df5eb5ec0ca8243173c97a5614cea8fb2e82/.minikube/certs/home/jenkins/minikube-integration/linux-amd64-docker-docker-13641-3300-2a71df5eb5ec0ca8243173c97a5614cea8fb2e82/.minikube/certs/key.pem (1675 bytes)
I0221 08:57:06.202432 208829 certs.go:388] found cert: /home/jenkins/minikube-integration/linux-amd64-docker-docker-13641-3300-2a71df5eb5ec0ca8243173c97a5614cea8fb2e82/.minikube/files/etc/ssl/certs/home/jenkins/minikube-integration/linux-amd64-docker-docker-13641-3300-2a71df5eb5ec0ca8243173c97a5614cea8fb2e82/.minikube/files/etc/ssl/certs/65502.pem (1708 bytes)
I0221 08:57:06.203351 208829 ssh_runner.go:362] scp /home/jenkins/minikube-integration/linux-amd64-docker-docker-13641-3300-2a71df5eb5ec0ca8243173c97a5614cea8fb2e82/.minikube/profiles/auto-20220221084933-6550/apiserver.crt --> /var/lib/minikube/certs/apiserver.crt (1399 bytes)
I0221 08:57:06.222080 208829 ssh_runner.go:362] scp /home/jenkins/minikube-integration/linux-amd64-docker-docker-13641-3300-2a71df5eb5ec0ca8243173c97a5614cea8fb2e82/.minikube/profiles/auto-20220221084933-6550/apiserver.key --> /var/lib/minikube/certs/apiserver.key (1675 bytes)
I0221 08:57:06.240034 208829 ssh_runner.go:362] scp /home/jenkins/minikube-integration/linux-amd64-docker-docker-13641-3300-2a71df5eb5ec0ca8243173c97a5614cea8fb2e82/.minikube/profiles/auto-20220221084933-6550/proxy-client.crt --> /var/lib/minikube/certs/proxy-client.crt (1147 bytes)
I0221 08:57:06.257937 208829 ssh_runner.go:362] scp /home/jenkins/minikube-integration/linux-amd64-docker-docker-13641-3300-2a71df5eb5ec0ca8243173c97a5614cea8fb2e82/.minikube/profiles/auto-20220221084933-6550/proxy-client.key --> /var/lib/minikube/certs/proxy-client.key (1679 bytes)
I0221 08:57:06.275915 208829 ssh_runner.go:362] scp /home/jenkins/minikube-integration/linux-amd64-docker-docker-13641-3300-2a71df5eb5ec0ca8243173c97a5614cea8fb2e82/.minikube/ca.crt --> /var/lib/minikube/certs/ca.crt (1111 bytes)
I0221 08:57:06.294110 208829 ssh_runner.go:362] scp /home/jenkins/minikube-integration/linux-amd64-docker-docker-13641-3300-2a71df5eb5ec0ca8243173c97a5614cea8fb2e82/.minikube/ca.key --> /var/lib/minikube/certs/ca.key (1675 bytes)
I0221 08:57:06.312374 208829 ssh_runner.go:362] scp /home/jenkins/minikube-integration/linux-amd64-docker-docker-13641-3300-2a71df5eb5ec0ca8243173c97a5614cea8fb2e82/.minikube/proxy-client-ca.crt --> /var/lib/minikube/certs/proxy-client-ca.crt (1119 bytes)
I0221 08:57:06.335313 208829 ssh_runner.go:362] scp /home/jenkins/minikube-integration/linux-amd64-docker-docker-13641-3300-2a71df5eb5ec0ca8243173c97a5614cea8fb2e82/.minikube/proxy-client-ca.key --> /var/lib/minikube/certs/proxy-client-ca.key (1679 bytes)
I0221 08:57:06.357500 208829 ssh_runner.go:362] scp /home/jenkins/minikube-integration/linux-amd64-docker-docker-13641-3300-2a71df5eb5ec0ca8243173c97a5614cea8fb2e82/.minikube/certs/6550.pem --> /usr/share/ca-certificates/6550.pem (1338 bytes)
I0221 08:57:06.377803 208829 ssh_runner.go:362] scp /home/jenkins/minikube-integration/linux-amd64-docker-docker-13641-3300-2a71df5eb5ec0ca8243173c97a5614cea8fb2e82/.minikube/files/etc/ssl/certs/65502.pem --> /usr/share/ca-certificates/65502.pem (1708 bytes)
I0221 08:57:06.396818 208829 ssh_runner.go:362] scp /home/jenkins/minikube-integration/linux-amd64-docker-docker-13641-3300-2a71df5eb5ec0ca8243173c97a5614cea8fb2e82/.minikube/ca.crt --> /usr/share/ca-certificates/minikubeCA.pem (1111 bytes)
I0221 08:57:06.416836 208829 ssh_runner.go:362] scp memory --> /var/lib/minikube/kubeconfig (738 bytes)
I0221 08:57:06.432177 208829 ssh_runner.go:195] Run: openssl version
I0221 08:57:06.438394 208829 ssh_runner.go:195] Run: sudo /bin/bash -c "test -s /usr/share/ca-certificates/6550.pem && ln -fs /usr/share/ca-certificates/6550.pem /etc/ssl/certs/6550.pem"
I0221 08:57:06.446874 208829 ssh_runner.go:195] Run: ls -la /usr/share/ca-certificates/6550.pem
I0221 08:57:06.450267 208829 certs.go:431] hashing: -rw-r--r-- 1 root root 1338 Feb 21 08:30 /usr/share/ca-certificates/6550.pem
I0221 08:57:06.450322 208829 ssh_runner.go:195] Run: openssl x509 -hash -noout -in /usr/share/ca-certificates/6550.pem
I0221 08:57:06.456518 208829 ssh_runner.go:195] Run: sudo /bin/bash -c "test -L /etc/ssl/certs/51391683.0 || ln -fs /etc/ssl/certs/6550.pem /etc/ssl/certs/51391683.0"
I0221 08:57:06.465032 208829 ssh_runner.go:195] Run: sudo /bin/bash -c "test -s /usr/share/ca-certificates/65502.pem && ln -fs /usr/share/ca-certificates/65502.pem /etc/ssl/certs/65502.pem"
I0221 08:57:06.473821 208829 ssh_runner.go:195] Run: ls -la /usr/share/ca-certificates/65502.pem
I0221 08:57:06.478022 208829 certs.go:431] hashing: -rw-r--r-- 1 root root 1708 Feb 21 08:30 /usr/share/ca-certificates/65502.pem
I0221 08:57:06.478083 208829 ssh_runner.go:195] Run: openssl x509 -hash -noout -in /usr/share/ca-certificates/65502.pem
I0221 08:57:06.484537 208829 ssh_runner.go:195] Run: sudo /bin/bash -c "test -L /etc/ssl/certs/3ec20f2e.0 || ln -fs /etc/ssl/certs/65502.pem /etc/ssl/certs/3ec20f2e.0"
I0221 08:57:06.493760 208829 ssh_runner.go:195] Run: sudo /bin/bash -c "test -s /usr/share/ca-certificates/minikubeCA.pem && ln -fs /usr/share/ca-certificates/minikubeCA.pem /etc/ssl/certs/minikubeCA.pem"
I0221 08:57:06.501591 208829 ssh_runner.go:195] Run: ls -la /usr/share/ca-certificates/minikubeCA.pem
I0221 08:57:06.505292 208829 certs.go:431] hashing: -rw-r--r-- 1 root root 1111 Feb 21 08:26 /usr/share/ca-certificates/minikubeCA.pem
I0221 08:57:06.505349 208829 ssh_runner.go:195] Run: openssl x509 -hash -noout -in /usr/share/ca-certificates/minikubeCA.pem
I0221 08:57:06.510784 208829 ssh_runner.go:195] Run: sudo /bin/bash -c "test -L /etc/ssl/certs/b5213941.0 || ln -fs /etc/ssl/certs/minikubeCA.pem /etc/ssl/certs/b5213941.0"
I0221 08:57:06.519268 208829 kubeadm.go:391] StartCluster: {Name:auto-20220221084933-6550 KeepContext:false EmbedCerts:false MinikubeISO: KicBaseImage:gcr.io/k8s-minikube/kicbase-builds:v0.0.29-1644344181-13531@sha256:02c921df998f95e849058af14de7045efc3954d90320967418a0d1f182bbc0b2 Memory:2048 CPUs:2 DiskSize:20000 VMDriver: Driver:docker HyperkitVpnKitSock: HyperkitVSockPorts:[] DockerEnv:[] ContainerVolumeMounts:[] InsecureRegistry:[] RegistryMirror:[] HostOnlyCIDR:192.168.59.1/24 HypervVirtualSwitch: HypervUseExternalSwitch:false HypervExternalAdapter: KVMNetwork:default KVMQemuURI:qemu:///system KVMGPU:false KVMHidden:false KVMNUMACount:1 DockerOpt:[] DisableDriverMounts:false NFSShare:[] NFSSharesRoot:/nfsshares UUID: NoVTXCheck:false DNSProxy:false HostDNSResolver:true HostOnlyNicType:virtio NatNicType:virtio SSHIPAddress: SSHUser:root SSHKey: SSHPort:22 KubernetesConfig:{KubernetesVersion:v1.23.4 ClusterName:auto-20220221084933-6550 Namespace:default APIServerName:minikubeCA APIServerNames:[] APIServerIPs:[] DNSDomain:cluster.local ContainerRuntime:docker CRISocket: NetworkPlugin: FeatureGates: ServiceCIDR:10.96.0.0/12 ImageRepository: LoadBalancerStartIP: LoadBalancerEndIP: CustomIngressCert: ExtraOptions:[{Component:kubelet Key:housekeeping-interval Value:5m}] ShouldLoadCachedImages:true EnableDefaultCNI:false CNI: NodeIP: NodePort:8443 NodeName:} Nodes:[{Name: IP:192.168.76.2 Port:8443 KubernetesVersion:v1.23.4 ContainerRuntime:docker ControlPlane:true Worker:true}] Addons:map[] CustomAddonImages:map[] CustomAddonRegistries:map[] VerifyComponents:map[apiserver:true apps_running:true default_sa:true extra:true kubelet:true node_ready:true system_pods:true] StartHostTimeout:5m0s ScheduledStop: ExposedPorts:[] ListenAddress: Network: MultiNodeRequested:false ExtraDisks:0 CertExpiration:26280h0m0s Mount:false MountString:/home/jenkins:/minikube-host Mount9PVersion:9p2000.L MountGID:docker MountIP: MountMSize:262144 MountOptions:[] MountPort:0 MountType:9p MountUID:docker BinaryMirror: DisableOptimizations:false}
I0221 08:57:06.519384 208829 ssh_runner.go:195] Run: docker ps --filter status=paused --filter=name=k8s_.*_(kube-system)_ --format={{.ID}}
I0221 08:57:06.558740 208829 ssh_runner.go:195] Run: sudo ls /var/lib/kubelet/kubeadm-flags.env /var/lib/kubelet/config.yaml /var/lib/minikube/etcd
I0221 08:57:06.576334 208829 ssh_runner.go:195] Run: sudo cp /var/tmp/minikube/kubeadm.yaml.new /var/tmp/minikube/kubeadm.yaml
I0221 08:57:06.586331 208829 kubeadm.go:221] ignoring SystemVerification for kubeadm because of docker driver
I0221 08:57:06.586391 208829 ssh_runner.go:195] Run: sudo ls -la /etc/kubernetes/admin.conf /etc/kubernetes/kubelet.conf /etc/kubernetes/controller-manager.conf /etc/kubernetes/scheduler.conf
I0221 08:57:06.595753 208829 kubeadm.go:152] config check failed, skipping stale config cleanup: sudo ls -la /etc/kubernetes/admin.conf /etc/kubernetes/kubelet.conf /etc/kubernetes/controller-manager.conf /etc/kubernetes/scheduler.conf: Process exited with status 2 stdout: stderr: ls: cannot access '/etc/kubernetes/admin.conf': No such file or directory ls: cannot access '/etc/kubernetes/kubelet.conf': No such file or directory ls: cannot access '/etc/kubernetes/controller-manager.conf': No such file or directory ls: cannot access '/etc/kubernetes/scheduler.conf': No such file or directory
I0221 08:57:06.595802 208829 ssh_runner.go:286] Start: /bin/bash -c "sudo env PATH="/var/lib/minikube/binaries/v1.23.4:$PATH" kubeadm init --config /var/tmp/minikube/kubeadm.yaml --ignore-preflight-errors=DirAvailable--etc-kubernetes-manifests,DirAvailable--var-lib-minikube,DirAvailable--var-lib-minikube-etcd,FileAvailable--etc-kubernetes-manifests-kube-scheduler.yaml,FileAvailable--etc-kubernetes-manifests-kube-apiserver.yaml,FileAvailable--etc-kubernetes-manifests-kube-controller-manager.yaml,FileAvailable--etc-kubernetes-manifests-etcd.yaml,Port-10250,Swap,Mem,SystemVerification,FileContent--proc-sys-net-bridge-bridge-nf-call-iptables"
I0221 08:57:02.593875 227869 pod_ready.go:102] pod "coredns-64897985d-fw5hd" in "kube-system" namespace has status "Ready":"False"
I0221 08:57:05.095863 227869 pod_ready.go:102] pod "coredns-64897985d-fw5hd" in "kube-system" namespace has status "Ready":"False"
I0221 08:57:07.226129 208829 out.go:203] - Generating certificates and keys ...
I0221 08:57:08.606947 223679 pod_ready.go:102] pod "calico-node-zcdj6" in "kube-system" namespace has status "Ready":"False"
I0221 08:57:11.085043 223679 pod_ready.go:102] pod "calico-node-zcdj6" in "kube-system" namespace has status "Ready":"False"
I0221 08:57:07.593598 227869 pod_ready.go:102] pod "coredns-64897985d-fw5hd" in "kube-system" namespace has status "Ready":"False"
I0221 08:57:09.595599 227869 pod_ready.go:102] pod "coredns-64897985d-fw5hd" in "kube-system" namespace has status "Ready":"False"
I0221 08:57:11.600301 227869 pod_ready.go:102] pod "coredns-64897985d-fw5hd" in "kube-system" namespace has status "Ready":"False"
I0221 08:57:09.741262 208829 out.go:203] - Booting up control plane ...
I0221 08:57:13.606594 223679 pod_ready.go:102] pod "calico-node-zcdj6" in "kube-system" namespace has status "Ready":"False"
I0221 08:57:16.104269 223679 pod_ready.go:102] pod "calico-node-zcdj6" in "kube-system" namespace has status "Ready":"False"
I0221 08:57:14.093831 227869 pod_ready.go:102] pod "coredns-64897985d-fw5hd" in "kube-system" namespace has status "Ready":"False"
I0221 08:57:16.094542 227869 pod_ready.go:102] pod "coredns-64897985d-fw5hd" in "kube-system" namespace has status "Ready":"False"
I0221 08:57:17.794661 208829 out.go:203] - Configuring RBAC rules ...
I0221 08:57:18.211217 208829 cni.go:93] Creating CNI manager for ""
I0221 08:57:18.211242 208829 cni.go:167] CNI unnecessary in this configuration, recommending no CNI
I0221 08:57:18.211265 208829 ssh_runner.go:195] Run: /bin/bash -c "cat /proc/$(pgrep kube-apiserver)/oom_adj"
I0221 08:57:18.211404 208829 ssh_runner.go:195] Run: sudo /var/lib/minikube/binaries/v1.23.4/kubectl create clusterrolebinding minikube-rbac --clusterrole=cluster-admin --serviceaccount=kube-system:default --kubeconfig=/var/lib/minikube/kubeconfig
I0221 08:57:18.211499 208829 ssh_runner.go:195] Run: sudo /var/lib/minikube/binaries/v1.23.4/kubectl label nodes minikube.k8s.io/version=v1.25.1 minikube.k8s.io/commit=9a4c39b14752448ee8b5da7f8bb397c2a16d9ea9 minikube.k8s.io/name=auto-20220221084933-6550 minikube.k8s.io/updated_at=2022_02_21T08_57_18_0700 minikube.k8s.io/primary=true --all --overwrite --kubeconfig=/var/lib/minikube/kubeconfig
I0221 08:57:18.237810 208829 ops.go:34] apiserver oom_adj: -16
I0221 08:57:18.404731 208829 ssh_runner.go:195] Run: sudo /var/lib/minikube/binaries/v1.23.4/kubectl get sa default --kubeconfig=/var/lib/minikube/kubeconfig
I0221 08:57:18.582815 223679 pod_ready.go:102] pod "calico-node-zcdj6" in "kube-system" namespace has status "Ready":"False"
I0221 08:57:20.585066 223679 pod_ready.go:102] pod "calico-node-zcdj6" in "kube-system" namespace has status "Ready":"False"
I0221 08:57:18.094583 227869 pod_ready.go:102] pod "coredns-64897985d-fw5hd" in "kube-system" namespace has status "Ready":"False"
I0221 08:57:20.594516 227869 pod_ready.go:102] pod "coredns-64897985d-fw5hd" in "kube-system" namespace has status "Ready":"False"
I0221 08:57:19.390100 208829 ssh_runner.go:195] Run: sudo /var/lib/minikube/binaries/v1.23.4/kubectl get sa default --kubeconfig=/var/lib/minikube/kubeconfig
I0221 08:57:19.889764 208829 ssh_runner.go:195] Run: sudo /var/lib/minikube/binaries/v1.23.4/kubectl get sa default --kubeconfig=/var/lib/minikube/kubeconfig
I0221 08:57:20.389415 208829 ssh_runner.go:195] Run: sudo /var/lib/minikube/binaries/v1.23.4/kubectl get sa default --kubeconfig=/var/lib/minikube/kubeconfig
I0221 08:57:20.889525 208829 ssh_runner.go:195] Run: sudo /var/lib/minikube/binaries/v1.23.4/kubectl get sa default --kubeconfig=/var/lib/minikube/kubeconfig
I0221 08:57:21.389657 208829 ssh_runner.go:195] Run: sudo /var/lib/minikube/binaries/v1.23.4/kubectl get sa default --kubeconfig=/var/lib/minikube/kubeconfig
I0221 08:57:21.889423 208829 ssh_runner.go:195] Run: sudo /var/lib/minikube/binaries/v1.23.4/kubectl get sa default --kubeconfig=/var/lib/minikube/kubeconfig
I0221 08:57:22.389317 208829 ssh_runner.go:195] Run: sudo /var/lib/minikube/binaries/v1.23.4/kubectl get sa default --kubeconfig=/var/lib/minikube/kubeconfig
I0221 08:57:22.889659 208829 ssh_runner.go:195] Run: sudo /var/lib/minikube/binaries/v1.23.4/kubectl get sa default --kubeconfig=/var/lib/minikube/kubeconfig
I0221 08:57:23.389482 208829 ssh_runner.go:195] Run: sudo /var/lib/minikube/binaries/v1.23.4/kubectl get sa default --kubeconfig=/var/lib/minikube/kubeconfig
I0221 08:57:23.889350 208829 ssh_runner.go:195] Run: sudo /var/lib/minikube/binaries/v1.23.4/kubectl get sa default --kubeconfig=/var/lib/minikube/kubeconfig
I0221 08:57:23.083375 223679 pod_ready.go:102] pod "calico-node-zcdj6" in "kube-system" namespace has status "Ready":"False"
I0221 08:57:25.108449 223679 pod_ready.go:102] pod "calico-node-zcdj6" in "kube-system" namespace has status "Ready":"False"
I0221 08:57:23.094746 227869 pod_ready.go:102] pod "coredns-64897985d-fw5hd" in "kube-system" namespace has status "Ready":"False"
I0221 08:57:25.094898 227869 pod_ready.go:102] pod "coredns-64897985d-fw5hd" in "kube-system" namespace has status "Ready":"False"
I0221 08:57:27.096067 227869 pod_ready.go:102] pod "coredns-64897985d-fw5hd" in "kube-system" namespace has status "Ready":"False"
I0221 08:57:24.389561 208829 ssh_runner.go:195] Run: sudo /var/lib/minikube/binaries/v1.23.4/kubectl get sa default --kubeconfig=/var/lib/minikube/kubeconfig
I0221 08:57:24.890221 208829 ssh_runner.go:195] Run: sudo /var/lib/minikube/binaries/v1.23.4/kubectl get sa default --kubeconfig=/var/lib/minikube/kubeconfig
I0221 08:57:25.389547 208829 ssh_runner.go:195] Run: sudo /var/lib/minikube/binaries/v1.23.4/kubectl get sa default --kubeconfig=/var/lib/minikube/kubeconfig
I0221 08:57:25.889416 208829 ssh_runner.go:195] Run: sudo /var/lib/minikube/binaries/v1.23.4/kubectl get sa default --kubeconfig=/var/lib/minikube/kubeconfig
I0221 08:57:26.389374 208829 ssh_runner.go:195] Run: sudo /var/lib/minikube/binaries/v1.23.4/kubectl get sa default --kubeconfig=/var/lib/minikube/kubeconfig
I0221 08:57:26.889998 208829 ssh_runner.go:195] Run: sudo /var/lib/minikube/binaries/v1.23.4/kubectl get sa default --kubeconfig=/var/lib/minikube/kubeconfig
I0221 08:57:27.389296 208829 ssh_runner.go:195] Run: sudo /var/lib/minikube/binaries/v1.23.4/kubectl get sa default --kubeconfig=/var/lib/minikube/kubeconfig
I0221 08:57:27.889606 208829 ssh_runner.go:195] Run: sudo /var/lib/minikube/binaries/v1.23.4/kubectl get sa default --kubeconfig=/var/lib/minikube/kubeconfig
I0221 08:57:28.389536 208829 ssh_runner.go:195] Run: sudo /var/lib/minikube/binaries/v1.23.4/kubectl get sa default --kubeconfig=/var/lib/minikube/kubeconfig
I0221 08:57:28.890229 208829 ssh_runner.go:195] Run: sudo /var/lib/minikube/binaries/v1.23.4/kubectl get sa default --kubeconfig=/var/lib/minikube/kubeconfig
I0221 08:57:27.607457 223679 pod_ready.go:102] pod "calico-node-zcdj6" in "kube-system" namespace has status "Ready":"False"
I0221 08:57:29.607786 223679 pod_ready.go:102] pod "calico-node-zcdj6" in "kube-system" namespace has status "Ready":"False"
I0221 08:57:29.389938 208829 ssh_runner.go:195] Run: sudo /var/lib/minikube/binaries/v1.23.4/kubectl get sa default --kubeconfig=/var/lib/minikube/kubeconfig
I0221 08:57:29.890263 208829 ssh_runner.go:195] Run: sudo /var/lib/minikube/binaries/v1.23.4/kubectl get sa default --kubeconfig=/var/lib/minikube/kubeconfig
I0221 08:57:30.389266 208829 ssh_runner.go:195] Run: sudo /var/lib/minikube/binaries/v1.23.4/kubectl get sa default --kubeconfig=/var/lib/minikube/kubeconfig
I0221 08:57:30.889421 208829 ssh_runner.go:195] Run: sudo /var/lib/minikube/binaries/v1.23.4/kubectl get sa default --kubeconfig=/var/lib/minikube/kubeconfig
I0221 08:57:31.389996 208829 ssh_runner.go:195] Run: sudo /var/lib/minikube/binaries/v1.23.4/kubectl get sa default --kubeconfig=/var/lib/minikube/kubeconfig
I0221 08:57:31.530744 208829 kubeadm.go:1020] duration metric: took 13.31938415s to wait for elevateKubeSystemPrivileges.
I0221 08:57:31.530783 208829 kubeadm.go:393] StartCluster complete in 25.011523066s
I0221 08:57:31.530804 208829 settings.go:142] acquiring lock: {Name:mk4400923ef35d7d80e21aa000bc7683aef0fb09 Clock:{} Delay:500ms Timeout:1m0s Cancel:}
I0221 08:57:31.530919 208829 settings.go:150] Updating kubeconfig: /home/jenkins/minikube-integration/linux-amd64-docker-docker-13641-3300-2a71df5eb5ec0ca8243173c97a5614cea8fb2e82/kubeconfig
I0221 08:57:31.532695 208829 lock.go:35] WriteFile acquiring /home/jenkins/minikube-integration/linux-amd64-docker-docker-13641-3300-2a71df5eb5ec0ca8243173c97a5614cea8fb2e82/kubeconfig: {Name:mkbaf7b3f4ffbe8a9d57707d423380523fa909e4 Clock:{} Delay:500ms Timeout:1m0s Cancel:}
I0221 08:57:32.057336 208829 kapi.go:244] deployment "coredns" in namespace "kube-system" and context "auto-20220221084933-6550" rescaled to 1
I0221 08:57:32.057421 208829 start.go:208] Will wait 5m0s for node &{Name: IP:192.168.76.2 Port:8443 KubernetesVersion:v1.23.4 ContainerRuntime:docker ControlPlane:true Worker:true}
I0221 08:57:32.057439 208829 ssh_runner.go:195] Run: /bin/bash -c "sudo /var/lib/minikube/binaries/v1.23.4/kubectl --kubeconfig=/var/lib/minikube/kubeconfig -n kube-system get configmap coredns -o yaml"
I0221 08:57:32.060752 208829 out.go:176] * Verifying Kubernetes components...
I0221 08:57:32.057752 208829 config.go:176] Loaded profile config "auto-20220221084933-6550": Driver=docker, ContainerRuntime=docker, KubernetesVersion=v1.23.4
I0221 08:57:32.057772 208829 addons.go:415] enableAddons start: toEnable=map[], additional=[]
I0221 08:57:32.060950 208829 addons.go:65] Setting storage-provisioner=true in profile "auto-20220221084933-6550"
I0221 08:57:32.060975 208829 addons.go:153] Setting addon storage-provisioner=true in "auto-20220221084933-6550"
W0221 08:57:32.060982 208829 addons.go:165] addon storage-provisioner should already be in state true
I0221 08:57:32.060820 208829 ssh_runner.go:195] Run: sudo service kubelet status
I0221 08:57:32.061027 208829 host.go:66] Checking if "auto-20220221084933-6550" exists ...
I0221 08:57:32.061101 208829 addons.go:65] Setting default-storageclass=true in profile "auto-20220221084933-6550"
I0221 08:57:32.061124 208829 addons_storage_classes.go:33] enableOrDisableStorageClasses default-storageclass=true on "auto-20220221084933-6550"
I0221 08:57:32.061419 208829 cli_runner.go:133] Run: docker container inspect auto-20220221084933-6550 --format={{.State.Status}}
I0221 08:57:32.061567 208829 cli_runner.go:133] Run: docker container inspect auto-20220221084933-6550 --format={{.State.Status}}
I0221 08:57:29.594682 227869 pod_ready.go:102] pod "coredns-64897985d-fw5hd" in "kube-system" namespace has status "Ready":"False"
I0221 08:57:31.595072 227869 pod_ready.go:102] pod "coredns-64897985d-fw5hd" in "kube-system" namespace has status "Ready":"False"
I0221 08:57:32.117227 208829 out.go:176] - Using image gcr.io/k8s-minikube/storage-provisioner:v5
I0221 08:57:32.117371 208829 addons.go:348] installing /etc/kubernetes/addons/storage-provisioner.yaml
I0221 08:57:32.117382 208829 ssh_runner.go:362] scp memory --> /etc/kubernetes/addons/storage-provisioner.yaml (2676 bytes)
I0221 08:57:32.117435 208829 cli_runner.go:133] Run: docker container inspect -f "'{{(index (index .NetworkSettings.Ports "22/tcp") 0).HostPort}}'" auto-20220221084933-6550
I0221 08:57:32.121052 208829 addons.go:153] Setting addon default-storageclass=true in "auto-20220221084933-6550"
W0221 08:57:32.121074 208829 addons.go:165] addon default-storageclass should already be in state true
I0221 08:57:32.121097 208829 host.go:66] Checking if "auto-20220221084933-6550" exists ...
I0221 08:57:32.121616 208829 cli_runner.go:133] Run: docker container inspect auto-20220221084933-6550 --format={{.State.Status}}
I0221 08:57:32.164256 208829 sshutil.go:53] new ssh client: &{IP:127.0.0.1 Port:49379 SSHKeyPath:/home/jenkins/minikube-integration/linux-amd64-docker-docker-13641-3300-2a71df5eb5ec0ca8243173c97a5614cea8fb2e82/.minikube/machines/auto-20220221084933-6550/id_rsa Username:docker}
I0221 08:57:32.164577 208829 addons.go:348] installing /etc/kubernetes/addons/storageclass.yaml
I0221 08:57:32.164596 208829 ssh_runner.go:362] scp memory --> /etc/kubernetes/addons/storageclass.yaml (271 bytes)
I0221 08:57:32.164645 208829 cli_runner.go:133] Run: docker container inspect -f "'{{(index (index .NetworkSettings.Ports "22/tcp") 0).HostPort}}'" auto-20220221084933-6550
I0221 08:57:32.198642 208829 sshutil.go:53] new ssh client: &{IP:127.0.0.1 Port:49379 SSHKeyPath:/home/jenkins/minikube-integration/linux-amd64-docker-docker-13641-3300-2a71df5eb5ec0ca8243173c97a5614cea8fb2e82/.minikube/machines/auto-20220221084933-6550/id_rsa Username:docker}
I0221 08:57:32.232356 208829 ssh_runner.go:195] Run: /bin/bash -c "sudo /var/lib/minikube/binaries/v1.23.4/kubectl --kubeconfig=/var/lib/minikube/kubeconfig -n kube-system get configmap coredns -o yaml | sed '/^ forward . \/etc\/resolv.conf.*/i \ hosts {\n 192.168.76.1 host.minikube.internal\n fallthrough\n }' | sudo /var/lib/minikube/binaries/v1.23.4/kubectl --kubeconfig=/var/lib/minikube/kubeconfig replace -f -"
I0221 08:57:32.235124 208829 node_ready.go:35] waiting up to 5m0s for node "auto-20220221084933-6550" to be "Ready" ...
I0221 08:57:32.304584 208829 node_ready.go:49] node "auto-20220221084933-6550" has status "Ready":"True"
I0221 08:57:32.304610 208829 node_ready.go:38] duration metric: took 69.457998ms waiting for node "auto-20220221084933-6550" to be "Ready" ...
I0221 08:57:32.304620 208829 pod_ready.go:35] extra waiting up to 5m0s for all system-critical pods including labels [k8s-app=kube-dns component=etcd component=kube-apiserver component=kube-controller-manager k8s-app=kube-proxy component=kube-scheduler] to be "Ready" ...
I0221 08:57:32.317676 208829 pod_ready.go:78] waiting up to 5m0s for pod "coredns-64897985d-6wgl9" in "kube-system" namespace to be "Ready" ...
I0221 08:57:32.426161 208829 ssh_runner.go:195] Run: sudo KUBECONFIG=/var/lib/minikube/kubeconfig /var/lib/minikube/binaries/v1.23.4/kubectl apply -f /etc/kubernetes/addons/storageclass.yaml
I0221 08:57:32.431088 208829 ssh_runner.go:195] Run: sudo KUBECONFIG=/var/lib/minikube/kubeconfig /var/lib/minikube/binaries/v1.23.4/kubectl apply -f /etc/kubernetes/addons/storage-provisioner.yaml
I0221 08:57:33.832503 208829 ssh_runner.go:235] Completed: /bin/bash -c "sudo /var/lib/minikube/binaries/v1.23.4/kubectl --kubeconfig=/var/lib/minikube/kubeconfig -n kube-system get configmap coredns -o yaml | sed '/^ forward . \/etc\/resolv.conf.*/i \ hosts {\n 192.168.76.1 host.minikube.internal\n fallthrough\n }' | sudo /var/lib/minikube/binaries/v1.23.4/kubectl --kubeconfig=/var/lib/minikube/kubeconfig replace -f -": (1.600104705s)
I0221 08:57:33.832609 208829 start.go:777] {"host.minikube.internal": 192.168.76.1} host record injected into CoreDNS
I0221 08:57:33.832546 208829 ssh_runner.go:235] Completed: sudo KUBECONFIG=/var/lib/minikube/kubeconfig /var/lib/minikube/binaries/v1.23.4/kubectl apply -f /etc/kubernetes/addons/storageclass.yaml: (1.406350623s)
I0221 08:57:33.903748 208829 ssh_runner.go:235] Completed: sudo KUBECONFIG=/var/lib/minikube/kubeconfig /var/lib/minikube/binaries/v1.23.4/kubectl apply -f /etc/kubernetes/addons/storage-provisioner.yaml: (1.472601501s)
I0221 08:57:33.907151 208829 out.go:176] * Enabled addons: default-storageclass, storage-provisioner
I0221 08:57:33.907249 208829 addons.go:417] enableAddons completed in 1.84947813s
I0221 08:57:32.085234 223679 pod_ready.go:102] pod "calico-node-zcdj6" in "kube-system" namespace has status "Ready":"False"
I0221 08:57:34.109374 223679 pod_ready.go:102] pod "calico-node-zcdj6" in "kube-system" namespace has status "Ready":"False"
I0221 08:57:36.583295 223679 pod_ready.go:102] pod "calico-node-zcdj6" in "kube-system" namespace has status "Ready":"False"
I0221 08:57:34.093783 227869 pod_ready.go:102] pod "coredns-64897985d-fw5hd" in "kube-system" namespace has status "Ready":"False"
I0221 08:57:36.095122 227869 pod_ready.go:102] pod "coredns-64897985d-fw5hd" in "kube-system" namespace has status "Ready":"False"
I0221 08:57:34.337160 208829 pod_ready.go:92] pod "coredns-64897985d-6wgl9" in "kube-system" namespace has status "Ready":"True"
I0221 08:57:34.337188 208829 pod_ready.go:81] duration metric: took 2.019460111s waiting for pod "coredns-64897985d-6wgl9" in "kube-system" namespace to be "Ready" ...
I0221 08:57:34.337200 208829 pod_ready.go:78] waiting up to 5m0s for pod "coredns-64897985d-rg6k7" in "kube-system" namespace to be "Ready" ...
I0221 08:57:36.348968 208829 pod_ready.go:102] pod "coredns-64897985d-rg6k7" in "kube-system" namespace has status "Ready":"False"
I0221 08:57:38.848999 208829 pod_ready.go:102] pod "coredns-64897985d-rg6k7" in "kube-system" namespace has status "Ready":"False"
I0221 08:57:39.105966 223679 pod_ready.go:102] pod "calico-node-zcdj6" in "kube-system" namespace has status "Ready":"False"
I0221 08:57:41.606692 223679 pod_ready.go:102] pod "calico-node-zcdj6" in "kube-system" namespace has status "Ready":"False"
I0221 08:57:38.593566 227869 pod_ready.go:102] pod "coredns-64897985d-fw5hd" in "kube-system" namespace has status "Ready":"False"
I0221 08:57:40.593916 227869 pod_ready.go:102] pod "coredns-64897985d-fw5hd" in "kube-system" namespace has status "Ready":"False"
I0221 08:57:41.350153 208829 pod_ready.go:102] pod "coredns-64897985d-rg6k7" in "kube-system" namespace has status "Ready":"False"
I0221 08:57:43.848525 208829 pod_ready.go:102] pod "coredns-64897985d-rg6k7" in "kube-system" namespace has status "Ready":"False"
I0221 08:57:44.106976 223679 pod_ready.go:102] pod "calico-node-zcdj6" in "kube-system" namespace has status "Ready":"False"
I0221 08:57:46.583983 223679 pod_ready.go:102] pod "calico-node-zcdj6" in "kube-system" namespace has status "Ready":"False"
I0221 08:57:42.594575 227869 pod_ready.go:102] pod "coredns-64897985d-fw5hd" in "kube-system" namespace has status "Ready":"False"
I0221 08:57:44.594678 227869 pod_ready.go:102] pod "coredns-64897985d-fw5hd" in "kube-system" namespace has status "Ready":"False"
I0221 08:57:46.594775 227869 pod_ready.go:102] pod "coredns-64897985d-fw5hd" in "kube-system" namespace has status "Ready":"False"
I0221 08:57:45.850432 208829 pod_ready.go:102] pod "coredns-64897985d-rg6k7" in "kube-system" namespace has status "Ready":"False"
I0221 08:57:48.348860 208829 pod_ready.go:102] pod "coredns-64897985d-rg6k7" in "kube-system" namespace has status "Ready":"False"
I0221 08:57:49.084072 223679 pod_ready.go:102] pod "calico-node-zcdj6" in "kube-system" namespace has status "Ready":"False"
I0221 08:57:51.112230 223679 pod_ready.go:102] pod "calico-node-zcdj6" in "kube-system" namespace has status "Ready":"False"
I0221 08:57:49.093600 227869 pod_ready.go:102] pod "coredns-64897985d-fw5hd" in "kube-system" namespace has status "Ready":"False"
I0221 08:57:51.093716 227869 pod_ready.go:102] pod "coredns-64897985d-fw5hd" in "kube-system" namespace has status "Ready":"False"
I0221 08:57:50.349391 208829 pod_ready.go:102] pod "coredns-64897985d-rg6k7" in "kube-system" namespace has status "Ready":"False"
I0221 08:57:52.350161 208829 pod_ready.go:102] pod "coredns-64897985d-rg6k7" in "kube-system" namespace has status "Ready":"False"
I0221 08:57:53.606853 223679 pod_ready.go:102] pod "calico-node-zcdj6" in "kube-system" namespace has status "Ready":"False"
I0221 08:57:55.607543 223679 pod_ready.go:102] pod "calico-node-zcdj6" in "kube-system" namespace has status "Ready":"False"
I0221 08:57:53.594138 227869 pod_ready.go:102] pod "coredns-64897985d-fw5hd" in "kube-system" namespace has status "Ready":"False"
I0221 08:57:55.594195 227869 pod_ready.go:102] pod "coredns-64897985d-fw5hd" in "kube-system" namespace has status "Ready":"False"
I0221 08:57:54.850341 208829 pod_ready.go:102] pod "coredns-64897985d-rg6k7" in "kube-system" namespace has status "Ready":"False"
I0221 08:57:57.349412 208829 pod_ready.go:102] pod "coredns-64897985d-rg6k7" in "kube-system" namespace has status "Ready":"False"
I0221 08:57:58.108377 223679 pod_ready.go:102] pod "calico-node-zcdj6" in "kube-system" namespace has status "Ready":"False"
I0221 08:58:00.608452 223679 pod_ready.go:102] pod "calico-node-zcdj6" in "kube-system" namespace has status "Ready":"False"
I0221 08:57:58.094464 227869 pod_ready.go:102] pod "coredns-64897985d-fw5hd" in "kube-system" namespace has status "Ready":"False"
I0221 08:58:00.594174 227869 pod_ready.go:102] pod "coredns-64897985d-fw5hd" in "kube-system" namespace has status "Ready":"False"
I0221 08:57:59.349483 208829 pod_ready.go:102] pod "coredns-64897985d-rg6k7" in "kube-system" namespace has status "Ready":"False"
I0221 08:58:01.851137 208829 pod_ready.go:102] pod "coredns-64897985d-rg6k7" in "kube-system" namespace has status "Ready":"False"
I0221 08:58:03.082697 223679 pod_ready.go:102] pod "calico-node-zcdj6" in "kube-system" namespace has status "Ready":"False"
I0221 08:58:05.107411 223679 pod_ready.go:102] pod "calico-node-zcdj6" in "kube-system" namespace has status "Ready":"False"
I0221 08:58:03.094260 227869 pod_ready.go:102] pod "coredns-64897985d-fw5hd" in "kube-system" namespace has status "Ready":"False"
I0221 08:58:05.097983 227869 pod_ready.go:102] pod "coredns-64897985d-fw5hd" in "kube-system" namespace has status "Ready":"False"
I0221 08:58:04.348276 208829 pod_ready.go:102] pod "coredns-64897985d-rg6k7" in "kube-system" namespace has status "Ready":"False"
I0221 08:58:06.349068 208829 pod_ready.go:102] pod "coredns-64897985d-rg6k7" in "kube-system" namespace has status "Ready":"False"
I0221 08:58:08.349553 208829 pod_ready.go:102] pod "coredns-64897985d-rg6k7" in "kube-system" namespace has status "Ready":"False"
I0221 08:58:07.583427 223679 pod_ready.go:102] pod "calico-node-zcdj6" in "kube-system" namespace has status "Ready":"False"
I0221 08:58:10.086403 223679 pod_ready.go:102] pod "calico-node-zcdj6" in "kube-system" namespace has status "Ready":"False"
I0221 08:58:07.594946 227869 pod_ready.go:102] pod "coredns-64897985d-fw5hd" in "kube-system" namespace has status "Ready":"False"
I0221 08:58:10.095115 227869 pod_ready.go:102] pod "coredns-64897985d-fw5hd" in "kube-system" namespace has status "Ready":"False"
I0221 08:58:10.848406 208829 pod_ready.go:102] pod "coredns-64897985d-rg6k7" in "kube-system" namespace has status "Ready":"False"
I0221 08:58:13.348644 208829 pod_ready.go:102] pod "coredns-64897985d-rg6k7" in "kube-system" namespace has status "Ready":"False"
I0221 08:58:12.582090 223679 pod_ready.go:102] pod "calico-node-zcdj6" in "kube-system" namespace has status "Ready":"False"
